360
CXUS54 KLZK 221430
CF6SRC
PRELIMINARY LOCAL CLIMATOLOGICAL DATA (WS FORM: F-6)

                                          STATION:   Searcy Airport
                                          MONTH:     NOVEMBER
                                          YEAR:      2014
                                          LATITUDE:   35 12 N
                                          LONGITUDE:  91 44 W

  TEMPERATURE IN F:       :PCPN:    SNOW:  WIND      :SUNSHINE: SKY     :PK WND
================================================================================
1   2   3   4   5  6A  6B    7    8   9   10  11  12  13   14  15   16   17  18
                                     12Z  AVG MX 2MIN
DY MAX MIN AVG DEP HDD CDD  WTR  SNW DPTH SPD SPD DIR MIN PSBL S-S WX    SPD DR
================================================================================

 1  54  30  42 -14  23   0 0.00  0.0    0  4.9 10 360   M    M   0         M  M
 2  59  28  44 -12  21   0 0.00  0.0    0  3.5 10 150   M    M   2         M  M
 3  69  35  52  -3  13   0 0.00  0.0    0  4.5 16 170   M    M   0         M  M
 4  65  48  57   2   8   0 0.90  0.0    0  4.1 12 190   M    M   7 1       M  M
 5  57  50  54   0  11   0 0.53  0.0    0  4.2 10  20   M    M  10 1       M  M
 6  68  43  56   2   9   0 0.01    M    0  6.3 14 320   M    M   0 12     22 320
 7  58  32  45  -9  20   0 0.00  0.0    0  3.8  8 200   M    M   0         M  M
 8  67  37  52  -1  13   0 0.00  0.0    0  4.3 12 350   M    M   0         M  M
 9  64  32  48  -5  17   0 0.00  0.0    0  3.1 10 180   M    M   0 1       M  M
10  73  36  55   2  10   0 0.00  0.0    0  8.0 20 200   M    M   0 12     30 190
11  62  35  49  -3  16   0    T    M    0  9.9 15 350   M    M   7        20 320
12  44  29  37 -15  28   0 0.00  0.0    0  9.3 18  20   M    M   4        24  10
13  39  27  33 -18  32   0    T    M    0  8.4 15 340   M    M   4        20 340
14  39  21  30 -21  35   0 0.00  0.0    0  4.6 12  20   M    M   0         M  M
15  44  22  33 -18  32   0    T  0.0    0  4.5  9 140   M    M   3 1       M  M
16   M   M   M   M   M   M    T    M    0  6.8 10 360   M    M  10 1       M  M
17  38  25  32 -18  33   0    T    M    0  7.3 12 260   M    M   3 1      21 310
18  43  15  29 -20  36   0 0.00  0.0    0  4.2 10 210   M    M   0         M  M
19  59  27  43  -6  22   0 0.00  0.0    0  6.6 16 200   M    M   0        24 210
20  54  27  41  -7  24   0 0.00  0.0    0  5.7  9  50   M    M   2         M  M
21  46  40  43  -5  22   0 0.37  0.0    0  7.0 13  50   M    M  10 1       M  M
================================================================================
SM 1102  639       425   0  1.81     0.0 121.0          M       62
================================================================================
AV 55.1 32.0                               5.8 FASTST   M    M   3    MAX(MPH)
                                 MISC ---->    20   M                 30    M
================================================================================
NOTES:
# LAST OF SEVERAL OCCURRENCES

COLUMN 17 PEAK WIND IN M.P.H.

PRELIMINARY LOCAL CLIMATOLOGICAL DATA (WS FORM: F-6) , PAGE 2

                                          STATION:  Searcy Airport
                                          MONTH:    NOVEMBER
                                          YEAR:     2014
                                          LATITUDE:   35 12 N
                                          LONGITUDE:  91 44 W

[TEMPERATURE DATA]      [PRECIPITATION DATA]       SYMBOLS USED IN COLUMN 16

AVERAGE MONTHLY: 43.5   TOTAL FOR MONTH:   1.81    1 = FOG OR MIST
DPTR FM NORMAL:  -8.6   DPTR FM NORMAL:   -1.65    2 = FOG REDUCING VISIBILITY
HIGHEST:    73 ON 10    GRTST 24HR  0.90 ON  4- 4      TO 1/4 MILE OR LESS
LOWEST:     15 ON 18                               3 = THUNDER
                        SNOW, ICE PELLETS, HAIL    4 = ICE PELLETS
                        TOTAL MONTH:   0.0 INCH    5 = HAIL
                        GRTST 24HR     0.0         6 = FREEZING RAIN OR DRIZZLE
                        GRTST DEPTH:   0           7 = DUSTSTORM OR SANDSTORM:
                                                       VSBY 1/2 MILE OR LESS
                                                   8 = SMOKE OR HAZE
[NO. OF DAYS WITH]      [WEATHER - DAYS WITH]      9 = BLOWING SNOW
                                                   X = TORNADO
MAX 32 OR BELOW:   0    0.01 INCH OR MORE:   4
MAX 90 OR ABOVE:   0    0.10 INCH OR MORE:   3
MIN 32 OR BELOW:  12    0.50 INCH OR MORE:   2
MIN  0 OR BELOW:   0    1.00 INCH OR MORE:   0

[HDD (BASE 65) ]
TOTAL THIS MO.   425    CLEAR  (SCALE 0-3)  12
DPTR FM NORMAL   148    PTCLDY (SCALE 4-7)   6
TOTAL FM JUL 1   545    CLOUDY (SCALE 8-10)  3
DPTR FM NORMAL    73

[CDD (BASE 65) ]
TOTAL THIS MO.     0
DPTR FM NORMAL     0    [PRESSURE DATA]
TOTAL FM JAN 1  1770    HIGHEST SLP M ON M
DPTR FM NORMAL  -132    LOWEST  SLP M ON M

[REMARKS]




U.S. Dept. of Commerce
NOAA National Weather Service
1325 East West Highway
Silver Spring, MD 20910
E-mail: w-nws.webmaster@noaa.gov
Page last modified: May 16, 2007
NATIONAL WEATHER SERVICE: for Safety, for Work, for Fun - FOR LIFE