357
CXUS54 KOUN 180800
CF6SPS
PRELIMINARY LOCAL CLIMATOLOGICAL DATA (WS FORM: F-6)

                                          STATION:   WICHITA FALLS
                                          MONTH:     SEPTEMBER
                                          YEAR:      2014
                                          LATITUDE:   33 58 N
                                          LONGITUDE:  98 29 W

  TEMPERATURE IN F:       :PCPN:    SNOW:  WIND      :SUNSHINE: SKY     :PK WND
================================================================================
1   2   3   4   5  6A  6B    7    8   9   10  11  12  13   14  15   16   17  18
                                     12Z  AVG MX 2MIN
DY MAX MIN AVG DEP HDD CDD  WTR  SNW DPTH SPD SPD DIR MIN PSBL S-S WX    SPD DR
================================================================================

 1 101  78  90   9   0  25 0.00  0.0    0 18.3 28 170   M    M   0        32 160
 2  99  78  89   8   0  24 0.00  0.0    0 14.6 25 140   M    M   2        30 140
 3  98  76  87   7   0  22 0.00  0.0    0 15.1 26 190   M    M   1        32 190
 4  98  75  87   7   0  22 0.00  0.0    0 14.0 24 170   M    M   1        30 220
 5  97  73  85   5   0  20    T  0.0    0 10.2 30  10   M    M   2        37  10
 6  76  67  72  -7   0   7 0.02  0.0    0 14.5 24  30   M    M   9 1      29  40
 7  88  66  77  -2   0  12    T  0.0    0  6.0 12  20   M    M   8        14  20
 8  96  68  82   3   0  17 0.00  0.0    0  8.2 15 170   M    M   4 1      20 180
 9 102  75  89  11   0  24 0.00  0.0    0 15.6 28 200   M    M   1        37 180
10 101  75  88  10   0  23 0.00  0.0    0 18.3 32 360   M    M   3 18     39 360
11  79  67  73  -5   0   8 0.34  0.0    0 12.8 18  20   M    M   8 1      21  20
12  69  55  62 -15   3   0 0.95  0.0    0 19.0 31  20   M    M  10 18     37  30
13  67  52  60 -17   5   0 0.00  0.0    0  8.2 21  20   M    M   6        26  20
14  81  58  70  -6   0   5 0.01  0.0    0  6.8 14 160   M    M   2        17 150
15  86  68  77   1   0  12 0.05  0.0    0  6.2 13 180   M    M   6 1      16 180
16  89  72  81   5   0  16 0.00  0.0    0  5.3 12 140   M    M   7 18     14 130
17  94  71  83   8   0  18 0.10  0.0    0  7.1 31 190   M    M   3 3      37 190
================================================================================
SM 1521 1174         8 255  1.47     0.0 200.2          M       73
================================================================================
AV 89.5 69.1                              11.8 FASTST   M    M   4    MAX(MPH)
                                 MISC ---->  # 32 360               # 39  360
================================================================================
NOTES:
# LAST OF SEVERAL OCCURRENCES

COLUMN 17 PEAK WIND IN M.P.H.

PRELIMINARY LOCAL CLIMATOLOGICAL DATA (WS FORM: F-6) , PAGE 2

                                          STATION:  WICHITA FALLS
                                          MONTH:    SEPTEMBER
                                          YEAR:     2014
                                          LATITUDE:   33 58 N
                                          LONGITUDE:  98 29 W

[TEMPERATURE DATA]      [PRECIPITATION DATA]       SYMBOLS USED IN COLUMN 16

AVERAGE MONTHLY: 79.3   TOTAL FOR MONTH:   1.47    1 = FOG OR MIST
DPTR FM NORMAL:   1.0   DPTR FM NORMAL:   -0.21    2 = FOG REDUCING VISIBILITY
HIGHEST:   102 ON  9    GRTST 24HR  0.95 ON 12-12      TO 1/4 MILE OR LESS
LOWEST:     52 ON 13                               3 = THUNDER
                        SNOW, ICE PELLETS, HAIL    4 = ICE PELLETS
                        TOTAL MONTH:   0.0 INCH    5 = HAIL
                        GRTST 24HR     0.0         6 = FREEZING RAIN OR DRIZZLE
                        GRTST DEPTH:   0           7 = DUSTSTORM OR SANDSTORM:
                                                       VSBY 1/2 MILE OR LESS
                                                   8 = SMOKE OR HAZE
[NO. OF DAYS WITH]      [WEATHER - DAYS WITH]      9 = BLOWING SNOW
                                                   X = TORNADO
MAX 32 OR BELOW:   0    0.01 INCH OR MORE:   6
MAX 90 OR ABOVE:   9    0.10 INCH OR MORE:   3
MIN 32 OR BELOW:   0    0.50 INCH OR MORE:   1
MIN  0 OR BELOW:   0    1.00 INCH OR MORE:   0

[HDD (BASE 65) ]
TOTAL THIS MO.     8    CLEAR  (SCALE 0-3)   9
DPTR FM NORMAL     8    PTCLDY (SCALE 4-7)   5
TOTAL FM JUL 1     8    CLOUDY (SCALE 8-10)  3
DPTR FM NORMAL     8

[CDD (BASE 65) ]
TOTAL THIS MO.   255
DPTR FM NORMAL    28    [PRESSURE DATA]
TOTAL FM JAN 1  2249    HIGHEST SLP M ON M
DPTR FM NORMAL    77    LOWEST  SLP 29.72 ON  1

[REMARKS]




U.S. Dept. of Commerce
NOAA National Weather Service
1325 East West Highway
Silver Spring, MD 20910
E-mail: w-nws.webmaster@noaa.gov
Page last modified: May 16, 2007
NATIONAL WEATHER SERVICE: for Safety, for Work, for Fun - FOR LIFE