656
CXUS54 KOUN 300800
CF6SPS
PRELIMINARY LOCAL CLIMATOLOGICAL DATA (WS FORM: F-6)

                                          STATION:   WICHITA FALLS
                                          MONTH:     JULY
                                          YEAR:      2014
                                          LATITUDE:   33 58 N
                                          LONGITUDE:  98 29 W

  TEMPERATURE IN F:       :PCPN:    SNOW:  WIND      :SUNSHINE: SKY     :PK WND
================================================================================
1   2   3   4   5  6A  6B    7    8   9   10  11  12  13   14  15   16   17  18
                                     12Z  AVG MX 2MIN
DY MAX MIN AVG DEP HDD CDD  WTR  SNW DPTH SPD SPD DIR MIN PSBL S-S WX    SPD DR
================================================================================

 1  95  70  83   0   0  18 1.94  0.0    0  8.5 35 330   M    M   5 13     43 350
 2  85  71  78  -5   0  13 0.06  0.0    0  8.4 16  90   M    M   5 138    21  90
 3  82  68  75  -8   0  10 0.13  0.0    0  7.5 15 150   M    M   6 13     22 150
 4  91  68  80  -3   0  15 0.00  0.0    0  8.7 18 140   M    M   2        23 140
 5  93  72  83   0   0  18 0.00  0.0    0 13.0 18 150   M    M   0 1      29 210
 6  93  73  83  -1   0  18 0.00  0.0    0   M   M   M   M    M   0         M  M
 7  98  72  85   1   0  20 0.00  0.0    0   M   M   M   M    M   0         M  M
 8  96  76  86   2   0  21 0.00  0.0    0   M   M   M   M    M   4         M  M
 9  94  72  83  -1   0  18 0.00  0.0    0 11.1 23 110   M    M   2        36 110
10  98  76  87   3   0  22 0.00  0.0    0 13.0 22 200   M    M   2        28 160
11  96  71  84   0   0  19 0.00  0.0    0 14.8 24 180   M    M   1        32 150
12  99  73  86   2   0  21 0.00  0.0    0 14.0 23 170   M    M   0        30 180
13 101  72  87   3   0  22 0.00  0.0    0 10.5 17 210   M    M   0 8      25 190
14  93  74  84   0   0  19    T  0.0    0  6.6 16  10   M    M   5 3      20 360
15  89  73  81  -3   0  16 0.00  0.0    0 11.4 22  60   M    M   6        26  70
16  84  65  75 -10   0  10 0.15  0.0    0 12.0 21  90   M    M   8 3      26  90
17  72  63  68 -17   0   3 2.13  0.0    0 12.1 28  80   M    M   9 13     31  80
18  72  63  68 -17   0   3 0.00  0.0    0  5.8 12 110   M    M  10 1      15  80
19  84  61  73 -12   0   8 0.00  0.0    0  6.9 15 130   M    M   2 1      18 140
20  93  66  80  -5   0  15 0.00  0.0    0 10.4 16 180   M    M   0        21 170
21  96  73  85   0   0  20 0.00  0.0    0 10.4 16 130   M    M   1 18     26 130
22  96  74  85   0   0  20 0.00  0.0    0  6.1 14 130   M    M   1 18     20 120
23  96  71  84  -1   0  19 0.09  0.0    0  5.0 29  80   M    M   2 1358   35  70
24  94  74  84  -1   0  19 0.00  0.0    0  6.0 14 110   M    M   1 1      17 140
25  99  71  85   0   0  20 0.00  0.0    0 11.7 21 200   M    M   0        22 220
26 100  74  87   2   0  22 0.00  0.0    0 11.2 20 220   M    M   0        24 120
27 103  77  90   5   0  25 0.00  0.0    0 10.0 18 230   M    M   2        23 230
28  86  69  78  -7   0  13 0.59  0.0    0  8.4 23  80   M    M   6 13     28  70
29  80  72  76  -9   0  11 0.02  0.0    0  4.6 14 170   M    M   7        17 170
================================================================================
SM 2658 2054         0 478  5.11     0.0 248.1          M       87
================================================================================
AV 91.7 70.8                               9.5 FASTST   M    M   3    MAX(MPH)
                                 MISC ---->  # 35 330               # 43  350
================================================================================
NOTES:
# LAST OF SEVERAL OCCURRENCES

COLUMN 17 PEAK WIND IN M.P.H.

PRELIMINARY LOCAL CLIMATOLOGICAL DATA (WS FORM: F-6) , PAGE 2

                                          STATION:  WICHITA FALLS
                                          MONTH:    JULY
                                          YEAR:     2014
                                          LATITUDE:   33 58 N
                                          LONGITUDE:  98 29 W

[TEMPERATURE DATA]      [PRECIPITATION DATA]       SYMBOLS USED IN COLUMN 16

AVERAGE MONTHLY: 81.2   TOTAL FOR MONTH:   5.11    1 = FOG OR MIST
DPTR FM NORMAL:  -3.1   DPTR FM NORMAL:    3.63    2 = FOG REDUCING VISIBILITY
HIGHEST:   103 ON 27    GRTST 24HR  2.28 ON 16-17      TO 1/4 MILE OR LESS
LOWEST:     61 ON 19                               3 = THUNDER
                        SNOW, ICE PELLETS, HAIL    4 = ICE PELLETS
                        TOTAL MONTH:   0.0 INCH    5 = HAIL
                        GRTST 24HR     0.0         6 = FREEZING RAIN OR DRIZZLE
                        GRTST DEPTH:   0           7 = DUSTSTORM OR SANDSTORM:
                                                       VSBY 1/2 MILE OR LESS
                                                   8 = SMOKE OR HAZE
[NO. OF DAYS WITH]      [WEATHER - DAYS WITH]      9 = BLOWING SNOW
                                                   X = TORNADO
MAX 32 OR BELOW:   0    0.01 INCH OR MORE:   8
MAX 90 OR ABOVE:  20    0.10 INCH OR MORE:   5
MIN 32 OR BELOW:   0    0.50 INCH OR MORE:   3
MIN  0 OR BELOW:   0    1.00 INCH OR MORE:   2

[HDD (BASE 65) ]
TOTAL THIS MO.     0    CLEAR  (SCALE 0-3)  18
DPTR FM NORMAL     0    PTCLDY (SCALE 4-7)   9
TOTAL FM JUL 1     0    CLOUDY (SCALE 8-10)  2
DPTR FM NORMAL     0

[CDD (BASE 65) ]
TOTAL THIS MO.   478
DPTR FM NORMAL   -82    [PRESSURE DATA]
TOTAL FM JAN 1  1368    HIGHEST SLP M ON M
DPTR FM NORMAL    53    LOWEST  SLP 29.78 ON  1

[REMARKS]




U.S. Dept. of Commerce
NOAA National Weather Service
1325 East West Highway
Silver Spring, MD 20910
E-mail: w-nws.webmaster@noaa.gov
Page last modified: May 16, 2007
NATIONAL WEATHER SERVICE: for Safety, for Work, for Fun - FOR LIFE