592
CXUS54 KOUN 011207
CF6SPS
PRELIMINARY LOCAL CLIMATOLOGICAL DATA (WS FORM: F-6)

                                          STATION:   WICHITA FALLS
                                          MONTH:     NOVEMBER
                                          YEAR:      2014
                                          LATITUDE:   33 58 N
                                          LONGITUDE:  98 29 W

  TEMPERATURE IN F:       :PCPN:    SNOW:  WIND      :SUNSHINE: SKY     :PK WND
================================================================================
1   2   3   4   5  6A  6B    7    8   9   10  11  12  13   14  15   16   17  18
                                     12Z  AVG MX 2MIN
DY MAX MIN AVG DEP HDD CDD  WTR  SNW DPTH SPD SPD DIR MIN PSBL S-S WX    SPD DR
================================================================================

 1  64  32  48 -11  17   0 0.00  0.0    0 10.7 20 140   M    M   0        27 150
 2  72  47  60   2   5   0 0.00  0.0    0 16.8 30 170   M    M   2        36 190
 3  72  56  64   6   1   0    T  0.0    0 16.4 25 170   M    M   8        31 180
 4  69  48  59   1   6   0 1.39  0.0    0 12.4 32  20   M    M   9 1      38  20
 5  60  48  54  -3  11   0 0.00  0.0    0  4.7 12 350   M    M   5 8      13  10
 6  70  43  57   0   8   0 0.00  0.0    0  7.9 17  50   M    M   1 8      21  40
 7  72  40  56   0   9   0 0.00  0.0    0 10.9 26 200   M    M   0        35 200
 8  68  45  57   1   8   0 0.00  0.0    0 12.2 28  10   M    M   0        34  10
 9  78  39  59   3   6   0 0.00  0.0    0 13.9 30 210   M    M   0        37 210
10  83  43  63   8   2   0 0.00  0.0    0 20.8 40 350   M    M   1        47 350
11  44  31  38 -17  27   0 0.00  0.0    0 20.3 37 360   M    M   1        44 360
12  35  25  30 -24  35   0 0.00  0.0    0 19.7 26 360   M    M   6        33  10
13  37  24  31 -23  34   0 0.00  0.0    0 12.1 24 360   M    M   7        30  10
14  40  23  32 -21  33   0 0.00  0.0    0  6.6 14 120   M    M   6 8      17 140
15  57  28  43 -10  22   0 0.02  0.0    0 15.7 28 170   M    M   1 1      33 160
16  41  24  33 -19  32   0 0.03  0.3    0 17.3 31  20   M    M  10 16     38  10
17  41  20  31 -21  34   0 0.00  0.0    T  9.4 18 330   M    M   0        22 340
18  55  22  39 -13  26   0 0.00  0.0    0 11.9 24 230   M    M   0        32 230
19  61  34  48  -3  17   0 0.00  0.0    0 10.4 17 220   M    M   1        23 210
20  69  32  51   0  14   0 0.00  0.0    0  6.5 15 170   M    M   2        18 160
21  68  51  60  10   5   0 0.00  0.0    0  8.1 15 180   M    M   6 1      20 180
22  63  46  55   5  10   0 2.80  0.0    0 12.3 31  90   M    M   9 12     39  90
23  70  45  58   9   7   0 0.00  0.0    0 17.0 37 320   M    M   6 12     46 330
24  60  37  49   0  16   0 0.00  0.0    0  9.6 17 300   M    M   1        22 300
25  56  35  46  -2  19   0 0.00  0.0    0  9.5 17 190   M    M   0        23 200
26  60  38  49   1  16   0 0.00  0.0    0 10.9 21 350   M    M   1        27 340
27  55  30  43  -5  22   0 0.00  0.0    0  6.9 15 170   M    M   0        18 180
28  72  38  55   8  10   0 0.00  0.0    0 16.7 25 190   M    M   0        31 190
29  78  43  61  14   4   0 0.00  0.0    0 18.8 31 200   M    M   0        38 190
30  78  32  55   9  10   0 0.00  0.0    0 18.4 30  20   M    M   0        36  10
================================================================================
SM 1848 1099       466   0  4.24     0.3 384.8          M       83
================================================================================
AV 61.6 36.6                              12.8 FASTST   M    M   3    MAX(MPH)
                                 MISC ---->  # 40 350               # 47  350
================================================================================
NOTES:
# LAST OF SEVERAL OCCURRENCES

COLUMN 17 PEAK WIND IN M.P.H.

PRELIMINARY LOCAL CLIMATOLOGICAL DATA (WS FORM: F-6) , PAGE 2

                                          STATION:  WICHITA FALLS
                                          MONTH:    NOVEMBER
                                          YEAR:     2014
                                          LATITUDE:   33 58 N
                                          LONGITUDE:  98 29 W

[TEMPERATURE DATA]      [PRECIPITATION DATA]       SYMBOLS USED IN COLUMN 16

AVERAGE MONTHLY: 49.1   TOTAL FOR MONTH:   4.24    1 = FOG OR MIST
DPTR FM NORMAL:  -3.6   DPTR FM NORMAL:    2.59    2 = FOG REDUCING VISIBILITY
HIGHEST:    83 ON 10    GRTST 24HR  2.80 ON 22-22      TO 1/4 MILE OR LESS
LOWEST:     20 ON 17                               3 = THUNDER
                        SNOW, ICE PELLETS, HAIL    4 = ICE PELLETS
                        TOTAL MONTH:   0.3 INCH    5 = HAIL
                        GRTST 24HR   0.3 ON   M    6 = FREEZING RAIN OR DRIZZLE
                        GRTST DEPTH:   T           7 = DUSTSTORM OR SANDSTORM:
                                                       VSBY 1/2 MILE OR LESS
                                                   8 = SMOKE OR HAZE
[NO. OF DAYS WITH]      [WEATHER - DAYS WITH]      9 = BLOWING SNOW
                                                   X = TORNADO
MAX 32 OR BELOW:   0    0.01 INCH OR MORE:   4
MAX 90 OR ABOVE:   0    0.10 INCH OR MORE:   2
MIN 32 OR BELOW:  12    0.50 INCH OR MORE:   2
MIN  0 OR BELOW:   0    1.00 INCH OR MORE:   2

[HDD (BASE 65) ]
TOTAL THIS MO.   466    CLEAR  (SCALE 0-3)  20
DPTR FM NORMAL    85    PTCLDY (SCALE 4-7)   7
TOTAL FM JUL 1   512    CLOUDY (SCALE 8-10)  3
DPTR FM NORMAL     5

[CDD (BASE 65) ]
TOTAL THIS MO.     0
DPTR FM NORMAL   -12    [PRESSURE DATA]
TOTAL FM JAN 1  2558    HIGHEST SLP 30.68 ON 13
DPTR FM NORMAL   170    LOWEST  SLP 29.35 ON 23

[REMARKS]
#FINAL-11-14#




U.S. Dept. of Commerce
NOAA National Weather Service
1325 East West Highway
Silver Spring, MD 20910
E-mail: w-nws.webmaster@noaa.gov
Page last modified: May 16, 2007
NATIONAL WEATHER SERVICE: for Safety, for Work, for Fun - FOR LIFE