745
CXUS53 KILX 262300
CF6SPI
PRELIMINARY LOCAL CLIMATOLOGICAL DATA (WS FORM: F-6)

                                          STATION:   SPRINGFIELD IL
                                          MONTH:     NOVEMBER
                                          YEAR:      2014
                                          LATITUDE:   39 50 N
                                          LONGITUDE:  89 41 W

  TEMPERATURE IN F:       :PCPN:    SNOW:  WIND      :SUNSHINE: SKY     :PK WND
================================================================================
1   2   3   4   5  6A  6B    7    8   9   10  11  12  13   14  15   16   17  18
                                     12Z  AVG MX 2MIN
DY MAX MIN AVG DEP HDD CDD  WTR  SNW DPTH SPD SPD DIR MIN PSBL S-S WX    SPD DR
================================================================================

 1  50  28  39 -11  26   0 0.00  0.0    0  6.4 15  50   M    M   0        22  10
 2  51  28  40  -9  25   0 0.00  0.0    0 13.8 25 170   M    M   5        31 180
 3  69  45  57   8   8   0 0.00  0.0    0 17.2 26 190   M    M   3        35 190
 4  60  41  51   3  14   0 0.35  0.0    0  9.3 22 280   M    M   7 1      28 290
 5  63  38  51   3  14   0    T  0.0    0  9.3 18 180   M    M   1        23 180
 6  50  30  40  -8  25   0    T  0.0    0 14.6 30 310   M    M   7        39 310
 7  51  26  39  -8  26   0 0.00  0.0    0  7.6 17 180   M    M   0        23 180
 8  51  30  41  -6  24   0 0.00  0.0    0 11.8 29 320   M    M   4        36 320
 9  60  27  44  -2  21   0 0.00  0.0    0 11.1 22 200   M    M   0        26 190
10  67  45  56  10   9   0 0.00  0.0    0 18.7 31 170   M    M   0        40 170
11  58  32  45  -1  20   0 0.10  0.0    0 15.8 23 310   M    M  10 1      32 300
12  32  24  28 -17  37   0 0.00  0.0    0 12.7 20 310   M    M   7        25 320
13  31  19  25 -19  40   0    T    T    0 10.4 18 310   M    M   7        23 320
14  33  16  25 -19  40   0    T    T    0  6.3 16 300   M    M   1        22 260
15  36  16  26 -18  39   0    T  0.1    0  4.5 14 190   M    M   4 18     18 190
16  34  21  28 -15  37   0 0.03  0.3    0  6.9 17 310   M    M   8 18     21 310
17  25  15  20 -22  45   0 0.02  0.2    0 15.6 31 280   M    M   3        38 280
18  25  11  18 -24  47   0    T    T    T 13.4 26 270   M    M   2        35 270
19  38  20  29 -13  36   0 0.00  0.0    0 15.5 26 280   M    M   7        33 290
20  35  15  25 -16  40   0 0.00  0.0    0  9.4 21 260   M    M   2        29 260
21  39  12  26 -14  39   0 0.05  0.0    0 11.4 21 160   M    M   3        26 160
22  59  38  49   9  16   0    T  0.0    0 15.6 26 200   M    M   9        33 200
23  55  51  53  14  12   0 0.68  0.0    0 12.3 22 160   M    M   8 1      28 190
24  52  30  41   2  24   0 0.38    T    0 18.2 32 270   M    M  10 1      39 270
25  36  23  30  -8  35   0 0.00  0.0    0  8.6 22 310   M    M   6        28 300
================================================================================
SM 1160  681       699   0  1.61     0.6 296.4          M      114
================================================================================
AV 46.4 27.2                              11.9 FASTST   M    M   5    MAX(MPH)
                                 MISC ---->  # 32 270               # 40  170
================================================================================
NOTES:
# LAST OF SEVERAL OCCURRENCES

COLUMN 17 PEAK WIND IN M.P.H.

PRELIMINARY LOCAL CLIMATOLOGICAL DATA (WS FORM: F-6) , PAGE 2

                                          STATION:  SPRINGFIELD IL
                                          MONTH:    NOVEMBER
                                          YEAR:     2014
                                          LATITUDE:   39 50 N
                                          LONGITUDE:  89 41 W

[TEMPERATURE DATA]      [PRECIPITATION DATA]       SYMBOLS USED IN COLUMN 16

AVERAGE MONTHLY: 36.8   TOTAL FOR MONTH:   1.61    1 = FOG OR MIST
DPTR FM NORMAL:  -7.5   DPTR FM NORMAL:   -1.06    2 = FOG REDUCING VISIBILITY
HIGHEST:    69 ON  3    GRTST 24HR  1.06 ON 23-24      TO 1/4 MILE OR LESS
LOWEST:     11 ON 18                               3 = THUNDER
                        SNOW, ICE PELLETS, HAIL    4 = ICE PELLETS
                        TOTAL MONTH:   0.6 INCH    5 = HAIL
                        GRTST 24HR   0.3 ON   M    6 = FREEZING RAIN OR DRIZZLE
                        GRTST DEPTH:   T           7 = DUSTSTORM OR SANDSTORM:
                                                       VSBY 1/2 MILE OR LESS
                                                   8 = SMOKE OR HAZE
[NO. OF DAYS WITH]      [WEATHER - DAYS WITH]      9 = BLOWING SNOW
                                                   X = TORNADO
MAX 32 OR BELOW:   4    0.01 INCH OR MORE:   7
MAX 90 OR ABOVE:   0    0.10 INCH OR MORE:   4
MIN 32 OR BELOW:  19    0.50 INCH OR MORE:   1
MIN  0 OR BELOW:   0    1.00 INCH OR MORE:   0

[HDD (BASE 65) ]
TOTAL THIS MO.   699    CLEAR  (SCALE 0-3)  10
DPTR FM NORMAL   180    PTCLDY (SCALE 4-7)  11
TOTAL FM JUL 1  1080    CLOUDY (SCALE 8-10)  4
DPTR FM NORMAL   151

[CDD (BASE 65) ]
TOTAL THIS MO.     0
DPTR FM NORMAL     0    [PRESSURE DATA]
TOTAL FM JAN 1  1162    HIGHEST SLP M ON M
DPTR FM NORMAL    41    LOWEST  SLP 29.14 ON 24

[REMARKS]




U.S. Dept. of Commerce
NOAA National Weather Service
1325 East West Highway
Silver Spring, MD 20910
E-mail: w-nws.webmaster@noaa.gov
Page last modified: May 16, 2007
NATIONAL WEATHER SERVICE: for Safety, for Work, for Fun - FOR LIFE