673
CXUS53 KILX 012300
CF6SPI
PRELIMINARY LOCAL CLIMATOLOGICAL DATA (WS FORM: F-6)

                                          STATION:   SPRINGFIELD IL
                                          MONTH:     AUGUST
                                          YEAR:      2014
                                          LATITUDE:   39 50 N
                                          LONGITUDE:  89 41 W

  TEMPERATURE IN F:       :PCPN:    SNOW:  WIND      :SUNSHINE: SKY     :PK WND
================================================================================
1   2   3   4   5  6A  6B    7    8   9   10  11  12  13   14  15   16   17  18
                                     12Z  AVG MX 2MIN
DY MAX MIN AVG DEP HDD CDD  WTR  SNW DPTH SPD SPD DIR MIN PSBL S-S WX    SPD DR
================================================================================

 1  85  59  72  -3   0   7 0.67  0.0    0  3.4 31 350   M    M   2 138    44 360
 2  84  57  71  -4   0   6 0.00  0.0    0  2.2  6  90   M    M   0 1       M  M
 3  87  60  74  -1   0   9 0.00  0.0    0  1.7  8 150   M    M   1 1      11 320
 4  86  63  75   0   0  10 0.00  0.0    0  5.1 12 180   M    M   2 1      16 200
 5  85  67  76   1   0  11 0.09  0.0    0  5.0 13  60   M    M   4 1      14 360
 6  83  64  74  -1   0   9 0.02  0.0    0  3.7 12  80   M    M   4 128    15 100
 7  72  68  70  -5   0   5 0.59  0.0    0 11.1 18 100   M    M   8 1      26  90
 8  73  68  71  -4   0   6 0.05  0.0    0  9.9 17 100   M    M  10 1      22 110
 9  76  68  72  -3   0   7 0.02  0.0    0  7.2 13  60   M    M  10 1      15  60
10  83  68  76   1   0  11 0.01  0.0    0  4.1 12  50   M    M   7 1      13  50
11  84  67  76   1   0  11 0.09  0.0    0  7.0 20 290   M    M   5 18     29 290
12  78  58  68  -7   0   3 0.00  0.0    0  9.7 21 310   M    M   2        27 330
13  81  53  67  -8   0   2 0.00  0.0    0  4.4 10 320   M    M   0        14 340
14  84  59  72  -3   0   7 0.00  0.0    0  4.4 10 300   M    M   1        14 310
15  76  59  68  -7   0   3    T  0.0    0  6.7 13 110   M    M   2        16 130
16  74  68  71  -3   0   6 0.37  0.0    0  6.8 15 150   M    M   8 1      23 170
17  81  67  74   0   0   9    T  0.0    0  5.8 12  40   M    M   7 18     14  30
18  85  63  74   0   0   9 0.00  0.0    0  1.8  8  60   M    M   5 128    10 290
19  85  69  77   3   0  12 0.02  0.0    0  5.4 15 220   M    M   1 1      20 220
20  84  67  76   2   0  11 2.15  0.0    0  5.9 20 340   M    M   2 123    30 350
21  90  73  82   8   0  17 0.00  0.0    0  8.2 14 190   M    M   1        19 220
22  89  76  83   9   0  18 0.00  0.0    0  4.5 14 120   M    M   3 1      19 190
23  93  76  85  11   0  20 0.02  0.0    0  6.4 16 120   M    M   1 13     24 120
24  95  73  84  10   0  19 0.00  0.0    0  5.3 14 150   M    M   0        17 150
25  96  76  86  12   0  21 0.00  0.0    0  7.1 20 110   M    M   0 18     25 120
26  93  73  83  10   0  18 0.00  0.0    0  6.0 18 170   M    M   2 3      25 170
27  86  69  78   5   0  13 0.02  0.0    0  4.4 16 280   M    M   3 3      22 280
28  88  69  79   6   0  14 2.49  0.0    0  8.4 23  30   M    M   4 138    33  40
29  89  70  80   7   0  15 0.03  0.0    0  7.2 16 170   M    M   4 3      23 240
30  86  73  80   8   0  15    T  0.0    0  8.4 17 200   M    M   2 3      23 200
31  87  72  80   8   0  15 0.00  0.0    0  7.1 13 170   M    M   4 1      17 170
================================================================================
SM 2618 2072         0 339  6.64     0.0 184.3          M      105
================================================================================
AV 84.5 66.8                               5.9 FASTST   M    M   3    MAX(MPH)
                                 MISC ---->  # 31 350               # 44  360
================================================================================
NOTES:
# LAST OF SEVERAL OCCURRENCES

COLUMN 17 PEAK WIND IN M.P.H.

PRELIMINARY LOCAL CLIMATOLOGICAL DATA (WS FORM: F-6) , PAGE 2

                                          STATION:  SPRINGFIELD IL
                                          MONTH:    AUGUST
                                          YEAR:     2014
                                          LATITUDE:   39 50 N
                                          LONGITUDE:  89 41 W

[TEMPERATURE DATA]      [PRECIPITATION DATA]       SYMBOLS USED IN COLUMN 16

AVERAGE MONTHLY: 75.6   TOTAL FOR MONTH:   6.64    1 = FOG OR MIST
DPTR FM NORMAL:   1.4   DPTR FM NORMAL:    3.40    2 = FOG REDUCING VISIBILITY
HIGHEST:    96 ON 25    GRTST 24HR  2.50 ON 28-29      TO 1/4 MILE OR LESS
LOWEST:     53 ON 13                               3 = THUNDER
                        SNOW, ICE PELLETS, HAIL    4 = ICE PELLETS
                        TOTAL MONTH:   0.0 INCH    5 = HAIL
                        GRTST 24HR     0.0         6 = FREEZING RAIN OR DRIZZLE
                        GRTST DEPTH:   0           7 = DUSTSTORM OR SANDSTORM:
                                                       VSBY 1/2 MILE OR LESS
                                                   8 = SMOKE OR HAZE
[NO. OF DAYS WITH]      [WEATHER - DAYS WITH]      9 = BLOWING SNOW
                                                   X = TORNADO
MAX 32 OR BELOW:   0    0.01 INCH OR MORE:  15
MAX 90 OR ABOVE:   5    0.10 INCH OR MORE:   5
MIN 32 OR BELOW:   0    0.50 INCH OR MORE:   4
MIN  0 OR BELOW:   0    1.00 INCH OR MORE:   2

[HDD (BASE 65) ]
TOTAL THIS MO.     0    CLEAR  (SCALE 0-3)  18
DPTR FM NORMAL    -4    PTCLDY (SCALE 4-7)  11
TOTAL FM JUL 1     3    CLOUDY (SCALE 8-10)  2
DPTR FM NORMAL    -2

[CDD (BASE 65) ]
TOTAL THIS MO.   339
DPTR FM NORMAL    48    [PRESSURE DATA]
TOTAL FM JAN 1  1033    HIGHEST SLP 30.18 ON  3
DPTR FM NORMAL    63    LOWEST  SLP 29.76 ON 19

[REMARKS]
#FINAL-08-14#




U.S. Dept. of Commerce
NOAA National Weather Service
1325 East West Highway
Silver Spring, MD 20910
E-mail: w-nws.webmaster@noaa.gov
Page last modified: May 16, 2007
NATIONAL WEATHER SERVICE: for Safety, for Work, for Fun - FOR LIFE