690
CXUS55 KTBW 231000
CF6SPG
PRELIMINARY LOCAL CLIMATOLOGICAL DATA (WS FORM: F-6)

                                          STATION:   Saint Petersburg
                                          MONTH:     AUGUST
                                          YEAR:      2014
                                          LATITUDE:   27 46 N
                                          LONGITUDE:  82 38 W

  TEMPERATURE IN F:       :PCPN:    SNOW:  WIND      :SUNSHINE: SKY     :PK WND
================================================================================
1   2   3   4   5  6A  6B    7    8   9   10  11  12  13   14  15   16   17  18
                                     12Z  AVG MX 2MIN
DY MAX MIN AVG DEP HDD CDD  WTR  SNW DPTH SPD SPD DIR MIN PSBL S-S WX    SPD DR
================================================================================

 1  92  82  87   3   0  22 0.00  0.0    0  5.4 15 350   M    M   1        17 350
 2  94  79  87   3   0  22 0.12  0.0    0  5.7 24  60   M    M   2 3      26  60
 3  90  80  85   1   0  20 0.07  0.0    0  8.1 20 280   M    M   2 13     25 280
 4  88  77  83  -1   0  18 0.52  0.0    0  5.3 23 270   M    M   2 13     27 270
 5  89  81  85   1   0  20 0.04  0.0    0  4.4 15  80   M    M   4 8      17  80
 6  90  83  87   3   0  22    T  0.0    0  4.2 20  80   M    M   2 3      25  80
 7  90  80  85   1   0  20 0.32  0.0    0  5.5 16  20   M    M   3 38     26 330
 8  91  80  86   2   0  21 0.21  0.0    0  6.1 22 220   M    M   1 38     28 220
 9  90  79  85   1   0  20    T  0.0    0  7.5 14 250   M    M   1        19 260
10  89  80  85   1   0  20 0.17  0.0    0  7.3 20 260   M    M   2        25 270
11  88  78  83  -1   0  18 0.38  0.0    0  6.2 31 200   M    M   3 3      40 190
12  90  81  86   2   0  21 0.00  0.0    0  7.5 21 270   M    M   2        27 270
13  89  79  84   0   0  19 0.54  0.0    0  6.9 25 240   M    M   2 13     31 190
14  88  81  85   1   0  20 0.49  0.0    0  6.1 26 260   M    M   1 38     33 260
15  85  76  81  -3   0  16 1.91  0.0    0  7.5 22 210   M    M   5 138    31 210
16  87  79  83  -1   0  18    T  0.0    0  3.0 13 270   M    M   1 3      15 290
17  88  80  84   0   0  19 0.01  0.0    0  5.2 10 290   M    M   1        15 180
18  88  80  84   0   0  19 0.18  0.0    0  4.1 14 260   M    M   1 13     19 250
19  90  81  86   2   0  21 0.00  0.0    0  4.6 15 270   M    M   1        20 260
20  92  82  87   3   0  22 0.00  0.0    0  4.7 12 330   M    M   1        17 300
21  93  80  87   3   0  22    T  0.0    0  5.6 35 170   M    M   1 3      41 170
22  92  82  87   3   0  22 0.03  0.0    0  6.0 23  30   M    M   0 3      30  30
================================================================================
SM 1973 1760         0 442  4.99     0.0 126.9          M       39
================================================================================
AV 89.7 80.0                               5.8 FASTST   M    M   2    MAX(MPH)
                                 MISC ---->  # 35 170               # 41  170
================================================================================
NOTES:
# LAST OF SEVERAL OCCURRENCES

COLUMN 17 PEAK WIND IN M.P.H.

PRELIMINARY LOCAL CLIMATOLOGICAL DATA (WS FORM: F-6) , PAGE 2

                                          STATION:  Saint Petersburg
                                          MONTH:    AUGUST
                                          YEAR:     2014
                                          LATITUDE:   27 46 N
                                          LONGITUDE:  82 38 W

[TEMPERATURE DATA]      [PRECIPITATION DATA]       SYMBOLS USED IN COLUMN 16

AVERAGE MONTHLY: 84.8   TOTAL FOR MONTH:   4.99    1 = FOG OR MIST
DPTR FM NORMAL:   0.8   DPTR FM NORMAL:   -0.83    2 = FOG REDUCING VISIBILITY
HIGHEST:    94 ON  2    GRTST 24HR  2.27 ON 14-15      TO 1/4 MILE OR LESS
LOWEST:     76 ON 15                               3 = THUNDER
                        SNOW, ICE PELLETS, HAIL    4 = ICE PELLETS
                        TOTAL MONTH:   0.0 INCH    5 = HAIL
                        GRTST 24HR     0.0         6 = FREEZING RAIN OR DRIZZLE
                        GRTST DEPTH:   0           7 = DUSTSTORM OR SANDSTORM:
                                                       VSBY 1/2 MILE OR LESS
                                                   8 = SMOKE OR HAZE
[NO. OF DAYS WITH]      [WEATHER - DAYS WITH]      9 = BLOWING SNOW
                                                   X = TORNADO
MAX 32 OR BELOW:   0    0.01 INCH OR MORE:  14
MAX 90 OR ABOVE:  12    0.10 INCH OR MORE:  10
MIN 32 OR BELOW:   0    0.50 INCH OR MORE:   3
MIN  0 OR BELOW:   0    1.00 INCH OR MORE:   1

[HDD (BASE 65) ]
TOTAL THIS MO.     0    CLEAR  (SCALE 0-3)  20
DPTR FM NORMAL     0    PTCLDY (SCALE 4-7)   2
TOTAL FM JUL 1     0    CLOUDY (SCALE 8-10)  0
DPTR FM NORMAL     0

[CDD (BASE 65) ]
TOTAL THIS MO.   442
DPTR FM NORMAL    24    [PRESSURE DATA]
TOTAL FM JAN 1  2560    HIGHEST SLP M ON M
DPTR FM NORMAL   113    LOWEST  SLP 29.84 ON  3

[REMARKS]




U.S. Dept. of Commerce
NOAA National Weather Service
1325 East West Highway
Silver Spring, MD 20910
E-mail: w-nws.webmaster@noaa.gov
Page last modified: May 16, 2007
NATIONAL WEATHER SERVICE: for Safety, for Work, for Fun - FOR LIFE