817
CXUS55 KTBW 301000
CF6SPG
PRELIMINARY LOCAL CLIMATOLOGICAL DATA (WS FORM: F-6)

                                          STATION:   Saint Petersburg
                                          MONTH:     JULY
                                          YEAR:      2014
                                          LATITUDE:   27 46 N
                                          LONGITUDE:  82 38 W

  TEMPERATURE IN F:       :PCPN:    SNOW:  WIND      :SUNSHINE: SKY     :PK WND
================================================================================
1   2   3   4   5  6A  6B    7    8   9   10  11  12  13   14  15   16   17  18
                                     12Z  AVG MX 2MIN
DY MAX MIN AVG DEP HDD CDD  WTR  SNW DPTH SPD SPD DIR MIN PSBL S-S WX    SPD DR
================================================================================

 1  93  80  87   3   0  22    T  0.0    0  7.3 25  70   M    M   1 3      31  60
 2  93  81  87   3   0  22    T  0.0    0  6.7 17 260   M    M   2 3      21 260
 3  89  75  82  -2   0  17 1.91  0.0    0  8.8 23 260   M    M   4 13     28 260
 4  87  78  83  -1   0  18 0.00  0.0    0  7.6 24 250   M    M   1 38     31 270
 5  87  77  82  -2   0  17 0.11  0.0    0  8.4 20  60   M    M   4 13     23  60
 6  86  78  82  -2   0  17    T  0.0    0  9.2 25 140   M    M   1 3      29 140
 7  84  77  81  -3   0  16    T  0.0    0  5.4 15 180   M    M   1        16 180
 8  88  79  84   0   0  19 0.00  0.0    0  8.0 24 160   M    M   2 3      27 160
 9  86  75  81  -3   0  16    T  0.0    0  5.2 21 350   M    M   1 3      27 360
10  88  78  83  -1   0  18 0.26  0.0    0  6.6 23 160   M    M   1 13     26 160
11  89  77  83  -1   0  18 0.04  0.0    0  6.0 21 160   M    M   2 38     24 170
12  90  78  84   0   0  19 0.01  0.0    0  8.3 26  80   M    M   0 3      30  80
13  91  79  85   1   0  20 0.02  0.0    0  7.6 25 150   M    M   1 3      31 140
14  89  79  84   0   0  19 0.00  0.0    0  8.1 15 270   M    M   1 3      22 270
15  87  77  82  -2   0  17 0.90  0.0    0  9.6 20 140   M    M   4 13     23 280
16  86  77  82  -2   0  17 0.66  0.0    0  7.4 24 290   M    M   2 13     32 290
17  88  77  83  -1   0  18 1.28  0.0    0  6.7 21 240   M    M   4 138    27 240
18  90  80  85   1   0  20 0.00  0.0    0  5.6 13  60   M    M   2        14  60
19  91  80  86   2   0  21 0.00  0.0    0  6.6 13 330   M    M   1        20 250
20  91  81  86   2   0  21 0.00  0.0    0  8.0 15 280   M    M   1 3      18 280
21  92  79  86   2   0  21 0.00  0.0    0  8.2 28  80   M    M   2 3      31 130
22  89  78  84   0   0  19 0.00  0.0    0  6.3 16 120   M    M   1        19 120
23  91  80  86   2   0  21 0.00  0.0    0  6.1 13 270   M    M   2        17 240
24  89  80  85   1   0  20    T  0.0    0  4.2 14 360   M    M   3 3      17 300
25  90  80  85   1   0  20 0.08  0.0    0  6.3 16 280   M    M   3 3      21 280
26  90  82  86   2   0  21 0.21  0.0    0  6.4 14  10   M    M   1 38     19 350
27  90  83  87   3   0  22 0.00  0.0    0  6.6 16 290   M    M   1        20 280
28  90  84  87   3   0  22    T  0.0    0  9.5 18 260   M    M   2        24 250
29  88  84  86   2   0  21 0.03  0.0    0  9.9 20 280   M    M   2 3      27 270
================================================================================
SM 2582 2293         0 559  5.51     0.0 210.6          M       53
================================================================================
AV 89.0 79.1                               7.3 FASTST   M    M   2    MAX(MPH)
                                 MISC ---->  # 28  80               # 32  290
================================================================================
NOTES:
# LAST OF SEVERAL OCCURRENCES

COLUMN 17 PEAK WIND IN M.P.H.

PRELIMINARY LOCAL CLIMATOLOGICAL DATA (WS FORM: F-6) , PAGE 2

                                          STATION:  Saint Petersburg
                                          MONTH:    JULY
                                          YEAR:     2014
                                          LATITUDE:   27 46 N
                                          LONGITUDE:  82 38 W

[TEMPERATURE DATA]      [PRECIPITATION DATA]       SYMBOLS USED IN COLUMN 16

AVERAGE MONTHLY: 84.1   TOTAL FOR MONTH:   5.51    1 = FOG OR MIST
DPTR FM NORMAL:   0.1   DPTR FM NORMAL:   -1.35    2 = FOG REDUCING VISIBILITY
HIGHEST:    93 ON  2, 1 GRTST 24HR  1.92 ON 16-17      TO 1/4 MILE OR LESS
LOWEST:     75 ON  9, 3                            3 = THUNDER
                        SNOW, ICE PELLETS, HAIL    4 = ICE PELLETS
                        TOTAL MONTH:   0.0 INCH    5 = HAIL
                        GRTST 24HR     0.0         6 = FREEZING RAIN OR DRIZZLE
                        GRTST DEPTH:   0           7 = DUSTSTORM OR SANDSTORM:
                                                       VSBY 1/2 MILE OR LESS
                                                   8 = SMOKE OR HAZE
[NO. OF DAYS WITH]      [WEATHER - DAYS WITH]      9 = BLOWING SNOW
                                                   X = TORNADO
MAX 32 OR BELOW:   0    0.01 INCH OR MORE:  12
MAX 90 OR ABOVE:  13    0.10 INCH OR MORE:   7
MIN 32 OR BELOW:   0    0.50 INCH OR MORE:   4
MIN  0 OR BELOW:   0    1.00 INCH OR MORE:   2

[HDD (BASE 65) ]
TOTAL THIS MO.     0    CLEAR  (SCALE 0-3)  25
DPTR FM NORMAL     0    PTCLDY (SCALE 4-7)   4
TOTAL FM JUL 1     0    CLOUDY (SCALE 8-10)  0
DPTR FM NORMAL     0

[CDD (BASE 65) ]
TOTAL THIS MO.   559
DPTR FM NORMAL     8    [PRESSURE DATA]
TOTAL FM JAN 1  2075    HIGHEST SLP M ON M
DPTR FM NORMAL    79    LOWEST  SLP 29.85 ON  1

[REMARKS]




U.S. Dept. of Commerce
NOAA National Weather Service
1325 East West Highway
Silver Spring, MD 20910
E-mail: w-nws.webmaster@noaa.gov
Page last modified: May 16, 2007
NATIONAL WEATHER SERVICE: for Safety, for Work, for Fun - FOR LIFE