500
CXUS55 KPUB 281059
CF6SPD
PRELIMINARY LOCAL CLIMATOLOGICAL DATA (WS FORM: F-6)

                                          STATION:   SPRINGFIELD CO
                                          MONTH:     JULY
                                          YEAR:      2014
                                          LATITUDE:   37 16 N
                                          LONGITUDE: 102 37 W

  TEMPERATURE IN F:       :PCPN:    SNOW:  WIND      :SUNSHINE: SKY     :PK WND
================================================================================
1   2   3   4   5  6A  6B    7    8   9   10  11  12  13   14  15   16   17  18
                                     12Z  AVG MX 2MIN
DY MAX MIN AVG DEP HDD CDD  WTR  SNW DPTH SPD SPD DIR MIN PSBL S-S WX    SPD DR
================================================================================

 1  79  60  70  -5   0   5 0.00  0.0    0  8.0 22  50   M    M   0        26  50
 2  74  58  66  -9   0   1 0.05  0.0    0 11.0 21 140   M    M   0        26 130
 3  86  61  74  -2   0   9 0.00  0.0    0 20.4 33 180   M    M   0        41 170
 4  93  63  78   2   0  13 0.00  0.0    0 19.2 31 180   M    M   0        43 190
 5  96  65  81   5   0  16 0.00  0.0    0 11.0 22 230   M    M   0        27 220
 6  98  60  79   3   0  14 0.00  0.0    0  9.6 21  80   M    M   0        24  90
 7 100  60  80   4   0  15 0.00  0.0    0 11.9 26 190   M    M   0        33 200
 8  83  62  73  -3   0   8 0.00  0.0    0 12.3 37  40   M    M   0        46  40
 9  95  59  77   1   0  12 0.00  0.0    0 14.9 28 230   M    M   0        36 230
10  97  60  79   3   0  14 0.00  0.0    0 14.0 25 190   M    M   0        33 200
11  95  68  82   6   0  17 0.00  0.0    0 19.9 31 170   M    M   0        40 170
12  97  65  81   5   0  16 0.01  0.0    0 11.3 36 320   M    M   0        44 330
13  85  63  74  -2   0   9 0.01  0.0    0  7.5 20 330   M    M   0        25 320
14  88  61  75  -1   0  10 0.04  0.0    0  7.4 37  40   M    M   0        42  40
15  75  55  65 -11   0   0 0.53  0.0    0 14.1 26 140   M    M   0        32 140
16  85  58  72  -4   0   7 1.75  0.0    0 11.5 29  80   M    M   0        35  90
17  72  55  64 -12   1   0 0.02  0.0    0  7.2 16  90   M    M   0        24 220
18  87  58  73  -4   0   8 0.00  0.0    0 12.3 20 180   M    M   0        26 160
19  94  60  77   1   0  12 0.00  0.0    0 10.2 37 280   M    M   0        54 280
20  97  62  80   4   0  15 0.00  0.0    0 10.4 21 160   M    M   0        27 160
21  96  67  82   6   0  17 0.00  0.0    0 10.1 30 270   M    M   0        43 280
22  93  63  78   2   0  13 0.00  0.0    0  9.0 20 140   M    M   0        24 130
23  94  64  79   3   0  14 0.00  0.0    0  9.0 24 150   M    M   0        28 150
24  97  63  80   4   0  15 0.00  0.0    0 16.2 29 190   M    M   0        37 200
25 101  66  84   8   0  19 0.00  0.0    0 10.0 30 350   M    M   0        36 350
26  99  64  82   6   0  17 0.15  0.0    0  9.8 47 310   M    M   0        62 310
27  86  64  75  -1   0  10 0.05  0.0    0  9.4 20 120   M    M   0        27 130
================================================================================
SM 2442 1664         1 306  2.61     0.0 317.6          M        0
================================================================================
AV 90.4 61.6                              11.8 FASTST   M    M   0    MAX(MPH)
                                 MISC ---->  # 47 310               # 62  310
================================================================================
NOTES:
# LAST OF SEVERAL OCCURRENCES

COLUMN 17 PEAK WIND IN M.P.H.

PRELIMINARY LOCAL CLIMATOLOGICAL DATA (WS FORM: F-6) , PAGE 2

                                          STATION:  SPRINGFIELD CO
                                          MONTH:    JULY
                                          YEAR:     2014
                                          LATITUDE:   37 16 N
                                          LONGITUDE: 102 37 W

[TEMPERATURE DATA]      [PRECIPITATION DATA]       SYMBOLS USED IN COLUMN 16

AVERAGE MONTHLY: 76.0   TOTAL FOR MONTH:   2.61    1 = FOG OR MIST
DPTR FM NORMAL:   0.1   DPTR FM NORMAL:    0.19    2 = FOG REDUCING VISIBILITY
HIGHEST:   101 ON 25    GRTST 24HR  1.77 ON 16-17      TO 1/4 MILE OR LESS
LOWEST:     55 ON 17,15                            3 = THUNDER
                        SNOW, ICE PELLETS, HAIL    4 = ICE PELLETS
                        TOTAL MONTH:   0.0 INCH    5 = HAIL
                        GRTST 24HR     0.0         6 = FREEZING RAIN OR DRIZZLE
                        GRTST DEPTH:   0           7 = DUSTSTORM OR SANDSTORM:
                                                       VSBY 1/2 MILE OR LESS
                                                   8 = SMOKE OR HAZE
[NO. OF DAYS WITH]      [WEATHER - DAYS WITH]      9 = BLOWING SNOW
                                                   X = TORNADO
MAX 32 OR BELOW:   0    0.01 INCH OR MORE:   9
MAX 90 OR ABOVE:  16    0.10 INCH OR MORE:   3
MIN 32 OR BELOW:   0    0.50 INCH OR MORE:   2
MIN  0 OR BELOW:   0    1.00 INCH OR MORE:   1

[HDD (BASE 65) ]
TOTAL THIS MO.     1    CLEAR  (SCALE 0-3)  27
DPTR FM NORMAL     1    PTCLDY (SCALE 4-7)   0
TOTAL FM JUL 1     1    CLOUDY (SCALE 8-10)  0
DPTR FM NORMAL     1

[CDD (BASE 65) ]
TOTAL THIS MO.   306
DPTR FM NORMAL     0    [PRESSURE DATA]
TOTAL FM JAN 1   583    HIGHEST SLP M ON M
DPTR FM NORMAL    15    LOWEST  SLP 29.79 ON  1

[REMARKS]




U.S. Dept. of Commerce
NOAA National Weather Service
1325 East West Highway
Silver Spring, MD 20910
E-mail: w-nws.webmaster@noaa.gov
Page last modified: May 16, 2007
NATIONAL WEATHER SERVICE: for Safety, for Work, for Fun - FOR LIFE