032
CXUS55 KPQR 241230
CF6SPB
PRELIMINARY LOCAL CLIMATOLOGICAL DATA (WS FORM: F-6)

                                          STATION:   SCAPPOOSE OR
                                          MONTH:     APRIL
                                          YEAR:      2014
                                          LATITUDE:   45 46 N
                                          LONGITUDE: 122 50 W

  TEMPERATURE IN F:       :PCPN:    SNOW:  WIND      :SUNSHINE: SKY     :PK WND
================================================================================
1   2   3   4   5  6A  6B    7    8   9   10  11  12  13   14  15   16   17  18
                                     12Z  AVG MX 2MIN
DY MAX MIN AVG DEP HDD CDD  WTR  SNW DPTH SPD SPD DIR MIN PSBL S-S WX    SPD DR
================================================================================

 1  51  45  48   0  17   0 0.29    M    0  1.9  7 330   M    M   9 1       9 290
 2  58  36  47  -1  18   0 0.00  0.0    0  2.2  9 150   M    M   6 1      14 300
 3  56  40  48   0  17   0 0.06    M    0  4.4 18 210   M    M   7        27 200
 4  59  40  50   2  15   0 0.07    M    0  1.9 14 220   M    M   9 1      15 220
 5  55  44  50   2  15   0 0.08    M    0  3.5 12 250   M    M  10 1      16 180
 6  66  45  56   7   9   0    T    M    0  4.4 14 130   M    M   8 1      18 220
 7  73  42  58   9   7   0 0.00    M    M  3.4 12  10   M    M   3 1      14  10
 8  68  44  56   7   9   0 0.18    M    M  4.4 14  10   M    M   6 1      18  20
 9  62  39  51   2  14   0 0.00  0.0    0  6.2 14  10   M    M   1        19 360
10  65  34  50   1  15   0 0.00  0.0    0  6.4 14  20   M    M   0        19  50
11  68  43  56   7   9   0 0.00  0.0    0  7.6 17  10   M    M   0        23 330
12  64  42  53   4  12   0 0.00  0.0    0  8.2 18 360   M    M   2        22  10
13  71  37  54   5  11   0 0.00  0.0    0  5.1 17  90   M    M   0        23 100
14  69  36  53   3  12   0 0.00  0.0    0  5.2 18 320   M    M   0 8      26 320
15  60  46  53   3  12   0    T    M    0  3.1 10 130   M    M   9        14 140
16  57  47  52   2  13   0 0.23    M    0  2.8 10 160   M    M  10 1      14 230
17  56  40  48  -2  17   0 0.51    M    0  4.2 13 260   M    M   9 1      18 160
18  59  34  47  -3  18   0 0.00  0.0    0  3.3  9 290   M    M   2 1      12 140
19  58  35  47  -3  18   0 0.15    M    0  3.6 24 240   M    M   5 13     33 240
20  65  37  51   1  14   0 0.00  0.0    0  3.9 10 150   M    M   4 1      18 140
21  63  43  53   2  12   0 0.33    M    0  3.1 13 240   M    M   4 1      17 240
22  56  40  48  -3  17   0 0.06    M    0  7.0 22 220   M    M   6        27 210
23  54  45  50  -1  15   0 0.60    M    0  8.1 15 150   M    M  10 1      22 160
================================================================================
SM 1413  934       316   0  2.56     0.0 103.9          M      120
================================================================================
AV 61.4 40.6                               4.5 FASTST   M    M   5    MAX(MPH)
                                 MISC ---->  # 24 240               # 33  240
================================================================================
NOTES:
# LAST OF SEVERAL OCCURRENCES

COLUMN 17 PEAK WIND IN M.P.H.

PRELIMINARY LOCAL CLIMATOLOGICAL DATA (WS FORM: F-6) , PAGE 2

                                          STATION:  SCAPPOOSE OR
                                          MONTH:    APRIL
                                          YEAR:     2014
                                          LATITUDE:   45 46 N
                                          LONGITUDE: 122 50 W

[TEMPERATURE DATA]      [PRECIPITATION DATA]       SYMBOLS USED IN COLUMN 16

AVERAGE MONTHLY: 51.0   TOTAL FOR MONTH:   2.56    1 = FOG OR MIST
DPTR FM NORMAL:   1.7   DPTR FM NORMAL:    0.06    2 = FOG REDUCING VISIBILITY
HIGHEST:    73 ON  7    GRTST 24HR  0.68 ON 31- 1      TO 1/4 MILE OR LESS
LOWEST:     34 ON 18,10                            3 = THUNDER
                        SNOW, ICE PELLETS, HAIL    4 = ICE PELLETS
                        TOTAL MONTH:   0.0 INCH    5 = HAIL
                        GRTST 24HR     0.0         6 = FREEZING RAIN OR DRIZZLE
                        GRTST DEPTH:   0           7 = DUSTSTORM OR SANDSTORM:
                                                       VSBY 1/2 MILE OR LESS
                                                   8 = SMOKE OR HAZE
[NO. OF DAYS WITH]      [WEATHER - DAYS WITH]      9 = BLOWING SNOW
                                                   X = TORNADO
MAX 32 OR BELOW:   0    0.01 INCH OR MORE:  11
MAX 90 OR ABOVE:   0    0.10 INCH OR MORE:   7
MIN 32 OR BELOW:   0    0.50 INCH OR MORE:   2
MIN  0 OR BELOW:   0    1.00 INCH OR MORE:   0

[HDD (BASE 65) ]
TOTAL THIS MO.   316    CLEAR  (SCALE 0-3)   8
DPTR FM NORMAL   -45    PTCLDY (SCALE 4-7)   8
TOTAL FM JUL 1  4478    CLOUDY (SCALE 8-10)  7
DPTR FM NORMAL    82

[CDD (BASE 65) ]
TOTAL THIS MO.     0
DPTR FM NORMAL     0    [PRESSURE DATA]
TOTAL FM JAN 1     0    HIGHEST SLP M ON M
DPTR FM NORMAL     0    LOWEST  SLP 29.74 ON  1

[REMARKS]




U.S. Dept. of Commerce
NOAA National Weather Service
1325 East West Highway
Silver Spring, MD 20910
E-mail: w-nws.webmaster@noaa.gov
Page last modified: May 16, 2007
NATIONAL WEATHER SERVICE: for Safety, for Work, for Fun - FOR LIFE