881
CXUS55 KCYS 301000
CF6SNY
PRELIMINARY LOCAL CLIMATOLOGICAL DATA (WS FORM: F-6)

                                          STATION:   SIDNEY NEBRASKA AIRPORT
                                          MONTH:     JANUARY
                                          YEAR:      2015
                                          LATITUDE:   41  5 N
                                          LONGITUDE: 102 59 W

  TEMPERATURE IN F:       :PCPN:    SNOW:  WIND      :SUNSHINE: SKY     :PK WND
================================================================================
1   2   3   4   5  6A  6B    7    8   9   10  11  12  13   14  15   16   17  18
                                     12Z  AVG MX 2MIN
DY MAX MIN AVG DEP HDD CDD  WTR  SNW DPTH SPD SPD DIR MIN PSBL S-S WX    SPD DR
================================================================================

 1  27  -2  13 -16  52   0 0.00    M    M 10.4 21 300   M    M   2        23 290
 2  29   8  19 -10  46   0 0.00    M    M  9.1 18 230   M    M   3        23 230
 3  29  -9  10 -19  55   0 0.02    M    M 18.7 36 360   M    M   5 1289   46 350
 4  16 -11   3 -26  62   0 0.00    M    M  7.3 15 190   M    M   3 18     17  30
 5  43  -9  17 -12  48   0 0.00    M    M 13.4 29  20   M    M   1        33  10
 6  47  10  29   0  36   0    T    M    M 14.2 30  30   M    M   3        35  30
 7  19   8  14 -15  51   0    T    M    0 13.9 23 200   M    M   7        29 200
 8  41  14  28  -1  37   0    T    M    M 18.8 36 350   M    M   4 1      44 330
 9  23   6  15 -14  50   0 0.00    M    M 11.8 26 350   M    M   1        33 340
10  44  11  28  -1  37   0 0.00    M    M  9.6 16 290   M    M   0 18     18 310
11  41  18  30   1  35   0    T    M    M 13.7 28  10   M    M   4 1      32 360
12  21  15  18 -11  47   0 0.01    M    M 11.7 21 160   M    M  10 1      24 150
13  29  10  20  -9  45   0 0.00    M    M 10.2 21 180   M    M   8 18     25 180
14  34   9  22  -7  43   0 0.00    M    M  9.5 21 310   M    M   0        28 300
15  47  21  34   5  31   0 0.00    M    M 12.4 18 310   M    M   0        23 310
16  52  21  37   8  28   0 0.00    M    M 12.5 29 280   M    M   0        36 280
17  43  30  37   8  28   0 0.00    M    M 15.5 28 310   M    M   0        34 310
18  56  32  44  15  21   0 0.00    M    M 10.9 17 300   M    M   0        23 300
19  47  28  38   9  27   0 0.00    M    M  8.7 20 350   M    M   1        25 260
20  41  25  33   4  32   0    T    M    M 11.4 23 330   M    M   5        27 330
21  34  16  25  -4  40   0 0.00    M    M 12.7 29 330   M    M   1        36 330
22  40  10  25  -4  40   0 0.00    M    M 10.2 21 230   M    M   0        24 240
23  44  19  32   3  33   0 0.00    M    M 16.1 35 340   M    M   2        42 330
24  50  26  38   9  27   0    T    M    M 21.1 39 320   M    M   3        49 330
25  54  31  43  14  22   0 0.00    M    M 14.5 26 310   M    M   3        33 310
26  67  32  50  21  15   0 0.00    M    M 12.4 22 330   M    M   0        27 320
27  73  28  51  22  14   0 0.00    M    M  8.3 17 300   M    M   0        18 300
28  58  36  47  17  18   0 0.00    M    M 19.3 44 300   M    M   2        55 290
29  47  24  36   6  29   0 0.00    M    M  9.0 21 350   M    M   0        26 320
================================================================================
SM 1196  457      1049   0  0.03    M    367.3          M       68
================================================================================
AV 41.2 15.8                              12.7 FASTST   M    M   2    MAX(MPH)
                                 MISC ---->  # 44 300               # 55  290
================================================================================
NOTES:
# LAST OF SEVERAL OCCURRENCES

COLUMN 17 PEAK WIND IN M.P.H.

PRELIMINARY LOCAL CLIMATOLOGICAL DATA (WS FORM: F-6) , PAGE 2

                                          STATION:  SIDNEY NEBRASKA AIRPORT
                                          MONTH:    JANUARY
                                          YEAR:     2015
                                          LATITUDE:   41  5 N
                                          LONGITUDE: 102 59 W

[TEMPERATURE DATA]      [PRECIPITATION DATA]       SYMBOLS USED IN COLUMN 16

AVERAGE MONTHLY: 28.5   TOTAL FOR MONTH:   0.03    1 = FOG OR MIST
DPTR FM NORMAL:  -0.6   DPTR FM NORMAL:   -0.15    2 = FOG REDUCING VISIBILITY
HIGHEST:    73 ON 27    GRTST 24HR  0.02 ON  3- 3      TO 1/4 MILE OR LESS
LOWEST:    -11 ON  4                               3 = THUNDER
                        SNOW, ICE PELLETS, HAIL    4 = ICE PELLETS
                        TOTAL MONTH:    M          5 = HAIL
                        GRTST 24HR    M  ON   M    6 = FREEZING RAIN OR DRIZZLE
                        GRTST DEPTH:   0           7 = DUSTSTORM OR SANDSTORM:
                                                       VSBY 1/2 MILE OR LESS
                                                   8 = SMOKE OR HAZE
[NO. OF DAYS WITH]      [WEATHER - DAYS WITH]      9 = BLOWING SNOW
                                                   X = TORNADO
MAX 32 OR BELOW:   8    0.01 INCH OR MORE:   2
MAX 90 OR ABOVE:   0    0.10 INCH OR MORE:   0
MIN 32 OR BELOW:  28    0.50 INCH OR MORE:   0
MIN  0 OR BELOW:   4    1.00 INCH OR MORE:   0

[HDD (BASE 65) ]
TOTAL THIS MO.  1049    CLEAR  (SCALE 0-3)  21
DPTR FM NORMAL     6    PTCLDY (SCALE 4-7)   7
TOTAL FM JUL 1  3742    CLOUDY (SCALE 8-10)  1
DPTR FM NORMAL   152

[CDD (BASE 65) ]
TOTAL THIS MO.     0
DPTR FM NORMAL     0    [PRESSURE DATA]
TOTAL FM JAN 1     0    HIGHEST SLP  0.00 ON  5
DPTR FM NORMAL     0    LOWEST  SLP 29.72 ON 16

[REMARKS]




U.S. Dept. of Commerce
NOAA National Weather Service
1325 East West Highway
Silver Spring, MD 20910
E-mail: w-nws.webmaster@noaa.gov
Page last modified: May 16, 2007
NATIONAL WEATHER SERVICE: for Safety, for Work, for Fun - FOR LIFE