011
CXUS55 KCYS 080327
CF6SNY
PRELIMINARY LOCAL CLIMATOLOGICAL DATA (WS FORM: F-6)     ...CORRECTED...

                                          STATION:   SIDNEY NEBRASKA AIRPORT
                                          MONTH:     NOVEMBER
                                          YEAR:      2014
                                          LATITUDE:   41  5 N
                                          LONGITUDE: 102 59 W

  TEMPERATURE IN F:       :PCPN:    SNOW:  WIND      :SUNSHINE: SKY     :PK WND
================================================================================
1   2   3   4   5  6A  6B    7    8   9   10  11  12  13   14  15   16   17  18
                                     12Z  AVG MX 2MIN
DY MAX MIN AVG DEP HDD CDD  WTR  SNW DPTH SPD SPD DIR MIN PSBL S-S WX    SPD DR
================================================================================

 1  56  24  40  -4  25   0 0.00    M    M  9.1 18 150   M    M   0        21 160
 2  62  33  48   4  17   0    T    M    M  6.9 14  50   M    M   0        17  30
 3  51  31  41  -3  24   0 0.34    M    M 13.0 23 340   M    M   6 12     30  20
 4  56  28  42  -1  23   0 0.00    M    M 10.3 15 280   M    M   0        17 240
 5  59  30  45   2  20   0 0.00    M    M 12.5 24 340   M    M   0        32 320
 6  64  28  46   4  19   0 0.00    M    M  9.1 17 220   M    M   0        23 220
 7  65  33  49   7  16   0 0.00    M    M 15.6 40 350   M    M   2        50 350
 8  61  29  45   4  20   0 0.00    M    M 12.9 24 240   M    M   0        30 240
 9  70  34  52  11  13   0 0.00    M    M 12.5 23 270   M    M   0        29 290
10  61  14  38  -2  27   0    T    M    M 22.3 38 350   M    M   7 1      47 340
11  14   3   9 -31  56   0 0.01    M    M 12.8 23 340   M    M  10 8      27 350
12  11  -8   2 -37  63   0    T    M    M 15.3 26 350   M    M   6        32 340
13  17 -14   2 -37  63   0 0.00    M    M 10.4 21 180   M    M   M        28 180
14  31  12  22 -16  43   0    T    M    M 14.4 24 180   M    M   5        29 190
15  24  -4  10 -28  55   0 0.03    M    M 15.8 29 350   M    M   7        34 350
16  32  -2  15 -22  50   0 0.00    M    M 16.0 40 330   M    M   1        51 330
17  30   6  18 -19  47   0 0.00    M    M 13.7 26 320   M    M   1        32 320
18  49  11  30  -6  35   0 0.00    M    M 15.2 30 310   M    M   0        38 310
19  45  15  30  -6  35   0 0.00    M    M  8.7 21 350   M    M   1        24 340
20  55  12  34  -2  31   0 0.00    M    M  7.5 15 220   M    M   0        19 230
21  59  21  40   5  25   0 0.00    M    M  6.5 12 220   M    M   3        14 310
22  63  23  43   8  22   0 0.00    M    M 10.3 22 310   M    M   1        28 310
23  46  24  35   1  30   0 0.00    M    M 20.4 37 340   M    M   3        47 350
24  42  20  31  -3  34   0    T    M    M 16.4 33 340   M    M   3 18     41 340
25  50  19  35   2  30   0 0.01    M    M 17.0 36 320   M    M   6 1      49 320
26  30  15  23 -10  42   0 0.07    M    M  8.0 25 340   M    M   9 18     31 340
27  48  13  31  -1  34   0 0.00    M    M  9.7 15 260   M    M   M        23 190
28  67  28  48  16  17   0 0.00    M    M 12.5 23 270   M    M   0        30 190
29  64  24  44  12  21   0 0.00    M    M  9.9 18  40   M    M   0 1      23 230
30  24  11  18 -13  47   0    T    M    M 10.7 18 360   M    M   7 12     23 360
================================================================================
SM 1406  513       984   0  0.46    M    375.4            0     78
================================================================================
AV 46.9 17.1                              12.5 FASTST    0   0   3    MAX(MPH)
                                 MISC ---->  # 40 330                 51  330
================================================================================
NOTES:
# LAST OF SEVERAL OCCURRENCES

COLUMN 17 PEAK WIND IN M.P.H.

PRELIMINARY LOCAL CLIMATOLOGICAL DATA (WS FORM: F-6) , PAGE 2

                                          STATION:  SIDNEY NEBRASKA AIRPORT
                                          MONTH:    NOVEMBER
                                          YEAR:     2014
                                          LATITUDE:   41  5 N
                                          LONGITUDE: 102 59 W

[TEMPERATURE DATA]      [PRECIPITATION DATA]       SYMBOLS USED IN COLUMN 16

AVERAGE MONTHLY: 32.0   TOTAL FOR MONTH:   0.46    1 = FOG OR MIST
DPTR FM NORMAL:  -5.7   DPTR FM NORMAL:   -0.11    2 = FOG REDUCING VISIBILITY
HIGHEST:    70 ON  9    GRTST 24HR  0.34 ON  3- 3      TO 1/4 MILE OR LESS
LOWEST:    -14 ON 13                               3 = THUNDER
                        SNOW, ICE PELLETS, HAIL    4 = ICE PELLETS
                        TOTAL MONTH:    M          5 = HAIL
                        GRTST 24HR    M  ON   M    6 = FREEZING RAIN OR DRIZZLE
                        GRTST DEPTH:  M  ON   M    7 = DUSTSTORM OR SANDSTORM:
                                                       VSBY 1/2 MILE OR LESS
                                                   8 = SMOKE OR HAZE
[NO. OF DAYS WITH]      [WEATHER - DAYS WITH]      9 = BLOWING SNOW
                                                   X = TORNADO
MAX 32 OR BELOW:   9    0.01 INCH OR MORE:   5
MAX 90 OR ABOVE:   0    0.10 INCH OR MORE:   1
MIN 32 OR BELOW:  27    0.50 INCH OR MORE:   0
MIN  0 OR BELOW:   4    1.00 INCH OR MORE:   0

[HDD (BASE 65) ]
TOTAL THIS MO.   984    CLEAR  (SCALE 0-3)  20
DPTR FM NORMAL   165    PTCLDY (SCALE 4-7)   7
TOTAL FM JUL 1  1490    CLOUDY (SCALE 8-10)  2
DPTR FM NORMAL    68

[CDD (BASE 65) ]
TOTAL THIS MO.     0
DPTR FM NORMAL     0    [PRESSURE DATA]
TOTAL FM JAN 1   637    HIGHEST SLP 30.83 ON 12
DPTR FM NORMAL  -193    LOWEST  SLP 29.29 ON 10

[REMARKS]
NEW RECORD COLDEST HIGH TEMPERATURE OF 14 DEGREES SET ON THE 11TH. THE OLD
 RECORD WAS 21 DEGREES SET IN 2000.
NEW RECORD COLDEST HIGH TEMPERATURE OF 11 DEGREES SET ON THE 12TH. THE OLD
 RECORD WAS 20 DEGREES SET IN 1986.
NEW RECORD LOW TEMPERATURE OF 14 DEGREES BELOW ZERO SET ON THE 13TH. THE OLD
 RECORD WAS 8 DEGREES BELOW ZERO SET IN 1959.
NEW RECORD LOW TEMPERATURE OF 4 DEGREES BELOW ZERO SET ON THE 15TH. THE OLD
 RECORD WAS 3 DEGREES BELOW ZERO SET IN 1955.
NEW RECORD HIGH TEMPERATURE OF 67 DEGREES SET ON THE 28TH. THE OLD RECORD WAS
 62 DEGREES LAST SET IN 2012 AND PREVIOUSLY.
#FINAL-11-14#




U.S. Dept. of Commerce
NOAA National Weather Service
1325 East West Highway
Silver Spring, MD 20910
E-mail: w-nws.webmaster@noaa.gov
Page last modified: May 16, 2007
NATIONAL WEATHER SERVICE: for Safety, for Work, for Fun - FOR LIFE