375
CXUS55 KPIH 241200
CF6SNT

PRELIMINARY LOCAL CLIMATOLOGICAL DATA (WS FORM: F-6)

                                          STATION:   STANLEY_ID
                                          MONTH:     APRIL
                                          YEAR:      2014
                                          LATITUDE:   44 10 N
                                          LONGITUDE: 114 56 W

  TEMPERATURE IN F:       :PCPN:    SNOW:  WIND      :SUNSHINE: SKY     :PK WND
================================================================================
1   2   3   4   5  6A  6B    7    8   9   10  11  12  13   14  15   16   17  18
                                     12Z  AVG MX 2MIN
DY MAX MIN AVG DEP HDD CDD  WTR  SNW DPTH SPD SPD DIR MIN PSBL S-S WX    SPD DR
================================================================================

 1  36  10  23  -7  42   0 0.84    M    M  2.5  9 140   M    M   0        12 150
 2  38  18  28  -2  37   0 0.14    M    M  3.2 14 320   M    M   0        21 340
 3  42   5  24  -6  41   0 0.00    M    M  2.3  9 230   M    M   0        12 220
 4  39  13  26  -5  39   0 0.00    M    M  3.2 15 140   M    M   0        23 140
 5  40  22  31   0  34   0 0.08    M    M  3.4 15 260   M    M   0        20 280
 6  44  28  36   5  29   0 0.02    M    M  5.8 18 270   M    M   0        26 280
 7  53  17  35   4  30   0 0.00    M    M  2.6  9 270   M    M   0        13 270
 8  60  17  39   7  26   0 0.00    M    M  3.4 14 180   M    M   0        19 190
 9  53  26  40   8  25   0 0.00    M    M  4.8 16 300   M    M   0        27 290
10  52  22  37   5  28   0 0.00    M    M  2.8 12 330   M    M   0        16 340
11  54  19  37   5  28   0 0.00    M    M  2.5 10 320   M    M   0        15 330
12  47  19  33   1  32   0 0.00    M    M  4.8 13 300   M    M   0        18 330
13  41  16  29  -4  36   0 0.00    M    M  6.3 14 320   M    M   0        20 320
14  50   7  29  -4  36   0 0.00    M    M  2.5 10 180   M    M   0        13 190
15  43  21  32  -1  33   0 0.00    M    M  5.5 18 330   M    M   0        28 320
16  45  14  30  -3  35   0 0.00    M    M  3.9  9 270   M    M   0        14 320
17  52  17  35   1  30   0 0.09    M    M  4.1 15 160   M    M   0        22 150
18  44  23  34   0  31   0 0.03    M    M  4.4 16 140   M    M   0        28 310
19  57  16  37   3  28   0 0.00    M    M  2.9 13 160   M    M   0        16 160
20  52  24  38   3  27   0 0.00    M    M  3.3 12 270   M    M   0        19 290
21  57  18  38   3  27   0 0.00    M    M  4.2 16 140   M    M   0        23 150
22  43  28  36   1  29   0 0.33    M    M  3.4 17 180   M    M   0        23 190
23  37  14  26 -10  39   0 0.02    M    M  4.9 13 170   M    M   0        20 170
================================================================================
SM 1079  414       742   0  1.55    M     86.7          M        0
================================================================================
AV 46.9 18.0                               3.8 FASTST   M    M   0    MAX(MPH)
                                 MISC ---->  # 18 270               # 28  320
================================================================================
NOTES:
# LAST OF SEVERAL OCCURRENCES

COLUMN 17 PEAK WIND IN M.P.H.

PRELIMINARY LOCAL CLIMATOLOGICAL DATA (WS FORM: F-6) , PAGE 2

                                          STATION:  STANLEY_ID
                                          MONTH:    APRIL
                                          YEAR:     2014
                                          LATITUDE:   44 10 N
                                          LONGITUDE: 114 56 W

[TEMPERATURE DATA]      [PRECIPITATION DATA]       SYMBOLS USED IN COLUMN 16

AVERAGE MONTHLY: 32.5   TOTAL FOR MONTH:   1.55    1 = FOG OR MIST
DPTR FM NORMAL:  -0.1   DPTR FM NORMAL:    0.23    2 = FOG REDUCING VISIBILITY
HIGHEST:    60 ON  8    GRTST 24HR  0.98 ON  1- 2      TO 1/4 MILE OR LESS
LOWEST:      5 ON  3                               3 = THUNDER
                        SNOW, ICE PELLETS, HAIL    4 = ICE PELLETS
                        TOTAL MONTH:    M          5 = HAIL
                        GRTST 24HR    M  ON   M    6 = FREEZING RAIN OR DRIZZLE
                        GRTST DEPTH:  M  ON   M    7 = DUSTSTORM OR SANDSTORM:
                                                       VSBY 1/2 MILE OR LESS
                                                   8 = SMOKE OR HAZE
[NO. OF DAYS WITH]      [WEATHER - DAYS WITH]      9 = BLOWING SNOW
                                                   X = TORNADO
MAX 32 OR BELOW:   0    0.01 INCH OR MORE:   8
MAX 90 OR ABOVE:   0    0.10 INCH OR MORE:   3
MIN 32 OR BELOW:  23    0.50 INCH OR MORE:   1
MIN  0 OR BELOW:   0    1.00 INCH OR MORE:   0

[HDD (BASE 65) ]
TOTAL THIS MO.   742    CLEAR  (SCALE 0-3)  23
DPTR FM NORMAL    -5    PTCLDY (SCALE 4-7)   0
TOTAL FM JUL 1  9057    CLOUDY (SCALE 8-10)  0
DPTR FM NORMAL  -408

[CDD (BASE 65) ]
TOTAL THIS MO.     0
DPTR FM NORMAL     0    [PRESSURE DATA]
TOTAL FM JAN 1     0    HIGHEST SLP M ON M
DPTR FM NORMAL     0    LOWEST  SLP 29.45 ON 22

[REMARKS]




U.S. Dept. of Commerce
NOAA National Weather Service
1325 East West Highway
Silver Spring, MD 20910
E-mail: w-nws.webmaster@noaa.gov
Page last modified: May 16, 2007
NATIONAL WEATHER SERVICE: for Safety, for Work, for Fun - FOR LIFE