009
CXUS55 KPIH 011200
CF6SNT

PRELIMINARY LOCAL CLIMATOLOGICAL DATA (WS FORM: F-6)

                                          STATION:   STANLEY_ID
                                          MONTH:     JANUARY
                                          YEAR:      2015
                                          LATITUDE:   44 10 N
                                          LONGITUDE: 114 56 W

  TEMPERATURE IN F:       :PCPN:    SNOW:  WIND      :SUNSHINE: SKY     :PK WND
================================================================================
1   2   3   4   5  6A  6B    7    8   9   10  11  12  13   14  15   16   17  18
                                     12Z  AVG MX 2MIN
DY MAX MIN AVG DEP HDD CDD  WTR  SNW DPTH SPD SPD DIR MIN PSBL S-S WX    SPD DR
================================================================================

 1  14 -18  -2 -16  67   0 0.00    M    M  0.9  7  60   M    M   0         9  70
 2  24  -9   8  -6  57   0 0.02    M    M  1.8 10 320   M    M   0        13 320
 3  30  15  23   9  42   0 0.00    M    M  2.1  9 330   M    M   0        12 320
 4  32  17  25  11  40   0 0.11    M    M  3.3 12 150   M    M   0        15 150
 5  37  28  33  19  32   0 0.22    M    M  4.0 17 190   M    M   0        24 170
 6  38  24  31  17  34   0 0.00    M    M  1.3  7 330   M    M   0         9 330
 7  31  17  24  10  41   0 0.00    M    M  1.8  7 350   M    M   0         8  10
 8  29   8  19   5  46   0 0.00    M    M  1.8  7  90   M    M   0         8  90
 9  21   5  13  -1  52   0 0.00    M    M  1.4  7 100   M    M   0         9  90
10  26   2  14   0  51   0 0.00    M    M  0.7  7 350   M    M   0         8 340
11  37  20  29  15  36   0 0.03    M    M  1.7  6 160   M    M   0         8 130
12  30  21  26  12  39   0 0.02    M    M  0.1  5 310   M    M   0         6 160
13  28   0  14   0  51   0 0.00    M    M  2.0  8 130   M    M   0        10 130
14  22  -9   7  -7  58   0 0.00    M    M  0.5  7 100   M    M   0         9  90
15  30  -7  12  -2  53   0 0.02    M    M  2.2  9 130   M    M   0        14 140
16  38  10  24  10  41   0 0.30    M    M  6.8 15 140   M    M   0        26 150
17  36  -3  17   3  48   0 0.40    M    M  3.5 15 140   M    M   0        22 140
18  45  29  37  23  28   0 0.27    M    M  5.1 23 270   M    M   0        41 210
19  32  10  21   7  44   0 0.00    M    M  2.2 13 340   M    M   0        18 350
20  23  -5   9  -5  56   0 0.00    M    M  1.4  7 150   M    M   0         8 160
21  18 -16   1 -13  64   0 0.00    M    M  0.9  6 160   M    M   0         8 160
22  20 -11   5 -10  60   0 0.00    M    M  0.0  5 160   M    M   0         6  80
23  38  10  24   9  41   0 0.00    M    M  2.3  9 100   M    M   0        12 100
24  41  12  27  12  38   0 0.00    M    M  2.0  8 100   M    M   0        11 160
25  47  21  34  19  31   0 0.00    M    M  2.2  9 110   M    M   0        14 110
26  41  11  26  11  39   0 0.00    M    M  0.6  6 160   M    M   0         7 170
27  42   8  25  10  40   0 0.04    M    M  1.4 15 150   M    M   0        21 150
28  42  14  28  13  37   0 0.01    M    M  1.8  7 130   M    M   0         9 120
29  31   7  19   4  46   0 0.00    M    M  1.4  6 170   M    M   0         7 160
30  27   1  14  -1  51   0 0.00    M    M  2.3  9 110   M    M   0        12 110
31  29  -9  10  -5  55   0 0.00    M    M  0.8  8  80   M    M   0        10  90
================================================================================
SM  979  203      1418   0  1.44    M     60.3          M        0
================================================================================
AV 31.6  6.5                               1.9 FASTST   M    M   0    MAX(MPH)
                                 MISC ---->  # 23 270               # 41  210
================================================================================
NOTES:
# LAST OF SEVERAL OCCURRENCES

COLUMN 17 PEAK WIND IN M.P.H.

PRELIMINARY LOCAL CLIMATOLOGICAL DATA (WS FORM: F-6) , PAGE 2

                                          STATION:  STANLEY_ID
                                          MONTH:    JANUARY
                                          YEAR:     2015
                                          LATITUDE:   44 10 N
                                          LONGITUDE: 114 56 W

[TEMPERATURE DATA]      [PRECIPITATION DATA]       SYMBOLS USED IN COLUMN 16

AVERAGE MONTHLY: 19.1   TOTAL FOR MONTH:   1.44    1 = FOG OR MIST
DPTR FM NORMAL:   4.6   DPTR FM NORMAL:   -0.08    2 = FOG REDUCING VISIBILITY
HIGHEST:    47 ON 25    GRTST 24HR  0.67 ON 17-18      TO 1/4 MILE OR LESS
LOWEST:    -18 ON  1                               3 = THUNDER
                        SNOW, ICE PELLETS, HAIL    4 = ICE PELLETS
                        TOTAL MONTH:    M          5 = HAIL
                        GRTST 24HR    M  ON   M    6 = FREEZING RAIN OR DRIZZLE
                        GRTST DEPTH:  M  ON   M    7 = DUSTSTORM OR SANDSTORM:
                                                       VSBY 1/2 MILE OR LESS
                                                   8 = SMOKE OR HAZE
[NO. OF DAYS WITH]      [WEATHER - DAYS WITH]      9 = BLOWING SNOW
                                                   X = TORNADO
MAX 32 OR BELOW:  19    0.01 INCH OR MORE:  11
MAX 90 OR ABOVE:   0    0.10 INCH OR MORE:   5
MIN 32 OR BELOW:  31    0.50 INCH OR MORE:   0
MIN  0 OR BELOW:  10    1.00 INCH OR MORE:   0

[HDD (BASE 65) ]
TOTAL THIS MO.  1418    CLEAR  (SCALE 0-3)  31
DPTR FM NORMAL  -149    PTCLDY (SCALE 4-7)   0
TOTAL FM JUL 1  5373    CLOUDY (SCALE 8-10)  0
DPTR FM NORMAL  -856

[CDD (BASE 65) ]
TOTAL THIS MO.     0
DPTR FM NORMAL     0    [PRESSURE DATA]
TOTAL FM JAN 1     0    HIGHEST SLP 30.72 ON 21
DPTR FM NORMAL     0    LOWEST  SLP 29.93 ON 16

[REMARKS]




U.S. Dept. of Commerce
NOAA National Weather Service
1325 East West Highway
Silver Spring, MD 20910
E-mail: w-nws.webmaster@noaa.gov
Page last modified: May 16, 2007
NATIONAL WEATHER SERVICE: for Safety, for Work, for Fun - FOR LIFE