866
CXUS55 KPIH 011647
CF6SNT

PRELIMINARY LOCAL CLIMATOLOGICAL DATA (WS FORM: F-6)

                                          STATION:   STANLEY_ID
                                          MONTH:     NOVEMBER
                                          YEAR:      2014
                                          LATITUDE:   44 10 N
                                          LONGITUDE: 114 56 W

  TEMPERATURE IN F:       :PCPN:    SNOW:  WIND      :SUNSHINE: SKY     :PK WND
================================================================================
1   2   3   4   5  6A  6B    7    8   9   10  11  12  13   14  15   16   17  18
                                     12Z  AVG MX 2MIN
DY MAX MIN AVG DEP HDD CDD  WTR  SNW DPTH SPD SPD DIR MIN PSBL S-S WX    SPD DR
================================================================================

 1  43  26  35   3  30   0 0.47    M    M  2.9 22 160   M    M   0        33 140
 2  38  23  31   0  34   0 0.02    M    0  4.2 14 320   M    M   0        21 330
 3  42  15  29  -1  36   0 0.00    M    M  2.4  9 330   M    M   0        12 350
 4  44  22  33   3  32   0 0.00    M    M  3.0 13 170   M    M   0        18 200
 5  53  27  40  11  25   0 0.00    M    M  2.6  8  10   M    M   0        12 140
 6  62  26  44  15  21   0 0.00    M    M  4.5 18 140   M    M   0        27 150
 7  55  25  40  12  25   0 0.00    M    M  3.3 14 330   M    M   0        22 290
 8  57  18  38  10  27   0 0.00    M    M  2.2  8 170   M    M   0         9 170
 9  57  24  41  14  24   0 0.14    M    M  4.9 21 270   M    M   0        35 200
10  36  18  27   0  38   0 0.01    M    M  5.8 15 330   M    M   0        22 320
11  28   8  18  -8  47   0 0.00    M    M  4.5 13 340   M    M   0        18 340
12  24  -5  10 -16  55   0 0.00    M    M  2.7  7 340   M    M   0        10 340
13  21  -1  10 -15  55   0 0.41    M    M  1.7  7 320   M    M   0        10 310
14  33   7  20  -4  45   0 0.48    M    M  2.7 10 310   M    M   0        16 310
15  19 -12   4 -20  61   0 0.00    M    M  1.2  7 150   M    M   0        10 140
16  18 -18   0 -23  65   0 0.00    M    M  0.7  6 120   M    M   0         7 100
17  25  -8   9 -14  56   0 0.00    M    M  0.2  5 160   M    M   0         6 170
18  28   0  14  -8  51   0 0.00    M    M  1.3  7 350   M    M   0         9 350
19  31   0  16  -6  49   0 0.00    M    M  0.3  7  80   M    M   0         8  80
20  38  13  26   5  39   0 0.00    M    M  0.7  7 350   M    M   0         8 350
21  38  16  27   6  38   0 0.01    M    M  3.5 20 160   M    M   0        26 140
22  38  25  32  12  33   0 0.57    M    M  6.9 21 150   M    M   0        31 160
23  32  15  24   4  41   0 0.01    M    M  4.4 14 330   M    M   0        23 340
24  33   7  20   0  45   0 0.04    M    M  2.9 16 330   M    M   0        23 330
25  42  25  34  15  31   0 0.06    M    M  3.9 13 330   M    M   0        18 220
26  48  31  40  21  25   0 0.00    M    M  3.2  9 120   M    M   0        15 100
27  49  30  40  22  25   0 0.01    M    M  4.9 22 230   M    M   0        34 230
28  48  34  41  23  24   0 0.07    M    M  7.7 21 270   M    M   0        33 260
29  38  15  27   9  38   0 0.58    M    M  6.5 28 250   M    M   0        48 180
30  21   5  13  -4  52   0 0.00    M    M  0.9  4 190   M    M   0         M  M
================================================================================
SM 1139  411      1167   0  2.88    M     96.6          M        0
================================================================================
AV 38.0 13.7                               3.2 FASTST   M    M   0    MAX(MPH)
                                 MISC ---->  # 28 250               # 48  180
================================================================================
NOTES:
# LAST OF SEVERAL OCCURRENCES

COLUMN 17 PEAK WIND IN M.P.H.

PRELIMINARY LOCAL CLIMATOLOGICAL DATA (WS FORM: F-6) , PAGE 2

                                          STATION:  STANLEY_ID
                                          MONTH:    NOVEMBER
                                          YEAR:     2014
                                          LATITUDE:   44 10 N
                                          LONGITUDE: 114 56 W

[TEMPERATURE DATA]      [PRECIPITATION DATA]       SYMBOLS USED IN COLUMN 16

AVERAGE MONTHLY: 25.8   TOTAL FOR MONTH:   2.88    1 = FOG OR MIST
DPTR FM NORMAL:   1.9   DPTR FM NORMAL:    0.77    2 = FOG REDUCING VISIBILITY
HIGHEST:    62 ON  6    GRTST 24HR  0.83 ON 13-14      TO 1/4 MILE OR LESS
LOWEST:    -18 ON 16                               3 = THUNDER
                        SNOW, ICE PELLETS, HAIL    4 = ICE PELLETS
                        TOTAL MONTH:    M          5 = HAIL
                        GRTST 24HR    M  ON   M    6 = FREEZING RAIN OR DRIZZLE
                        GRTST DEPTH:   0           7 = DUSTSTORM OR SANDSTORM:
                                                       VSBY 1/2 MILE OR LESS
                                                   8 = SMOKE OR HAZE
[NO. OF DAYS WITH]      [WEATHER - DAYS WITH]      9 = BLOWING SNOW
                                                   X = TORNADO
MAX 32 OR BELOW:  10    0.01 INCH OR MORE:  14
MAX 90 OR ABOVE:   0    0.10 INCH OR MORE:   6
MIN 32 OR BELOW:  29    0.50 INCH OR MORE:   2
MIN  0 OR BELOW:   7    1.00 INCH OR MORE:   0

[HDD (BASE 65) ]
TOTAL THIS MO.  1167    CLEAR  (SCALE 0-3)  30
DPTR FM NORMAL   -66    PTCLDY (SCALE 4-7)   0
TOTAL FM JUL 1  2593    CLOUDY (SCALE 8-10)  0
DPTR FM NORMAL  -504

[CDD (BASE 65) ]
TOTAL THIS MO.     0
DPTR FM NORMAL     0    [PRESSURE DATA]
TOTAL FM JAN 1    16    HIGHEST SLP 30.90 ON 16
DPTR FM NORMAL    13    LOWEST  SLP 29.37 ON 29

[REMARKS]

1ST: 0.47" OF PRECIP BREAKS RECORD OF 0.44" SET IN 1919. 14TH: 0.48"
OF PRECIP BREAKS RECORD OF 0.45" SET IN 1981. 16TH: LOW OF -18
BREAKS RECORD OF -16 SET IN 1964.
17TH: LOW OF -8 BREAKS RECORD OF -4 SET IN 1987.
22ND: 0.57" OF PRECIP SHATTERS RECORD OF 0.42" SET IN 1998.
28TH: HIGH TEMP 48 TIES THE OLD RECORD OF 48 SET IN 1980
29TH: RECORD RAINFALL 0.58 BREAKS OLD RECORD 0.44 SET IN 1926

#FINAL-11-14#

 PRECIPITATION AMOUNTS ARE SUSPECT DURING FREEZING/FROZEN EVENTS







U.S. Dept. of Commerce
NOAA National Weather Service
1325 East West Highway
Silver Spring, MD 20910
E-mail: w-nws.webmaster@noaa.gov
Page last modified: May 16, 2007
NATIONAL WEATHER SERVICE: for Safety, for Work, for Fun - FOR LIFE