840
CXUS56 KMTR 011000
CF6SNS
PRELIMINARY LOCAL CLIMATOLOGICAL DATA (WS FORM: F-6)

                                          STATION:   SALINAS AIRPORT
                                          MONTH:     NOVEMBER
                                          YEAR:      2014
                                          LATITUDE:   36 40 N
                                          LONGITUDE: 121 36 W

  TEMPERATURE IN F:       :PCPN:    SNOW:  WIND      :SUNSHINE: SKY     :PK WND
================================================================================
1   2   3   4   5  6A  6B    7    8   9   10  11  12  13   14  15   16   17  18
                                     12Z  AVG MX 2MIN
DY MAX MIN AVG DEP HDD CDD  WTR  SNW DPTH SPD SPD DIR MIN PSBL S-S WX    SPD DR
================================================================================

 1  63  54  59   0   6   0 0.43  0.0    0  4.5 14 260   M    M   7 1      17 270
 2  67  49  58   0   7   0 0.00  0.0    0  3.1 18 270   M    M   1        25 260
 3  71  46  59   1   6   0 0.00  0.0    0  3.9 17 270   M    M   0        20 280
 4  77  46  62   4   3   0 0.00  0.0    0  3.1 15 260   M    M   0        20 270
 5  83  53  68  10   0   3 0.00  0.0    0  8.4 20 100   M    M   0        23 100
 6  76  53  65   7   0   0 0.00  0.0    0  6.0 14 260   M    M   0 8      17 260
 7  73  50  62   4   3   0 0.00  0.0    0  4.6 15 280   M    M   5 128    17 290
 8  83  54  69  12   0   4 0.00  0.0    0  4.6 16 110   M    M   1 18     18 110
 9  75  50  63   6   2   0 0.00  0.0    0  4.2 17 280   M    M   3 18     21 300
10  66  52  59   2   6   0 0.00  0.0    0  7.6 18 320   M    M   9 128    22 330
11  65  58  62   5   3   0    T  0.0    0  5.6 13 260   M    M  10 18     16 270
12  68  58  63   7   2   0 0.00  0.0    0  3.4 13 260   M    M   6        15 270
13  67  56  62   6   3   0 0.11  0.0    0  8.5 21 100   M    M  10 18     25 100
14  68  54  61   5   4   0 0.00  0.0    0  3.5 13 280   M    M   5 128    16 280
15  68  50  59   3   6   0 0.00  0.0    0  4.1 14 250   M    M   3 128    20 150
16  71  46  59   3   6   0 0.00  0.0    0  2.6 10 310   M    M   0 1      14 320
17  74  48  61   6   4   0 0.00  0.0    0  7.2 17 130   M    M   0        21 130
18  77  49  63   8   2   0 0.00  0.0    0 10.7 25 110   M    M   0        29 110
19  71  57  64   9   1   0 0.04  0.0    0  9.7 25 110   M    M   8 18     29 120
20  64  56  60   5   5   0 0.09  0.0    0  2.6 12 120   M    M   9 1      14 110
21  68  51  60   6   5   0 0.00  0.0    0  1.6 13 280   M    M   5 12     16 280
22  63  51  57   3   8   0 0.08  0.0    0  8.6 20 110   M    M   8 18     24 100
23  71  46  59   5   6   0 0.00  0.0    0  1.7  8  10   M    M   1 12     12 130
24  72  41  57   3   8   0 0.00  0.0    0  3.6  9 270   M    M   0        12 260
25  76  45  61   7   4   0 0.00  0.0    0  7.2 17  90   M    M   0        22 100
26  82  51  67  14   0   2 0.00  0.0    0  8.5 18 100   M    M   0        23 100
27  76  47  62   9   3   0 0.00  0.0    0  4.9 13 100   M    M   0 28     15  90
28  68  41  55   2  10   0 0.00  0.0    0  5.5 14 110   M    M   4 128    17 110
29  65  50  58   5   7   0 0.02  0.0    0  7.8 21 110   M    M   8        25  30
30  66  47  57   4   8   0 0.07    M    0 10.4 28 120   M    M   6 1      33 120
================================================================================
SM 2134 1509       128   9  0.84     0.0 167.7          M      109
================================================================================
AV 71.1 50.3                               5.6 FASTST   M    M   4    MAX(MPH)
                                 MISC ---->  # 28 120               # 33  120
================================================================================
NOTES:
# LAST OF SEVERAL OCCURRENCES

COLUMN 17 PEAK WIND IN M.P.H.

PRELIMINARY LOCAL CLIMATOLOGICAL DATA (WS FORM: F-6) , PAGE 2

                                          STATION:  SALINAS AIRPORT
                                          MONTH:    NOVEMBER
                                          YEAR:     2014
                                          LATITUDE:   36 40 N
                                          LONGITUDE: 121 36 W

[TEMPERATURE DATA]      [PRECIPITATION DATA]       SYMBOLS USED IN COLUMN 16

AVERAGE MONTHLY: 60.7   TOTAL FOR MONTH:   0.84    1 = FOG OR MIST
DPTR FM NORMAL:   5.0   DPTR FM NORMAL:   -0.56    2 = FOG REDUCING VISIBILITY
HIGHEST:    83 ON  8, 5 GRTST 24HR  1.38 ON 31- 1      TO 1/4 MILE OR LESS
LOWEST:     41 ON 28,24                            3 = THUNDER
                        SNOW, ICE PELLETS, HAIL    4 = ICE PELLETS
                        TOTAL MONTH:   0.0 INCH    5 = HAIL
                        GRTST 24HR     0.0         6 = FREEZING RAIN OR DRIZZLE
                        GRTST DEPTH:   0           7 = DUSTSTORM OR SANDSTORM:
                                                       VSBY 1/2 MILE OR LESS
                                                   8 = SMOKE OR HAZE
[NO. OF DAYS WITH]      [WEATHER - DAYS WITH]      9 = BLOWING SNOW
                                                   X = TORNADO
MAX 32 OR BELOW:   0    0.01 INCH OR MORE:   7
MAX 90 OR ABOVE:   0    0.10 INCH OR MORE:   2
MIN 32 OR BELOW:   0    0.50 INCH OR MORE:   0
MIN  0 OR BELOW:   0    1.00 INCH OR MORE:   0

[HDD (BASE 65) ]
TOTAL THIS MO.   128    CLEAR  (SCALE 0-3)  15
DPTR FM NORMAL  -156    PTCLDY (SCALE 4-7)  10
TOTAL FM JUL 1   214    CLOUDY (SCALE 8-10)  5
DPTR FM NORMAL  -404

[CDD (BASE 65) ]
TOTAL THIS MO.     9
DPTR FM NORMAL     6    [PRESSURE DATA]
TOTAL FM JAN 1   269    HIGHEST SLP M ON M
DPTR FM NORMAL   139    LOWEST  SLP 29.74 ON M

[REMARKS]
#FINAL-11-14#




U.S. Dept. of Commerce
NOAA National Weather Service
1325 East West Highway
Silver Spring, MD 20910
E-mail: w-nws.webmaster@noaa.gov
Page last modified: May 16, 2007
NATIONAL WEATHER SERVICE: for Safety, for Work, for Fun - FOR LIFE