954
CXUS56 KMTR 011000
CF6SNS
PRELIMINARY LOCAL CLIMATOLOGICAL DATA (WS FORM: F-6)

                                          STATION:   SALINAS AIRPORT
                                          MONTH:     AUGUST
                                          YEAR:      2014
                                          LATITUDE:   36 40 N
                                          LONGITUDE: 121 36 W

  TEMPERATURE IN F:       :PCPN:    SNOW:  WIND      :SUNSHINE: SKY     :PK WND
================================================================================
1   2   3   4   5  6A  6B    7    8   9   10  11  12  13   14  15   16   17  18
                                     12Z  AVG MX 2MIN
DY MAX MIN AVG DEP HDD CDD  WTR  SNW DPTH SPD SPD DIR MIN PSBL S-S WX    SPD DR
================================================================================

 1  72  57  65   2   0   0 0.00  0.0    0  7.6 17 280   M    M   7 1      23 280
 2  70  58  64   1   1   0 0.00  0.0    0  8.7 15 270   M    M   7 1       M  M
 3  70  59  65   2   0   0 0.00  0.0    0  6.8 16 280   M    M   7 1      21 300
 4  70  60  65   2   0   0 0.00  0.0    0  7.8 16 300   M    M  10        22 310
 5  74  61  68   5   0   3 0.00  0.0    0  7.8 18 280   M    M   8        22 290
 6  74  60  67   4   0   2    T  0.0    0  6.9 18 300   M    M   8 1      23 300
 7  71  59  65   1   0   0 0.00  0.0    0  8.1 18 270   M    M   7 1      26 280
 8  70  60  65   1   0   0 0.00  0.0    0  8.3 17 290   M    M   4 8      23 270
 9  68  59  64   0   1   0 0.00  0.0    0  8.9 17 280   M    M   8 8      22 270
10  70  59  65   1   0   0 0.00  0.0    0  7.9 15 290   M    M   6        20 270
11  72  60  66   2   0   1 0.00  0.0    0  7.5 17 290   M    M   5        22 290
12  72  60  66   2   0   1 0.00  0.0    0  7.7 17 260   M    M   5        23 260
13  75  58  67   3   0   2 0.00  0.0    0  7.5 15 280   M    M   7        20 270
14  71  59  65   1   0   0 0.00  0.0    0  6.5 16 290   M    M   7 1      24 280
15  73  58  66   2   0   1 0.00  0.0    0  6.2 16 290   M    M   6 1      22 300
16  73  57  65   1   0   0 0.00  0.0    0  7.1 17 300   M    M   6 18     22 320
17  71  56  64   0   1   0 0.00  0.0    0  6.9 16 260   M    M   6 18     21 280
18  71  58  65   1   0   0    T  0.0    0  8.3 17 260   M    M   8 1      22 290
19  70  59  65   1   0   0    T  0.0    0  7.0 15 270   M    M  10 1      20 270
20  73  63  68   4   0   3 0.00  0.0    0  5.9 20 300   M    M   7        24 290
21  75  60  68   4   0   3 0.00  0.0    0  7.0 17 280   M    M   6        22 300
22  72  59  66   2   0   1 0.00  0.0    0  6.8 18 280   M    M   8        25 280
23  72  59  66   2   0   1 0.00  0.0    0  7.6 18 290   M    M   7 8      23 280
24  73  60  67   3   0   2 0.00  0.0    0  6.9 18 280   M    M   6        23 260
25  72  61  67   3   0   2 0.00  0.0    0  7.1 18 300   M    M   6        24 300
26  76  58  67   3   0   2 0.00  0.0    0  5.4 17 260   M    M   4        21 290
27  83  54  69   5   0   4 0.00  0.0    0  6.5 17 270   M    M   1        22 280
28  75  59  67   3   0   2 0.00  0.0    0  6.9 18 270   M    M   7 8      25 250
29  78  59  69   5   0   4 0.00  0.0    0  5.8 21 280   M    M   5 18     26 280
30  78  58  68   4   0   3 0.00  0.0    0  6.7 16 270   M    M   3 12     25 330
31  73  62  68   3   0   3 0.00  0.0    0  9.6 18 300   M    M   3        23 290
================================================================================
SM 2257 1829         3  40    T      0.0 225.7          M      195
================================================================================
AV 72.8 59.0                               7.3 FASTST   M    M   6    MAX(MPH)
                                 MISC ---->  # 21 280               # 26  280
================================================================================
NOTES:
# LAST OF SEVERAL OCCURRENCES

COLUMN 17 PEAK WIND IN M.P.H.

PRELIMINARY LOCAL CLIMATOLOGICAL DATA (WS FORM: F-6) , PAGE 2

                                          STATION:  SALINAS AIRPORT
                                          MONTH:    AUGUST
                                          YEAR:     2014
                                          LATITUDE:   36 40 N
                                          LONGITUDE: 121 36 W

[TEMPERATURE DATA]      [PRECIPITATION DATA]       SYMBOLS USED IN COLUMN 16

AVERAGE MONTHLY: 65.9   TOTAL FOR MONTH:      T    1 = FOG OR MIST
DPTR FM NORMAL:   2.0   DPTR FM NORMAL:   -0.03    2 = FOG REDUCING VISIBILITY
HIGHEST:    83 ON 27    GRTST 24HR    T  ON 19-19      TO 1/4 MILE OR LESS
LOWEST:     54 ON 27                               3 = THUNDER
                        SNOW, ICE PELLETS, HAIL    4 = ICE PELLETS
                        TOTAL MONTH:   0.0 INCH    5 = HAIL
                        GRTST 24HR     0.0         6 = FREEZING RAIN OR DRIZZLE
                        GRTST DEPTH:   0           7 = DUSTSTORM OR SANDSTORM:
                                                       VSBY 1/2 MILE OR LESS
                                                   8 = SMOKE OR HAZE
[NO. OF DAYS WITH]      [WEATHER - DAYS WITH]      9 = BLOWING SNOW
                                                   X = TORNADO
MAX 32 OR BELOW:   0    0.01 INCH OR MORE:   0
MAX 90 OR ABOVE:   0    0.10 INCH OR MORE:   0
MIN 32 OR BELOW:   0    0.50 INCH OR MORE:   0
MIN  0 OR BELOW:   0    1.00 INCH OR MORE:   0

[HDD (BASE 65) ]
TOTAL THIS MO.     3    CLEAR  (SCALE 0-3)   3
DPTR FM NORMAL   -54    PTCLDY (SCALE 4-7)  24
TOTAL FM JUL 1    41    CLOUDY (SCALE 8-10)  4
DPTR FM NORMAL   -94

[CDD (BASE 65) ]
TOTAL THIS MO.    40
DPTR FM NORMAL    17    [PRESSURE DATA]
TOTAL FM JAN 1   133    HIGHEST SLP M ON M
DPTR FM NORMAL    64    LOWEST  SLP 29.80 ON 19

[REMARKS]
#FINAL-08-14#




U.S. Dept. of Commerce
NOAA National Weather Service
1325 East West Highway
Silver Spring, MD 20910
E-mail: w-nws.webmaster@noaa.gov
Page last modified: May 16, 2007
NATIONAL WEATHER SERVICE: for Safety, for Work, for Fun - FOR LIFE