794
CXAK56 PASN 231136
CF6SNP

PRELIMINARY LOCAL CLIMATOLOGICAL DATA (WS FORM: F-6)

                                          STATION:   ST PAUL
                                          MONTH:     04
                                          YEAR:      2014
                                          LATITUDE:   57 10 N
                                          LONGITUDE: 170 13 W

  TEMPERATURE IN F:       :PCPN:    SNOW:  WIND      :SUNSHINE: SKY     :PK WND
================================================================================
1   2   3   4   5  6A  6B    7     8   9   10  11  12  13   14  15   16  17  18
                                      12Z  AVG MX 2MIN
DY MAX MIN AVG DEP HDD CDD  WTR   SNW DPTH SPD SPD DIR MIN PSBL S-S WX   SPD DR
================================================================================

 1  39  33  36  10  29   0     T  0.0   1 12.3 18   70   M    M   M 2     23  60
 2  37  33  35   9  30   0  0.01    T   1 10.5 18   70   M    M   M 1248  23  70
 3  35  32  34   8  31   0  0.08    T   T 17.3 23   70   M    M   M 1     28  60
 4  33  24  29   2  36   0     T    T   T 26.4 36  360   M    M   M 1     41 360
 5  25  21  23  -4  42   0     T    T   T 23.8 31  350   M    M   M       37 360
 6  27  20  24  -3  41   0     T    T   T 12.1 22  360   M    M   M       26 360
 7  28  20  24  -3  41   0     T    T   T  9.9 28   90   M    M   M 1     33 100
 8  32  26  29   2  36   0     T    T   T 27.3 35   90   M    M   M       42  90
 9  37  31  34   6  31   0  0.01  0.1   T 20.7 31  110   M    M   M 1     38 100
10  38  32  35   7  30   0  0.01  0.0   T 15.6 21  110   M    M   M 1     26 110
11  38  32  35   7  30   0  0.07  0.8   T 20.9 31   50   M    M   M 1     38  50
12  39  33  36   8  29   0  0.11  0.1   1 15.5 28   60   M    M   M 1     33  60
13  36  33  35   6  30   0  0.22    T   T 11.5 24  180   M    M   M 1     30 180
14  39  33  36   7  29   0  0.02    T   T 17.8 30  110   M    M   M 1     36 120
15  39  33  36   7  29   0  0.11    T   T 14.7 28  110   M    M   M 1     35 110
16  41  33  37   8  28   0  0.03    T   T 11.4 17   80   M    M   M 1     23  80
17  40  30  35   5  30   0     T    T   T 13.2 20   60   M    M   M 1     24  60
18  35  30  33   3  32   0  0.01    T   T 12.1 22  350   M    M   M 1     26 350
19  38  28  33   3  32   0     T    T   T 16.3 26  330   M    M   M 1     32 330
20  39  30  35   5  30   0     T    T   T  7.9 20  110   M    M   M 1     23 110
21  38  31  35   4  30   0  0.10    T   T 22.9 32   90   M    M   M 1     39  90
22  42  36  39   8  26   0     T    T   T 15.3 21   90   M    M   M 1     26 110
================================================================================
SM  795  654       702   0  0.78 1.0    355.4           M        M
================================================================================
AV 36.1 29.7                             16.2 FASTST  PSBL  %   M    MAX(MPH)
                                 MISC ---->     36  360                 42  90
================================================================================
NOTES:
# LAST OF SEVERAL OCCURRENCES

COLUMN 17 PEAK WIND IN M.P.H.

PRELIMINARY LOCAL CLIMATOLOGICAL DATA (WS FORM: F-6) , PAGE 2

                                          STATION:   ST PAUL
                                          MONTH:     04
                                          YEAR:      2014
                                          LATITUDE:  57 10 N
                                          LONGITUDE: 170 13 W

[TEMPERATURE DATA]      [PRECIPITATION DATA]       SYMBOLS USED IN COLUMN 16

AVERAGE MONTHLY:32.9   TOTAL FOR MONTH: 0.78       1 = FOG
DPTR FM NORMAL:  4.6   DPTR FM NORMAL: -0.01       2 = FOG REDUCING VISIBILITY
HIGHEST:    42 ON 22    GRTST 24HR   0.22 ON 13        TO 1/4 MILE OR LESS
LOWEST:     20 ON  7                               3 = THUNDER
                        SNOW, ICE PELLETS, HAIL    4 = ICE PELLETS
                        TOTAL MONTH: 1.0   INCH  5 = HAIL
                        GRTST 24HR   0.8 ON 11     6 = GLAZE OR RIME
                        GRTST DEPTH:    1 ON 12    7 = BLOWING DUST OR SAND:
                                                       VSBY 1/2 MILE OR LESS
                                                   8 = SMOKE OR HAZE
[NO. OF DAYS WITH]      [WEATHER - DAYS WITH]      9 = BLOWING SNOW
                                                   X = TORNADO
MAX 32 OR BELOW:   4    0.01 INCH OR MORE:  12
MAX 70 OR ABOVE:   0    0.10 INCH OR MORE:   4
MIN 32 OR BELOW:  14    0.50 INCH OR MORE:   0
MIN  0 OR BELOW:   0    1.00 INCH OR MORE:   0

[HDD (BASE 65) ]
TOTAL THIS MO.   702    CLEAR  (SCALE 0-3)   M
DPTR FM NORMAL  -105    PTCLDY (SCALE 4-7)   M
SEASONAL TOTAL  8394    CLOUDY (SCALE 8-10)  M
DPTR FM NORMAL  -569

[CDD (BASE 65) ]
TOTAL THIS MO.     0
DPTR FM NORMAL     0    [PRESSURE DATA]
SEASONAL TOTAL     0    HIGHEST SLP     M
DPTR FM NORMAL     0    LOWEST  SLP     M

[REMARKS]






U.S. Dept. of Commerce
NOAA National Weather Service
1325 East West Highway
Silver Spring, MD 20910
E-mail: w-nws.webmaster@noaa.gov
Page last modified: May 16, 2007
NATIONAL WEATHER SERVICE: for Safety, for Work, for Fun - FOR LIFE