550
CXAK56 PASN 201138
CF6SNP

PRELIMINARY LOCAL CLIMATOLOGICAL DATA (WS FORM: F-6)

                                          STATION:   ST PAUL
                                          MONTH:     09
                                          YEAR:      2014
                                          LATITUDE:   57 10 N
                                          LONGITUDE: 170 13 W

  TEMPERATURE IN F:       :PCPN:    SNOW:  WIND      :SUNSHINE: SKY     :PK WND
================================================================================
1   2   3   4   5  6A  6B    7     8   9   10  11  12  13   14  15   16  17  18
                                      12Z  AVG MX 2MIN
DY MAX MIN AVG DEP HDD CDD  WTR   SNW DPTH SPD SPD DIR MIN PSBL S-S WX   SPD DR
================================================================================

 1  56  51  54   6  11   0     T  0.0   0 18.7 29  260   M    M   M 1     39 260
 2  58  51  55   7  10   0  0.00  0.0   0  9.8 18  270   M    M   M 1     23 280
 3  57  49  53   5  12   0     T  0.0   0  7.6 14  330   M    M   M 18    17 340
 4  57  43  50   2  15   0     T  0.0   0  8.9 16  330   M    M   M       22 330
 5  58  39  49   1  16   0  0.00  0.0   0  8.6 14   40   M    M   M       19  30
 6  53  50  52   5  13   0  0.42  0.0   0 18.1 28  110   M    M   M 1     35  90
 7  56  52  54   7  11   0  0.12  0.0   0 17.2 24  110   M    M   M 18    31 110
 8  53  51  52   5  13   0  0.36  0.0   0 16.9 23  150   M    M   M 18    31 170
 9  53  51  52   5  13   0  0.01  0.0   0 10.9 17  180   M    M   M 12    20 180
10  53  50  52   5  13   0  0.23  0.0   0  9.7 18  150   M    M   M 12    22 150
11  54  47  51   4  14   0  0.81  0.0   0 10.5 26  340   M    M   M 1     31 340
12  54  48  51   5  14   0  0.23  0.0   0 26.7 40  140   M    M   M 1     49 120
13  54  48  51   5  14   0  0.35  0.0   0 25.2 41  110   M    M   M 1     53 100
14  56  48  52   6  13   0  0.00  0.0   0 17.8 28  310   M    M   M       32 300
15  54  46  50   4  15   0  0.07  0.0   0  6.7 13  230   M    M   M 1     15 280
16  55  45  50   5  15   0  0.06  0.0   0  8.6 17  350   M    M   M 1     21 350
17  55  44  50   5  15   0  0.08  0.0   0 12.9 23  360   M    M   M 1     27 360
18  53  41  47   2  18   0  0.18  0.0   0 16.7 28  340   M    M   M 1     35 340
19  54  45  50   5  15   0  0.03  0.0   0 13.3 24  350   M    M   M 1     29 350
================================================================================
SM 1043  899       260   0  2.95 0.0    264.8           M        M
================================================================================
AV 54.9 47.3                             13.9 FASTST  PSBL  %   M    MAX(MPH)
                                 MISC ---->     41  110                 53 100
================================================================================
NOTES:
# LAST OF SEVERAL OCCURRENCES

COLUMN 17 PEAK WIND IN M.P.H.

PRELIMINARY LOCAL CLIMATOLOGICAL DATA (WS FORM: F-6) , PAGE 2

                                          STATION:   ST PAUL
                                          MONTH:     09
                                          YEAR:      2014
                                          LATITUDE:  57 10 N
                                          LONGITUDE: 170 13 W

[TEMPERATURE DATA]      [PRECIPITATION DATA]       SYMBOLS USED IN COLUMN 16

AVERAGE MONTHLY:51.1   TOTAL FOR MONTH: 2.95       1 = FOG
DPTR FM NORMAL:  4.5   DPTR FM NORMAL: 1.03       2 = FOG REDUCING VISIBILITY
HIGHEST:    58 ON  5    GRTST 24HR   0.81 ON 11        TO 1/4 MILE OR LESS
LOWEST:     39 ON  5                               3 = THUNDER
                        SNOW, ICE PELLETS, HAIL    4 = ICE PELLETS
                        TOTAL MONTH: 0.0         5 = HAIL
                        GRTST 24HR   0.0           6 = GLAZE OR RIME
                        GRTST DEPTH:    0          7 = BLOWING DUST OR SAND:
                                                       VSBY 1/2 MILE OR LESS
                                                   8 = SMOKE OR HAZE
[NO. OF DAYS WITH]      [WEATHER - DAYS WITH]      9 = BLOWING SNOW
                                                   X = TORNADO
MAX 32 OR BELOW:   0    0.01 INCH OR MORE:  13
MAX 70 OR ABOVE:   0    0.10 INCH OR MORE:   8
MIN 32 OR BELOW:   0    0.50 INCH OR MORE:   1
MIN  0 OR BELOW:   0    1.00 INCH OR MORE:   0

[HDD (BASE 65) ]
TOTAL THIS MO.   260    CLEAR  (SCALE 0-3)   M
DPTR FM NORMAL   -90    PTCLDY (SCALE 4-7)   M
SEASONAL TOTAL  1077    CLOUDY (SCALE 8-10)  M
DPTR FM NORMAL  -325

[CDD (BASE 65) ]
TOTAL THIS MO.     0
DPTR FM NORMAL     0    [PRESSURE DATA]
SEASONAL TOTAL     0    HIGHEST SLP     M
DPTR FM NORMAL     0    LOWEST  SLP     M

[REMARKS]






U.S. Dept. of Commerce
NOAA National Weather Service
1325 East West Highway
Silver Spring, MD 20910
E-mail: w-nws.webmaster@noaa.gov
Page last modified: May 16, 2007
NATIONAL WEATHER SERVICE: for Safety, for Work, for Fun - FOR LIFE