454
CXUS54 KMAF 291100
CF6SNK
PRELIMINARY LOCAL CLIMATOLOGICAL DATA (WS FORM: F-6)

                                          STATION:   Snyder Winston Field
                                          MONTH:     JULY
                                          YEAR:      2014
                                          LATITUDE:   32 41 N
                                          LONGITUDE: 100 57 W

  TEMPERATURE IN F:       :PCPN:    SNOW:  WIND      :SUNSHINE: SKY     :PK WND
================================================================================
1   2   3   4   5  6A  6B    7    8   9   10  11  12  13   14  15   16   17  18
                                     12Z  AVG MX 2MIN
DY MAX MIN AVG DEP HDD CDD  WTR  SNW DPTH SPD SPD DIR MIN PSBL S-S WX    SPD DR
================================================================================

 1  92  76  84   M   0  19 0.00  0.0    0 10.5 21 110   M    M   4        28 100
 2  86  72  79   M   0  14 0.00  0.0    0  8.8 17  70   M    M   3        23  60
 3  88  69  79   M   0  14 0.00  0.0    0 10.8 17  80   M    M   3 3      24  80
 4  94  67  81   M   0  16 0.00  0.0    0  9.9 17 120   M    M   1        24 120
 5  94  70  82   M   0  17 0.00  0.0    0 10.5 17 130   M    M   1        24 130
 6  93  71  82   M   0  17 0.00  0.0    0  8.7 14 180   M    M   1        20 180
 7  95  71  83   M   0  18 0.00  0.0    0  8.2 12 160   M    M   1 8      23 190
 8  95  69  82   M   0  17 0.00  0.0    0  7.7 14 180   M    M   2        20 130
 9  95  71  83   M   0  18 0.00  0.0    0  9.0 15 140   M    M   1        22 140
10  93  70  82   M   0  17 0.00  0.0    0  9.2 14 160   M    M   0        27 150
11  86  67  77   M   0  12 0.00  0.0    0 11.2 20 130   M    M   3        25 160
12  94  71  83   M   0  18 0.00  0.0    0 11.3 18 150   M    M   1        27 150
13  96  68  82   M   0  17 0.00  0.0    0  5.9 10 170   M    M   1        20 170
14  96  70  83   M   0  18 0.10  0.0    0  6.2 17  60   M    M   3 3      25  60
15  83  71  77   M   0  12 0.01  0.0    0  9.5 16  30   M    M   4        20  30
16  90  68  79   M   0  14 0.03  0.0    0  9.5 17 240   M    M   4 3      33 240
17  78  65  72   M   0   7 0.03  0.0    0 10.5 18  10   M    M   8        23  10
18  83  65  74   M   0   9 0.02  0.0    0  6.4 13  90   M    M   6 1      16  90
19  91  64  78   M   0  13 0.00  0.0    0  8.3 15 160   M    M   3        18 140
20  96  71  84   M   0  19 0.00  0.0    0 10.7 15 190   M    M   0        21 190
21  98  74  86   M   0  21 0.00  0.0    0 10.0 14 190   M    M   1        20 190
22  97  75  86   M   0  21 0.00  0.0    0  7.6 14 110   M    M   1        17 110
23  98  73  86   M   0  21 0.00  0.0    0  6.0 12  90   M    M   0        20  70
24  99  71  85   M   0  20 0.00  0.0    0  6.9 12 100   M    M   0        18  90
25  99  69  84   M   0  19 0.00  0.0    0  8.5 14 160   M    M   0        21 170
26  99  73  86   M   0  21 0.00  0.0    0  9.9 15 200   M    M   0        22 180
27 100  75  88   M   0  23 0.00  0.0    0  8.6 15 110   M    M   1        21 110
28  89  75  82   M   0  17 0.00  0.0    0 10.3 18  70   M    M   1        28  70
================================================================================
SM 2597 1971         0 469  0.19     0.0 250.6          M       54
================================================================================
AV 92.8 70.4                               8.9 FASTST   M    M   2    MAX(MPH)
                                 MISC ---->    21   M                 33    M
================================================================================
NOTES:
# LAST OF SEVERAL OCCURRENCES

COLUMN 17 PEAK WIND IN M.P.H.

PRELIMINARY LOCAL CLIMATOLOGICAL DATA (WS FORM: F-6) , PAGE 2

                                          STATION:  Snyder Winston Field
                                          MONTH:    JULY
                                          YEAR:     2014
                                          LATITUDE:   32 41 N
                                          LONGITUDE: 100 57 W

[TEMPERATURE DATA]      [PRECIPITATION DATA]       SYMBOLS USED IN COLUMN 16

AVERAGE MONTHLY: 81.6   TOTAL FOR MONTH:   0.19    1 = FOG OR MIST
DPTR FM NORMAL:     M   DPTR FM NORMAL:       M    2 = FOG REDUCING VISIBILITY
HIGHEST:   100 ON 27    GRTST 24HR  0.10 ON 14-14      TO 1/4 MILE OR LESS
LOWEST:     64 ON 19                               3 = THUNDER
                        SNOW, ICE PELLETS, HAIL    4 = ICE PELLETS
                        TOTAL MONTH:   0.0 INCH    5 = HAIL
                        GRTST 24HR     0.0         6 = FREEZING RAIN OR DRIZZLE
                        GRTST DEPTH:   0           7 = DUSTSTORM OR SANDSTORM:
                                                       VSBY 1/2 MILE OR LESS
                                                   8 = SMOKE OR HAZE
[NO. OF DAYS WITH]      [WEATHER - DAYS WITH]      9 = BLOWING SNOW
                                                   X = TORNADO
MAX 32 OR BELOW:   0    0.01 INCH OR MORE:   5
MAX 90 OR ABOVE:  21    0.10 INCH OR MORE:   1
MIN 32 OR BELOW:   0    0.50 INCH OR MORE:   0
MIN  0 OR BELOW:   0    1.00 INCH OR MORE:   0

[HDD (BASE 65) ]
TOTAL THIS MO.     0    CLEAR  (SCALE 0-3)  22
DPTR FM NORMAL     M    PTCLDY (SCALE 4-7)   5
TOTAL FM JUL 1     0    CLOUDY (SCALE 8-10)  1
DPTR FM NORMAL     M

[CDD (BASE 65) ]
TOTAL THIS MO.   469
DPTR FM NORMAL     M    [PRESSURE DATA]
TOTAL FM JAN 1  1280    HIGHEST SLP M ON M
DPTR FM NORMAL     M    LOWEST  SLP M ON M

[REMARKS]




U.S. Dept. of Commerce
NOAA National Weather Service
1325 East West Highway
Silver Spring, MD 20910
E-mail: w-nws.webmaster@noaa.gov
Page last modified: May 16, 2007
NATIONAL WEATHER SERVICE: for Safety, for Work, for Fun - FOR LIFE