420
CXUS54 KMAF 011100
CF6SNK
PRELIMINARY LOCAL CLIMATOLOGICAL DATA (WS FORM: F-6)

                                          STATION:   Snyder Winston Field
                                          MONTH:     NOVEMBER
                                          YEAR:      2014
                                          LATITUDE:   32 41 N
                                          LONGITUDE: 100 57 W

  TEMPERATURE IN F:       :PCPN:    SNOW:  WIND      :SUNSHINE: SKY     :PK WND
================================================================================
1   2   3   4   5  6A  6B    7    8   9   10  11  12  13   14  15   16   17  18
                                     12Z  AVG MX 2MIN
DY MAX MIN AVG DEP HDD CDD  WTR  SNW DPTH SPD SPD DIR MIN PSBL S-S WX    SPD DR
================================================================================

 1  65  39  52   M  13   0 0.00  0.0    0  9.7 16 140   M    M   0        22 160
 2  70  51  61   M   4   0 0.00  0.0    0 14.5 22 190   M    M   2        28 180
 3  72  61  67   M   0   2 0.00  0.0    0 13.9 23 190   M    M   8        30 180
 4  66  44  55   M  10   0 1.21    M    0 13.3 23  10   M    M  10 1      29  10
 5  55  46  51   M  14   0 0.00  0.0    0  3.2  7  10   M    M   6         M  M
 6  66  40  53   M  12   0 0.00  0.0    0  6.4 15  40   M    M   0        18  70
 7  65  40  53   M  12   0 0.00  0.0    0  9.1 21 210   M    M   0        28 210
 8  63  45  54   M  11   0 0.00  0.0    0  8.3 21  10   M    M   1 8      28  10
 9  73  40  57   M   8   0 0.00  0.0    0 12.0 24 230   M    M   0        32 230
10  79  47  63   M   2   0 0.00  0.0    0 13.0 23 230   M    M   0        29 220
11  54  30  42   M  23   0 0.00  0.0    0 13.8 25  10   M    M   0        33  20
12  33  23  28   M  37   0 0.00  0.0    0 14.3 17  30   M    M   6        27  30
13  29  22  26   M  39   0 0.00  0.0    0  8.8 16  10   M    M   9        24  10
14  44  24  34   M  31   0 0.00  0.0    0  8.0 12 130   M    M   2        17 180
15  64  31  48   M  17   0 0.00  0.0    0 10.6 17 190   M    M   0        23 200
16  48  20  34   M  31   0 0.00  0.0    0 15.2 23 350   M    M   7 1      31  10
17  42  19  31   M  34   0 0.00  0.0    0  7.9 13  20   M    M   0        16  20
18  53  23  38   M  27   0 0.00  0.0    0  8.6 15 210   M    M   0        23 210
19  62  28  45   M  20   0 0.00  0.0    0  6.4 10 230   M    M   0         M  M
20  70  39  55   M  10   0 0.00  0.0    0  9.1 15 200   M    M   0        22 210
21  70  42  56   M   9   0 0.00  0.0    0  6.9 10 140   M    M   4 1       M  M
22  61  51  56   M   9   0 0.32  0.0    0  5.7 13 180   M    M   7 13      M  M
23  70  38  54   M  11   0 0.01    M    0 17.0 35 270   M    M   3        45 270
24  55  31  43   M  22   0 0.00  0.0    0  3.9  9 240   M    M   0         M  M
25  55  34  45   M  20   0 0.00  0.0    0 10.3 18 230   M    M   0        25 230
26  58  34  46   M  19   0 0.00  0.0    0  7.4 12 220   M    M   0         M  M
27  57  33  45   M  20   0 0.00  0.0    0  7.3 12 170   M    M   0         M  M
28  73  35  54   M  11   0 0.00  0.0    0 11.2 20 210   M    M   0        25 220
29  76  39  58   M   7   0 0.00  0.0    0 12.2 20 230   M    M   0        25 230
30  76  40  58   M   7   0 0.00  0.0    0 10.8 16  30   M    M   0        21 210
================================================================================
SM 1824 1089       490   2  1.54     0.0 298.8          M       65
================================================================================
AV 60.8 36.3                              10.0 FASTST   M    M   2    MAX(MPH)
                                 MISC ---->  # 35 270                 45    M
================================================================================
NOTES:
# LAST OF SEVERAL OCCURRENCES

COLUMN 17 PEAK WIND IN M.P.H.

PRELIMINARY LOCAL CLIMATOLOGICAL DATA (WS FORM: F-6) , PAGE 2

                                          STATION:  Snyder Winston Field
                                          MONTH:    NOVEMBER
                                          YEAR:     2014
                                          LATITUDE:   32 41 N
                                          LONGITUDE: 100 57 W

[TEMPERATURE DATA]      [PRECIPITATION DATA]       SYMBOLS USED IN COLUMN 16

AVERAGE MONTHLY: 48.5   TOTAL FOR MONTH:   1.54    1 = FOG OR MIST
DPTR FM NORMAL:     M   DPTR FM NORMAL:       M    2 = FOG REDUCING VISIBILITY
HIGHEST:    79 ON 10    GRTST 24HR  1.21 ON  4- 4      TO 1/4 MILE OR LESS
LOWEST:     19 ON 17                               3 = THUNDER
                        SNOW, ICE PELLETS, HAIL    4 = ICE PELLETS
                        TOTAL MONTH:   0.0 INCH    5 = HAIL
                        GRTST 24HR     0.0         6 = FREEZING RAIN OR DRIZZLE
                        GRTST DEPTH:   0           7 = DUSTSTORM OR SANDSTORM:
                                                       VSBY 1/2 MILE OR LESS
                                                   8 = SMOKE OR HAZE
[NO. OF DAYS WITH]      [WEATHER - DAYS WITH]      9 = BLOWING SNOW
                                                   X = TORNADO
MAX 32 OR BELOW:   1    0.01 INCH OR MORE:   3
MAX 90 OR ABOVE:   0    0.10 INCH OR MORE:   2
MIN 32 OR BELOW:  10    0.50 INCH OR MORE:   1
MIN  0 OR BELOW:   0    1.00 INCH OR MORE:   1

[HDD (BASE 65) ]
TOTAL THIS MO.   490    CLEAR  (SCALE 0-3)  22
DPTR FM NORMAL     M    PTCLDY (SCALE 4-7)   5
TOTAL FM JUL 1   552    CLOUDY (SCALE 8-10)  3
DPTR FM NORMAL     M

[CDD (BASE 65) ]
TOTAL THIS MO.     2
DPTR FM NORMAL     M    [PRESSURE DATA]
TOTAL FM JAN 1  2250    HIGHEST SLP M ON M
DPTR FM NORMAL     M    LOWEST  SLP M ON M

[REMARKS]
#FINAL-11-14#




U.S. Dept. of Commerce
NOAA National Weather Service
1325 East West Highway
Silver Spring, MD 20910
E-mail: w-nws.webmaster@noaa.gov
Page last modified: May 16, 2007
NATIONAL WEATHER SERVICE: for Safety, for Work, for Fun - FOR LIFE