423
CXUS56 KSGX 011445
CF6SNA
PRELIMINARY LOCAL CLIMATOLOGICAL DATA (WS FORM: F-6)

                                          STATION:   JOHN WAYNE AIRPORT CA
                                          MONTH:     SEPTEMBER
                                          YEAR:      2014
                                          LATITUDE:   33 40 N
                                          LONGITUDE: 117 53 W

  TEMPERATURE IN F:       :PCPN:    SNOW:  WIND      :SUNSHINE: SKY     :PK WND
================================================================================
1   2   3   4   5  6A  6B    7    8   9   10  11  12  13   14  15   16   17  18
                                     12Z  AVG MX 2MIN
DY MAX MIN AVG DEP HDD CDD  WTR  SNW DPTH SPD SPD DIR MIN PSBL S-S WX    SPD DR
================================================================================

 1  82  71  77   4   0  12 0.00  0.0    0  7.1 15 220   M    M   4        18 220
 2  84  71  78   5   0  13 0.00  0.0    0  6.1 14 210   M    M   5        18 190
 3  83  71  77   4   0  12 0.00  0.0    0  4.7 14 210   M    M   5        18 220
 4  82  71  77   4   0  12 0.00  0.0    0  4.1 14 210   M    M   6        18 210
 5  83  70  77   4   0  12 0.00  0.0    0  3.7 10 220   M    M   3 8      14 230
 6  88  71  80   7   0  15 0.00  0.0    0  3.5 10 200   M    M   1        15 210
 7  91  72  82   9   0  17 0.00  0.0    0  4.6 14 210   M    M   5        16 210
 8  91  76  84  12   0  19 0.00  0.0    0  3.9 12 210   M    M   8        15 200
 9  89  72  81   9   0  16 0.00  0.0    0  4.3 12 220   M    M   3        18 220
10  89  68  79   7   0  14 0.00  0.0    0  3.4 10 210   M    M   1        14 220
11  90  72  81   9   0  16 0.00  0.0    0  4.0 13 220   M    M   1        17 230
12  90  73  82  10   0  17 0.00  0.0    0  3.5 12 220   M    M   1        15 260
13  91  73  82  10   0  17 0.00  0.0    0  3.9 10 230   M    M   2        20 210
14  96  74  85  13   0  20 0.00  0.0    0  4.0 10 200   M    M   1        14 220
15  98  76  87  15   0  22 0.00  0.0    0  4.5 13 190   M    M   1        15 220
16 100  76  88  16   0  23 0.00  0.0    0  3.2 13 220   M    M   1 8      17 120
17  94  74  84  12   0  19 0.00  0.0    0  4.2 12 220   M    M   1        16 280
18  82  71  77   6   0  12 0.00  0.0    0  5.4 10 260   M    M   3        18 270
19  81  71  76   5   0  11 0.00  0.0    0  4.8 14 190   M    M   4        20 200
20  81  70  76   5   0  11 0.00  0.0    0  4.3 10 220   M    M   6        16 220
21  81  71  76   5   0  11 0.00  0.0    0  3.2 13 220   M    M   4        17 200
22  82  67  75   4   0  10 0.00  0.0    0  3.4 12 190   M    M   1        16 210
23  85  67  76   5   0  11 0.00  0.0    0  2.7 12 210   M    M   2 18     16 220
24  90  68  79   9   0  14 0.00  0.0    0  2.6 10 220   M    M   0        13 240
25  89  71  80  10   0  15 0.00  0.0    0  3.4 13 200   M    M   1        16 230
26  82  69  76   6   0  11 0.00  0.0    0  5.2 14 230   M    M   2        18 210
27  78  66  72   2   0   7 0.00  0.0    0  5.4 14 220   M    M   2        20 210
28  79  67  73   3   0   8 0.00  0.0    0  6.2 17 220   M    M   4        22 200
29  80  65  73   3   0   8 0.00  0.0    0  3.1 12 270   M    M   1        16 220
30  86  66  76   6   0  11 0.00  0.0    0  3.7 12 220   M    M   0        14 220
================================================================================
SM 2597 2120         0 416  0.00     0.0 126.1          M       79
================================================================================
AV 86.6 70.7                               4.2 FASTST   M    M   3    MAX(MPH)
                                 MISC ---->  # 17 220               # 22  200
================================================================================
NOTES:
# LAST OF SEVERAL OCCURRENCES

COLUMN 17 PEAK WIND IN M.P.H.

PRELIMINARY LOCAL CLIMATOLOGICAL DATA (WS FORM: F-6) , PAGE 2

                                          STATION:  JOHN WAYNE AIRPORT CA
                                          MONTH:    SEPTEMBER
                                          YEAR:     2014
                                          LATITUDE:   33 40 N
                                          LONGITUDE: 117 53 W

[TEMPERATURE DATA]      [PRECIPITATION DATA]       SYMBOLS USED IN COLUMN 16

AVERAGE MONTHLY: 78.6   TOTAL FOR MONTH:   0.00    1 = FOG OR MIST
DPTR FM NORMAL:   7.1   DPTR FM NORMAL:   -0.22    2 = FOG REDUCING VISIBILITY
HIGHEST:   100 ON 16    GRTST 24HR  0.00 ON 30-30      TO 1/4 MILE OR LESS
LOWEST:     65 ON 29                               3 = THUNDER
                        SNOW, ICE PELLETS, HAIL    4 = ICE PELLETS
                        TOTAL MONTH:   0.0 INCH    5 = HAIL
                        GRTST 24HR     0.0         6 = FREEZING RAIN OR DRIZZLE
                        GRTST DEPTH:   0           7 = DUSTSTORM OR SANDSTORM:
                                                       VSBY 1/2 MILE OR LESS
                                                   8 = SMOKE OR HAZE
[NO. OF DAYS WITH]      [WEATHER - DAYS WITH]      9 = BLOWING SNOW
                                                   X = TORNADO
MAX 32 OR BELOW:   0    0.01 INCH OR MORE:   0
MAX 90 OR ABOVE:  10    0.10 INCH OR MORE:   0
MIN 32 OR BELOW:   0    0.50 INCH OR MORE:   0
MIN  0 OR BELOW:   0    1.00 INCH OR MORE:   0

[HDD (BASE 65) ]
TOTAL THIS MO.     0    CLEAR  (SCALE 0-3)  19
DPTR FM NORMAL    -1    PTCLDY (SCALE 4-7)  11
TOTAL FM JUL 1     0    CLOUDY (SCALE 8-10)  0
DPTR FM NORMAL    -1

[CDD (BASE 65) ]
TOTAL THIS MO.   416
DPTR FM NORMAL   219    [PRESSURE DATA]
TOTAL FM JAN 1  1660    HIGHEST SLP M ON M
DPTR FM NORMAL   892    LOWEST  SLP 29.69 ON 16

[REMARKS]
#FINAL-09-14#




U.S. Dept. of Commerce
NOAA National Weather Service
1325 East West Highway
Silver Spring, MD 20910
E-mail: w-nws.webmaster@noaa.gov
Page last modified: May 16, 2007
NATIONAL WEATHER SERVICE: for Safety, for Work, for Fun - FOR LIFE