654
CXUS56 KSGX 311445
CF6SNA
PRELIMINARY LOCAL CLIMATOLOGICAL DATA (WS FORM: F-6)

                                          STATION:   JOHN WAYNE AIRPORT CA
                                          MONTH:     JULY
                                          YEAR:      2014
                                          LATITUDE:   33 40 N
                                          LONGITUDE: 117 53 W

  TEMPERATURE IN F:       :PCPN:    SNOW:  WIND      :SUNSHINE: SKY     :PK WND
================================================================================
1   2   3   4   5  6A  6B    7    8   9   10  11  12  13   14  15   16   17  18
                                     12Z  AVG MX 2MIN
DY MAX MIN AVG DEP HDD CDD  WTR  SNW DPTH SPD SPD DIR MIN PSBL S-S WX    SPD DR
================================================================================

 1  79  68  74   5   0   9 0.00  0.0    0  4.4 13 230   M    M   5 8      15 220
 2  78  69  74   4   0   9 0.00  0.0    0  4.7 12 210   M    M   6 8      16 200
 3  83  68  76   6   0  11 0.00  0.0    0  5.4 13 200   M    M   5 8      16 220
 4  83  68  76   6   0  11 0.00  0.0    0  6.7 16 220   M    M   4 18     20 230
 5  87  70  79   9   0  14 0.00  0.0    0  5.4 15 200   M    M   3        20 210
 6  88  71  80  10   0  15 0.00  0.0    0  4.7 13 210   M    M   3 18     16 210
 7  83  69  76   6   0  11 0.00  0.0    0  6.0 17 200   M    M   3        21 190
 8  81  70  76   6   0  11 0.00  0.0    0  5.8 13 220   M    M   6        18 210
 9  82  70  76   6   0  11 0.00  0.0    0  6.0 14 190   M    M   6        17 220
10  82  70  76   5   0  11 0.00  0.0    0  4.6 13 200   M    M   5        20 220
11  81  69  75   4   0  10 0.00  0.0    0  4.2 12 240   M    M   6        16 230
12  80  67  74   3   0   9 0.00  0.0    0  4.8 14 200   M    M   6        17 190
13  79  69  74   3   0   9 0.00  0.0    0  6.9 16 220   M    M   3        22 220
14  79  70  75   4   0  10    T  0.0    0  6.7 17 190   M    M   7        23 180
15  76  70  73   2   0   8 0.00  0.0    0  6.4 14 200   M    M   9        20 200
16  81  69  75   4   0  10 0.00  0.0    0  4.7 13 220   M    M   6        22 210
17  80  69  75   3   0  10 0.00  0.0    0  4.3 12 270   M    M   5        18 240
18  79  67  73   1   0   8 0.00  0.0    0  4.3 13 220   M    M   4        18 240
19  75  69  72   0   0   7    T  0.0    0  3.3 10 280   M    M   7        14 280
20  81  70  76   4   0  11 0.00  0.0    0  4.6 14 220   M    M   6        18 220
21  80  69  75   3   0  10 0.00  0.0    0  4.3 12 240   M    M   4        18 270
22  84  68  76   4   0  11 0.00  0.0    0  4.5 13 220   M    M   2        16 240
23  87  67  77   5   0  12 0.00  0.0    0  5.1 13 210   M    M   1        16 210
24  89  69  79   7   0  14 0.00  0.0    0  4.7 13 220   M    M   2        16 230
25  83  72  78   6   0  13 0.00  0.0    0  6.9 18 210   M    M   5        23 210
26  83  69  76   4   0  11 0.00  0.0    0  5.5 13 210   M    M   5 18     20 210
27  89  71  80   8   0  15    T  0.0    0  4.9 15 200   M    M   5        18 220
28  92  73  83  11   0  18    T  0.0    0  3.6 14 210   M    M   5        16 270
29  86  71  79   7   0  14 0.00  0.0    0  5.3 13 220   M    M   5        16 230
30  86  70  78   6   0  13 0.00  0.0    0  4.9 13 220   M    M   4        17 200
================================================================================
SM 2476 2081         0 336    T      0.0 153.6          M      143
================================================================================
AV 82.5 69.4                               5.1 FASTST   M    M   5    MAX(MPH)
                                 MISC ---->  # 18 210               # 23  180
================================================================================
NOTES:
# LAST OF SEVERAL OCCURRENCES

COLUMN 17 PEAK WIND IN M.P.H.

PRELIMINARY LOCAL CLIMATOLOGICAL DATA (WS FORM: F-6) , PAGE 2

                                          STATION:  JOHN WAYNE AIRPORT CA
                                          MONTH:    JULY
                                          YEAR:     2014
                                          LATITUDE:   33 40 N
                                          LONGITUDE: 117 53 W

[TEMPERATURE DATA]      [PRECIPITATION DATA]       SYMBOLS USED IN COLUMN 16

AVERAGE MONTHLY: 75.9   TOTAL FOR MONTH:      T    1 = FOG OR MIST
DPTR FM NORMAL:   4.8   DPTR FM NORMAL:   -0.04    2 = FOG REDUCING VISIBILITY
HIGHEST:    92 ON 28    GRTST 24HR    T  ON 28-28      TO 1/4 MILE OR LESS
LOWEST:     67 ON 23,18                            3 = THUNDER
                        SNOW, ICE PELLETS, HAIL    4 = ICE PELLETS
                        TOTAL MONTH:   0.0 INCH    5 = HAIL
                        GRTST 24HR     0.0         6 = FREEZING RAIN OR DRIZZLE
                        GRTST DEPTH:   0           7 = DUSTSTORM OR SANDSTORM:
                                                       VSBY 1/2 MILE OR LESS
                                                   8 = SMOKE OR HAZE
[NO. OF DAYS WITH]      [WEATHER - DAYS WITH]      9 = BLOWING SNOW
                                                   X = TORNADO
MAX 32 OR BELOW:   0    0.01 INCH OR MORE:   0
MAX 90 OR ABOVE:   1    0.10 INCH OR MORE:   0
MIN 32 OR BELOW:   0    0.50 INCH OR MORE:   0
MIN  0 OR BELOW:   0    1.00 INCH OR MORE:   0

[HDD (BASE 65) ]
TOTAL THIS MO.     0    CLEAR  (SCALE 0-3)   6
DPTR FM NORMAL     0    PTCLDY (SCALE 4-7)  23
TOTAL FM JUL 1     0    CLOUDY (SCALE 8-10)  1
DPTR FM NORMAL     0

[CDD (BASE 65) ]
TOTAL THIS MO.   336
DPTR FM NORMAL   152    [PRESSURE DATA]
TOTAL FM JAN 1   863    HIGHEST SLP M ON M
DPTR FM NORMAL   536    LOWEST  SLP 29.74 ON 24

[REMARKS]




U.S. Dept. of Commerce
NOAA National Weather Service
1325 East West Highway
Silver Spring, MD 20910
E-mail: w-nws.webmaster@noaa.gov
Page last modified: May 16, 2007
NATIONAL WEATHER SERVICE: for Safety, for Work, for Fun - FOR LIFE