926
CXUS56 KSGX 011445
CF6SNA
PRELIMINARY LOCAL CLIMATOLOGICAL DATA (WS FORM: F-6)

                                          STATION:   JOHN WAYNE AIRPORT CA
                                          MONTH:     NOVEMBER
                                          YEAR:      2014
                                          LATITUDE:   33 40 N
                                          LONGITUDE: 117 53 W

  TEMPERATURE IN F:       :PCPN:    SNOW:  WIND      :SUNSHINE: SKY     :PK WND
================================================================================
1   2   3   4   5  6A  6B    7    8   9   10  11  12  13   14  15   16   17  18
                                     12Z  AVG MX 2MIN
DY MAX MIN AVG DEP HDD CDD  WTR  SNW DPTH SPD SPD DIR MIN PSBL S-S WX    SPD DR
================================================================================

 1  70  60  65   0   0   0 0.19  0.0    0  4.3 17 230   M    M   6 1      23 230
 2  71  57  64   0   1   0    T  0.0    0  3.1 12 220   M    M   4        15 220
 3  78  54  66   2   0   1 0.00  0.0    0  4.5 16  70   M    M   0        23  50
 4  83  56  70   6   0   5 0.00  0.0    0  3.3 14 220   M    M   1        18 220
 5  88  54  71   7   0   6 0.00  0.0    0  3.4 13 200   M    M   0        15 200
 6  92  59  76  12   0  11 0.00  0.0    0  2.6  9 270   M    M   0        13 280
 7  90  59  75  11   0  10 0.00  0.0    0  1.7  9 220   M    M   1        12 220
 8  90  58  74  11   0   9 0.00  0.0    0  2.3  9 220   M    M   0 28     13 210
 9  75  63  69   6   0   4 0.00  0.0    0  3.7  9 220   M    M   6 128    14 220
10  72  64  68   5   0   3 0.00  0.0    0  5.9 13 210   M    M   7        17 210
11  73  66  70   7   0   5 0.00  0.0    0  4.2 10 190   M    M   9        15 210
12  73  61  67   5   0   2 0.00  0.0    0  3.0 10 230   M    M   6        15 230
13  72  60  66   4   0   1    T  0.0    0  2.7 12 220   M    M   7        14 230
14  75  63  69   7   0   4    T  0.0    0  3.5 14 200   M    M   7 8      16 200
15  73  61  67   5   0   2 0.00  0.0    0  3.2 13 230   M    M   5        16 220
16  79  59  69   7   0   4 0.00  0.0    0  9.0 24  80   M    M   3        39  80
17  80  58  69   8   0   4 0.00  0.0    0  2.2 12 220   M    M   3        14 240
18  78  52  65   4   0   0 0.00  0.0    0  2.0  9 220   M    M   4        12 210
19  74  55  65   4   0   0 0.00  0.0    0  2.1 10 220   M    M   3        13 220
20  72  54  63   3   2   0    T  0.0    0  2.5 10 250   M    M   5        14 240
21  73  59  66   6   0   1 0.00  0.0    0  2.4 10 220   M    M   4        28 100
22  73  56  65   5   0   0 0.00  0.0    0  2.5 12 200   M    M   3        15 210
23  85  57  71  11   0   6 0.00  0.0    0  6.2 25  30   M    M   3        35  20
24  85  51  68   8   0   3 0.00  0.0    0  6.1 22  60   M    M   3        32  60
25  83  52  68   9   0   3 0.00  0.0    0  1.8  9 250   M    M   0        13 230
26  84  52  68   9   0   3 0.00  0.0    0  1.4 12 210   M    M   0        14 210
27  89  53  71  12   0   6 0.00  0.0    0  1.4  8 210   M    M   1         9 210
28  80  53  67   9   0   2 0.00  0.0    0  1.6  9 200   M    M   0        13 200
29  75  52  64   6   1   0 0.00  0.0    0  4.5 16 200   M    M   3 8      18 200
30  71  62  67   9   0   2 0.02  0.0    0  7.2 18 190   M    M   7        24 200
================================================================================
SM 2356 1720         4  97  0.21     0.0 104.3          M      101
================================================================================
AV 78.5 57.3                               3.5 FASTST   M    M   3    MAX(MPH)
                                 MISC ---->  # 25  30               # 39   80
================================================================================
NOTES:
# LAST OF SEVERAL OCCURRENCES

COLUMN 17 PEAK WIND IN M.P.H.

PRELIMINARY LOCAL CLIMATOLOGICAL DATA (WS FORM: F-6) , PAGE 2

                                          STATION:  JOHN WAYNE AIRPORT CA
                                          MONTH:    NOVEMBER
                                          YEAR:     2014
                                          LATITUDE:   33 40 N
                                          LONGITUDE: 117 53 W

[TEMPERATURE DATA]      [PRECIPITATION DATA]       SYMBOLS USED IN COLUMN 16

AVERAGE MONTHLY: 67.9   TOTAL FOR MONTH:   0.21    1 = FOG OR MIST
DPTR FM NORMAL:   6.3   DPTR FM NORMAL:   -1.04    2 = FOG REDUCING VISIBILITY
HIGHEST:    92 ON  6    GRTST 24HR  0.19 ON 31- 1      TO 1/4 MILE OR LESS
LOWEST:     51 ON 24                               3 = THUNDER
                        SNOW, ICE PELLETS, HAIL    4 = ICE PELLETS
                        TOTAL MONTH:   0.0 INCH    5 = HAIL
                        GRTST 24HR     0.0         6 = FREEZING RAIN OR DRIZZLE
                        GRTST DEPTH:   0           7 = DUSTSTORM OR SANDSTORM:
                                                       VSBY 1/2 MILE OR LESS
                                                   8 = SMOKE OR HAZE
[NO. OF DAYS WITH]      [WEATHER - DAYS WITH]      9 = BLOWING SNOW
                                                   X = TORNADO
MAX 32 OR BELOW:   0    0.01 INCH OR MORE:   2
MAX 90 OR ABOVE:   3    0.10 INCH OR MORE:   1
MIN 32 OR BELOW:   0    0.50 INCH OR MORE:   0
MIN  0 OR BELOW:   0    1.00 INCH OR MORE:   0

[HDD (BASE 65) ]
TOTAL THIS MO.     4    CLEAR  (SCALE 0-3)  14
DPTR FM NORMAL  -122    PTCLDY (SCALE 4-7)  15
TOTAL FM JUL 1     4    CLOUDY (SCALE 8-10)  1
DPTR FM NORMAL  -149

[CDD (BASE 65) ]
TOTAL THIS MO.    97
DPTR FM NORMAL    75    [PRESSURE DATA]
TOTAL FM JAN 1  2040    HIGHEST SLP 30.38 ON 25
DPTR FM NORMAL  1164    LOWEST  SLP 29.81 ON  9

[REMARKS]
#FINAL-11-14#




U.S. Dept. of Commerce
NOAA National Weather Service
1325 East West Highway
Silver Spring, MD 20910
E-mail: w-nws.webmaster@noaa.gov
Page last modified: May 16, 2007
NATIONAL WEATHER SERVICE: for Safety, for Work, for Fun - FOR LIFE