393
CXUS56 KSGX 301445
CF6SNA

PRELIMINARY LOCAL CLIMATOLOGICAL DATA (WS FORM: F-6)

                                          STATION:   JOHN WAYNE AIRPORT CA
                                          MONTH:     JANUARY
                                          YEAR:      2015
                                          LATITUDE:   33 40 N
                                          LONGITUDE: 117 53 W

  TEMPERATURE IN F:       :PCPN:    SNOW:  WIND      :SUNSHINE: SKY     :PK WND
================================================================================
1   2   3   4   5  6A  6B    7    8   9   10  11  12  13   14  15   16   17  18
                                     12Z  AVG MX 2MIN
DY MAX MIN AVG DEP HDD CDD  WTR  SNW DPTH SPD SPD DIR MIN PSBL S-S WX    SPD DR
================================================================================

 1  61  40  51  -5  14   0 0.00  0.0    0  2.6  9 190   M    M   0        14 190
 2  61  42  52  -4  13   0 0.00  0.0    0  2.0 10 220   M    M   1        15 240
 3  64  43  54  -2  11   0 0.00  0.0    0  1.9  9 220   M    M   1        13 220
 4  71  43  57   1   8   0 0.00  0.0    0  1.2  9 220   M    M   2 1      14  20
 5  80  46  63   7   2   0 0.00  0.0    0  1.0  8 210   M    M   2         9 220
 6  86  50  68  12   0   3 0.00  0.0    0  1.0  8 230   M    M   0        10 220
 7  79  51  65   9   0   0 0.00  0.0    0  1.9 10 220   M    M   3        14 220
 8  75  51  63   7   2   0 0.00  0.0    0  3.1 14 220   M    M   5        17 220
 9  72  57  65   9   0   0 0.00  0.0    0  2.2 10 210   M    M   5 128    13 210
10  68  53  61   4   4   0 0.09  0.0    0  1.1  7 350   M    M   8 128    12  10
11  64  58  61   4   4   0 0.60  0.0    0  2.3  8  60   M    M   8 18     10  60
12  66  54  60   3   5   0 0.00  0.0    0  1.9 10 200   M    M   7 18     13 210
13  70  57  64   7   1   0 0.00  0.0    0  4.8 14  60   M    M   3 8      21  60
14  75  50  63   6   2   0 0.00  0.0    0  1.6 10 270   M    M   2        14 250
15  78  48  63   6   2   0 0.00  0.0    0  1.3  8 270   M    M   1        15  10
16  73  49  61   4   4   0 0.00  0.0    0  2.0 10 210   M    M   2        13 210
17  77  49  63   6   2   0 0.00  0.0    0  0.8  8 220   M    M   1        12 220
18  73  53  63   6   2   0 0.00  0.0    0  1.4  9 220   M    M   4 8      12 220
19  69  51  60   3   5   0 0.00  0.0    0  2.6 12 210   M    M   4 18     14 180
20  63  57  60   3   5   0 0.00  0.0    0  2.3 10 230   M    M  10 18     14 230
21  75  58  67  10   0   2 0.00  0.0    0  3.8 18  50   M    M   4 8      24  40
22  74  50  62   5   3   0 0.00  0.0    0  1.5  8 190   M    M   6 128    10 120
23  82  49  66   9   0   1 0.00  0.0    0  3.4 15  80   M    M   1        20  90
24  84  63  74  17   0   9 0.00  0.0    0 14.9 32  80   M    M   0        48  70
25  86  54  70  13   0   5 0.00  0.0    0  3.5 15  60   M    M   3        26  60
26  80  59  70  13   0   5 0.13  0.0    0  5.1 21 220   M    M   7        28 210
27  74  54  64   7   1   0 0.00  0.0    0  1.4 10 220   M    M   4        14 220
28  75  55  65   8   0   0 0.00  0.0    0  1.2  9 220   M    M   6        12 220
29  76  61  69  12   0   4    T  0.0    0  2.3 10 210   M    M   7        13 210
================================================================================
SM 2131 1505        90  29  0.82     0.0  76.1          M      107
================================================================================
AV 73.5 51.9                               2.6 FASTST   M    M   4    MAX(MPH)
                                 MISC ---->  # 32  80               # 48   70
================================================================================
NOTES:
# LAST OF SEVERAL OCCURRENCES

COLUMN 17 PEAK WIND IN M.P.H.

PRELIMINARY LOCAL CLIMATOLOGICAL DATA (WS FORM: F-6) , PAGE 2

                                          STATION:  JOHN WAYNE AIRPORT CA
                                          MONTH:    JANUARY
                                          YEAR:     2015
                                          LATITUDE:   33 40 N
                                          LONGITUDE: 117 53 W

[TEMPERATURE DATA]      [PRECIPITATION DATA]       SYMBOLS USED IN COLUMN 16

AVERAGE MONTHLY: 62.7   TOTAL FOR MONTH:   0.82    1 = FOG OR MIST
DPTR FM NORMAL:   6.0   DPTR FM NORMAL:   -1.93    2 = FOG REDUCING VISIBILITY
HIGHEST:    86 ON 25, 6 GRTST 24HR  0.64 ON 10-11      TO 1/4 MILE OR LESS
LOWEST:     40 ON  1                               3 = THUNDER
                        SNOW, ICE PELLETS, HAIL    4 = ICE PELLETS
                        TOTAL MONTH:   0.0 INCH    5 = HAIL
                        GRTST 24HR     0.0         6 = FREEZING RAIN OR DRIZZLE
                        GRTST DEPTH:   0           7 = DUSTSTORM OR SANDSTORM:
                                                       VSBY 1/2 MILE OR LESS
                                                   8 = SMOKE OR HAZE
[NO. OF DAYS WITH]      [WEATHER - DAYS WITH]      9 = BLOWING SNOW
                                                   X = TORNADO
MAX 32 OR BELOW:   0    0.01 INCH OR MORE:   3
MAX 90 OR ABOVE:   0    0.10 INCH OR MORE:   2
MIN 32 OR BELOW:   0    0.50 INCH OR MORE:   1
MIN  0 OR BELOW:   0    1.00 INCH OR MORE:   0

[HDD (BASE 65) ]
TOTAL THIS MO.    90    CLEAR  (SCALE 0-3)  14
DPTR FM NORMAL  -153    PTCLDY (SCALE 4-7)  13
TOTAL FM JUL 1   204    CLOUDY (SCALE 8-10)  2
DPTR FM NORMAL  -471

[CDD (BASE 65) ]
TOTAL THIS MO.    29
DPTR FM NORMAL    29    [PRESSURE DATA]
TOTAL FM JAN 1    29    HIGHEST SLP M ON M
DPTR FM NORMAL    29    LOWEST  SLP 29.92 ON 25

[REMARKS]




U.S. Dept. of Commerce
NOAA National Weather Service
1325 East West Highway
Silver Spring, MD 20910
E-mail: w-nws.webmaster@noaa.gov
Page last modified: May 16, 2007
NATIONAL WEATHER SERVICE: for Safety, for Work, for Fun - FOR LIFE