927
CXUS55 KLOX 291655
CF6SMX
PRELIMINARY LOCAL CLIMATOLOGICAL DATA (WS FORM: F-6)

                                          STATION:   SANTA MARIA AIRPORT CA
                                          MONTH:     JANUARY
                                          YEAR:      2015
                                          LATITUDE:   34 54 N
                                          LONGITUDE: 120 27 W

  TEMPERATURE IN F:       :PCPN:    SNOW:  WIND      :SUNSHINE: SKY     :PK WND
================================================================================
1   2   3   4   5  6A  6B    7    8   9   10  11  12  13   14  15   16   17  18
                                     12Z  AVG MX 2MIN
DY MAX MIN AVG DEP HDD CDD  WTR  SNW DPTH SPD SPD DIR MIN PSBL S-S WX    SPD DR
================================================================================

 1  62  32  47  -4  18   0 0.00  0.0    0  3.3 10 250   M    M   0         M  M
 2  60  33  47  -4  18   0 0.00  0.0    0  2.8 12 300   M    M   0         M  M
 3  62  35  49  -2  16   0 0.00  0.0    0  4.0 14 310   M    M   0 8       M  M
 4  65  37  51   0  14   0 0.00  0.0    0  3.0  9 320   M    M   2        11 310
 5  78  40  59   8   6   0 0.00  0.0    0  2.9  9 300   M    M   0         M  M
 6  82  44  63  12   2   0 0.00  0.0    0  2.5  9 300   M    M   0         M  M
 7  80  45  63  12   2   0 0.00  0.0    0  2.9 10 300   M    M   2        12 300
 8  75  48  62  11   3   0 0.00  0.0    0  2.9 13 300   M    M   2        17 250
 9  73  48  61  10   4   0    T    M    0  3.4 16 260   M    M   4         M  M
10  68  53  61  10   4   0 0.19  0.0    0  2.7 12 300   M    M   9 1       M  M
11  68  51  60   9   5   0 0.10  0.0    0  3.0 13 310   M    M   6 128    15 320
12  67  46  57   6   8   0 0.00  0.0    M  5.7 17 300   M    M   2 128     M  M
13  71  46  59   8   6   0 0.00  0.0    0  4.6 15 320   M    M   0 8      25 330
14  72  42  57   6   8   0 0.00  0.0    0  2.8 14 300   M    M   1         M  M
15  70  40  55   4  10   0 0.00  0.0    0  4.9 12 310   M    M   0        17 330
16  69  41  55   4  10   0 0.00    M    0  6.3 18 300   M    M   1         M  M
17  79  47  63  11   2   0 0.00  0.0    0  3.9 17 300   M    M   1         M  M
18  73  47  60   8   5   0 0.00  0.0    0  4.1  9 320   M    M   3 128    14 290
19  76  44  60   8   5   0 0.00    M    0  6.9 23 300   M    M   1 128    27 310
20  69  48  59   7   6   0 0.00    M    0  6.9 23 300   M    M   3 1      30 360
21  70  40  55   3  10   0 0.00  0.0    0  2.6 13  90   M    M   0         M  M
22  72  42  57   5   8   0 0.00  0.0    0  3.2 13 310   M    M   4        15 310
23  76  38  57   5   8   0 0.00  0.0    0  3.3 12 310   M    M   0        14 300
24  82  39  61   9   4   0 0.00  0.0    0  4.0 15 300   M    M   0        17 300
25  81  43  62  10   3   0 0.00  0.0    0  3.8 13 260   M    M   0 8      16 250
26  76  49  63  11   2   0    T    M    0  3.6 13 130   M    M   6        19 140
27  71  55  63  11   2   0 0.03  0.0    0  3.4 14 220   M    M   7 18     26 210
28  71  49  60   8   5   0 0.00  0.0    0  2.8  8  20   M    M   7 12      M  M
================================================================================
SM 2018 1222       194   0  0.32     0.0 106.3          M       61
================================================================================
AV 72.1 43.6                               3.8 FASTST   M    M   2    MAX(MPH)
                                 MISC ---->  # 23 300               # 30  360
================================================================================
NOTES:
# LAST OF SEVERAL OCCURRENCES

COLUMN 17 PEAK WIND IN M.P.H.

PRELIMINARY LOCAL CLIMATOLOGICAL DATA (WS FORM: F-6) , PAGE 2

                                          STATION:  SANTA MARIA AIRPORT CA
                                          MONTH:    JANUARY
                                          YEAR:     2015
                                          LATITUDE:   34 54 N
                                          LONGITUDE: 120 27 W

[TEMPERATURE DATA]      [PRECIPITATION DATA]       SYMBOLS USED IN COLUMN 16

AVERAGE MONTHLY: 57.9   TOTAL FOR MONTH:   0.32    1 = FOG OR MIST
DPTR FM NORMAL:   6.4   DPTR FM NORMAL:   -2.13    2 = FOG REDUCING VISIBILITY
HIGHEST:    82 ON 24, 6 GRTST 24HR  0.29 ON 10-11      TO 1/4 MILE OR LESS
LOWEST:     32 ON  1                               3 = THUNDER
                        SNOW, ICE PELLETS, HAIL    4 = ICE PELLETS
                        TOTAL MONTH:   0.0 INCH    5 = HAIL
                        GRTST 24HR     0.0         6 = FREEZING RAIN OR DRIZZLE
                        GRTST DEPTH:   0           7 = DUSTSTORM OR SANDSTORM:
                                                       VSBY 1/2 MILE OR LESS
                                                   8 = SMOKE OR HAZE
[NO. OF DAYS WITH]      [WEATHER - DAYS WITH]      9 = BLOWING SNOW
                                                   X = TORNADO
MAX 32 OR BELOW:   0    0.01 INCH OR MORE:   3
MAX 90 OR ABOVE:   0    0.10 INCH OR MORE:   2
MIN 32 OR BELOW:   1    0.50 INCH OR MORE:   0
MIN  0 OR BELOW:   0    1.00 INCH OR MORE:   0

[HDD (BASE 65) ]
TOTAL THIS MO.   194    CLEAR  (SCALE 0-3)  21
DPTR FM NORMAL  -187    PTCLDY (SCALE 4-7)   6
TOTAL FM JUL 1   524    CLOUDY (SCALE 8-10)  1
DPTR FM NORMAL  -929

[CDD (BASE 65) ]
TOTAL THIS MO.     0
DPTR FM NORMAL     0    [PRESSURE DATA]
TOTAL FM JAN 1     0    HIGHEST SLP M ON M
DPTR FM NORMAL     0    LOWEST  SLP 29.92 ON M

[REMARKS]




U.S. Dept. of Commerce
NOAA National Weather Service
1325 East West Highway
Silver Spring, MD 20910
E-mail: w-nws.webmaster@noaa.gov
Page last modified: May 16, 2007
NATIONAL WEATHER SERVICE: for Safety, for Work, for Fun - FOR LIFE