408
CXUS55 KLOX 281155
CF6SMX
PRELIMINARY LOCAL CLIMATOLOGICAL DATA (WS FORM: F-6)

                                          STATION:   SANTA MARIA AIRPORT CA
                                          MONTH:     NOVEMBER
                                          YEAR:      2014
                                          LATITUDE:   34 54 N
                                          LONGITUDE: 120 27 W

  TEMPERATURE IN F:       :PCPN:    SNOW:  WIND      :SUNSHINE: SKY     :PK WND
================================================================================
1   2   3   4   5  6A  6B    7    8   9   10  11  12  13   14  15   16   17  18
                                     12Z  AVG MX 2MIN
DY MAX MIN AVG DEP HDD CDD  WTR  SNW DPTH SPD SPD DIR MIN PSBL S-S WX    SPD DR
================================================================================

 1  65  51  58  -1   7   0 0.20  0.0    0  7.6  M   M   M    M   5 18      M  M
 2  72  47  60   2   5   0 0.00  0.0    0  5.4 20  20   M    M   1         M  M
 3  73  48  61   3   4   0 0.00  0.0    0  6.6 21 300   M    M   0        29  80
 4  78  44  61   3   4   0 0.00  0.0    0  3.6 14 310   M    M   0        14 320
 5  86  49  68  10   0   3 0.00  0.0    0  4.3 10 310   M    M   0        17 280
 6  81  51  66   8   0   1 0.00  0.0    0  4.0 12 300   M    M   0        19 280
 7  83  51  67   9   0   2 0.00  0.0    0  4.8 17 330   M    M   0         M  M
 8  72  48  60   3   5   0 0.00  0.0    0  2.3  8 290   M    M   4 128     M  M
 9  70  52  61   4   4   0 0.00  0.0    0  3.6 13 310   M    M   7 128     M  M
10  66  55  61   4   4   0 0.00  0.0    0  3.5  7 320   M    M   9 18      9  60
11  68  57  63   6   2   0 0.00  0.0    0  3.4 13 310   M    M   9 18     15 310
12  69  53  61   5   4   0    T  0.0    0  5.9  M 290   M    M   5         M  M
13  69  52  61   5   4   0 0.01  0.0    0  4.0 13 240   M    M   9 18     16 220
14  72  53  63   7   2   0 0.00  0.0    0  9.3 25 300   M    M   3 128    32 300
15  73  47  60   4   5   0 0.00  0.0    0  8.7 29 300   M    M   0 18     33 300
16  74  53  64   8   1   0 0.00  0.0    0  6.9 17  20   M    M   3        21  20
17  77  48  63   8   2   0 0.00  0.0    0  3.1 12 300   M    M   1        19 250
18  81  49  65  10   0   0 0.00  0.0    0  4.6 20 180   M    M   3        26 140
19  74  52  63   8   2   0    T  0.0    0  4.2 14 180   M    M   8 18     19 170
20  66  55  61   6   4   0 0.04  0.0    0  4.6 14 300   M    M   9 18     16 290
21  70  46  58   3   7   0 0.00  0.0    0  7.2 20 290   M    M   2 12     26 290
22  72  48  60   6   5   0 0.00  0.0    0  8.0 22 290   M    M   3 1      29 300
23  76  50  63   9   2   0 0.00  0.0    0 10.1 21 360   M    M   1        26 360
24  82  48  65  11   0   0 0.00  0.0    0 10.2 22  20   M    M   0        27  10
25  81  43  62   8   3   0 0.00  0.0    0  4.9 15 300   M    M   0        17 340
26  85  46  66  12   0   1 0.00  0.0    0  3.1  9 290   M    M   0        11 290
27  84  46  65  12   0   0 0.00  0.0    0  2.8 12 300   M    M   0        13 300
================================================================================
SM 2019 1342        76   7  0.25     0.0 146.8          M       82
================================================================================
AV 74.8 49.7                               5.4 FASTST   M    M   3    MAX(MPH)
                                 MISC ---->  # 29 300               # 33  300
================================================================================
NOTES:
# LAST OF SEVERAL OCCURRENCES

COLUMN 17 PEAK WIND IN M.P.H.

PRELIMINARY LOCAL CLIMATOLOGICAL DATA (WS FORM: F-6) , PAGE 2

                                          STATION:  SANTA MARIA AIRPORT CA
                                          MONTH:    NOVEMBER
                                          YEAR:     2014
                                          LATITUDE:   34 54 N
                                          LONGITUDE: 120 27 W

[TEMPERATURE DATA]      [PRECIPITATION DATA]       SYMBOLS USED IN COLUMN 16

AVERAGE MONTHLY: 62.2   TOTAL FOR MONTH:   0.25    1 = FOG OR MIST
DPTR FM NORMAL:   6.2   DPTR FM NORMAL:   -0.93    2 = FOG REDUCING VISIBILITY
HIGHEST:    86 ON  5    GRTST 24HR  1.27 ON 31- 1      TO 1/4 MILE OR LESS
LOWEST:     43 ON 25                               3 = THUNDER
                        SNOW, ICE PELLETS, HAIL    4 = ICE PELLETS
                        TOTAL MONTH:   0.0 INCH    5 = HAIL
                        GRTST 24HR     0.0         6 = FREEZING RAIN OR DRIZZLE
                        GRTST DEPTH:   0           7 = DUSTSTORM OR SANDSTORM:
                                                       VSBY 1/2 MILE OR LESS
                                                   8 = SMOKE OR HAZE
[NO. OF DAYS WITH]      [WEATHER - DAYS WITH]      9 = BLOWING SNOW
                                                   X = TORNADO
MAX 32 OR BELOW:   0    0.01 INCH OR MORE:   3
MAX 90 OR ABOVE:   0    0.10 INCH OR MORE:   1
MIN 32 OR BELOW:   0    0.50 INCH OR MORE:   0
MIN  0 OR BELOW:   0    1.00 INCH OR MORE:   0

[HDD (BASE 65) ]
TOTAL THIS MO.    76    CLEAR  (SCALE 0-3)  18
DPTR FM NORMAL  -169    PTCLDY (SCALE 4-7)   4
TOTAL FM JUL 1    80    CLOUDY (SCALE 8-10)  5
DPTR FM NORMAL  -529

[CDD (BASE 65) ]
TOTAL THIS MO.     7
DPTR FM NORMAL     7    [PRESSURE DATA]
TOTAL FM JAN 1   566    HIGHEST SLP M ON M
DPTR FM NORMAL   466    LOWEST  SLP 29.77 ON  9

[REMARKS]




U.S. Dept. of Commerce
NOAA National Weather Service
1325 East West Highway
Silver Spring, MD 20910
E-mail: w-nws.webmaster@noaa.gov
Page last modified: May 16, 2007
NATIONAL WEATHER SERVICE: for Safety, for Work, for Fun - FOR LIFE