696
CXUS55 KLOX 281655
CF6SMX
PRELIMINARY LOCAL CLIMATOLOGICAL DATA (WS FORM: F-6)

                                          STATION:   SANTA MARIA AIRPORT CA
                                          MONTH:     JULY
                                          YEAR:      2014
                                          LATITUDE:   34 54 N
                                          LONGITUDE: 120 27 W

  TEMPERATURE IN F:       :PCPN:    SNOW:  WIND      :SUNSHINE: SKY     :PK WND
================================================================================
1   2   3   4   5  6A  6B    7    8   9   10  11  12  13   14  15   16   17  18
                                     12Z  AVG MX 2MIN
DY MAX MIN AVG DEP HDD CDD  WTR  SNW DPTH SPD SPD DIR MIN PSBL S-S WX    SPD DR
================================================================================

 1  74  59  67   5   0   2 0.00  0.0    0  5.9 13 310   M    M   7 18     18 340
 2  72  58  65   3   0   0 0.00  0.0    0  6.8 16 300   M    M   7 18     20 300
 3  77  57  67   5   0   2 0.00  0.0    0  6.2  M   M   M    M   4 18      M  M
 4  76  54  65   3   0   0 0.00  0.0    0  4.8 14 300   M    M   5 128    20 310
 5  79  57  68   5   0   3 0.00  0.0    0  4.1 13 300   M    M   3 128    16 280
 6  77  55  66   3   0   1 0.00  0.0    0  4.7 14 320   M    M   3 128     M  M
 7  76  57  67   4   0   2 0.00  0.0    0  4.4 13 290   M    M   5 18     17 300
 8  76  58  67   4   0   2 0.00  0.0    0  5.9 15 300   M    M   6 8       M  M
 9  75  60  68   5   0   3 0.00  0.0    0  5.7 15 340   M    M   6 8      25 220
10  75  60  68   5   0   3 0.00  0.0    0  6.7  M   M   M    M   7 18      M  M
11  75  58  67   4   0   2 0.00  0.0    0  7.2 17 300   M    M   5         M  M
12  75  57  66   3   0   1 0.00  0.0    0   M   M   M   M    M   4 18      M  M
13  79  57  68   5   0   3 0.00  0.0    0   M   M   M   M    M   4 128     M  M
14  80  59  70   7   0   5    T  0.0    0   M   M   M   M    M   6 18      M  M
15  81  65  73  10   0   8 0.00  0.0    0  6.6  M   M   M    M   8 18      M  M
16  77  62  70   7   0   5 0.00  0.0    0  4.2 13 310   M    M   7 18     17 150
17  79  59  69   6   0   4 0.00  0.0    0  7.1 21 330   M    M   2        24 310
18  75  61  68   5   0   3 0.00  0.0    0  6.4  M   M   M    M   6         M  M
19  78  60  69   5   0   4    T  0.0    0  5.1 15 320   M    M   3        20 320
20  80  62  71   7   0   6    T  0.0    0  4.4  M   M   M    M   5         M  M
21  80  63  72   8   0   7 0.00  0.0    0  5.4 18 320   M    M   6        25 310
22  81  60  71   7   0   6 0.00  0.0    0  7.0 24 230   M    M   1        38 240
23  82  58  70   6   0   5 0.00  0.0    0 10.8 28 300   M    M   0 18     33 290
24  77  59  68   4   0   3 0.00  0.0    0 10.2 25 290   M    M   2 18     30 280
25  78  59  69   5   0   4 0.00  0.0    0  5.4 13 310   M    M   8 18     26 330
26  77  60  69   5   0   4 0.00  0.0    M  5.0  M   M   M    M   4 128     M  M
27  79  60  70   6   0   5 0.00  0.0    0  4.6 15 290   M    M   6 128    20 300
================================================================================
SM 2090 1594         0  93    T      0.0 144.7          M      130
================================================================================
AV 77.4 59.0                               6.0 FASTST   M    M   5    MAX(MPH)
                                 MISC ---->    28   M                 38    M
================================================================================
NOTES:
# LAST OF SEVERAL OCCURRENCES

COLUMN 17 PEAK WIND IN M.P.H.

PRELIMINARY LOCAL CLIMATOLOGICAL DATA (WS FORM: F-6) , PAGE 2

                                          STATION:  SANTA MARIA AIRPORT CA
                                          MONTH:    JULY
                                          YEAR:     2014
                                          LATITUDE:   34 54 N
                                          LONGITUDE: 120 27 W

[TEMPERATURE DATA]      [PRECIPITATION DATA]       SYMBOLS USED IN COLUMN 16

AVERAGE MONTHLY: 68.2   TOTAL FOR MONTH:      T    1 = FOG OR MIST
DPTR FM NORMAL:   5.0   DPTR FM NORMAL:   -0.03    2 = FOG REDUCING VISIBILITY
HIGHEST:    82 ON 23    GRTST 24HR    T  ON 20-20      TO 1/4 MILE OR LESS
LOWEST:     54 ON  4                               3 = THUNDER
                        SNOW, ICE PELLETS, HAIL    4 = ICE PELLETS
                        TOTAL MONTH:   0.0 INCH    5 = HAIL
                        GRTST 24HR     0.0         6 = FREEZING RAIN OR DRIZZLE
                        GRTST DEPTH:   0           7 = DUSTSTORM OR SANDSTORM:
                                                       VSBY 1/2 MILE OR LESS
                                                   8 = SMOKE OR HAZE
[NO. OF DAYS WITH]      [WEATHER - DAYS WITH]      9 = BLOWING SNOW
                                                   X = TORNADO
MAX 32 OR BELOW:   0    0.01 INCH OR MORE:   0
MAX 90 OR ABOVE:   0    0.10 INCH OR MORE:   0
MIN 32 OR BELOW:   0    0.50 INCH OR MORE:   0
MIN  0 OR BELOW:   0    1.00 INCH OR MORE:   0

[HDD (BASE 65) ]
TOTAL THIS MO.     0    CLEAR  (SCALE 0-3)   4
DPTR FM NORMAL   -65    PTCLDY (SCALE 4-7)  23
TOTAL FM JUL 1     0    CLOUDY (SCALE 8-10)  0
DPTR FM NORMAL   -65

[CDD (BASE 65) ]
TOTAL THIS MO.    93
DPTR FM NORMAL    71    [PRESSURE DATA]
TOTAL FM JAN 1   207    HIGHEST SLP M ON M
DPTR FM NORMAL   169    LOWEST  SLP 29.69 ON 24

[REMARKS]




U.S. Dept. of Commerce
NOAA National Weather Service
1325 East West Highway
Silver Spring, MD 20910
E-mail: w-nws.webmaster@noaa.gov
Page last modified: May 16, 2007
NATIONAL WEATHER SERVICE: for Safety, for Work, for Fun - FOR LIFE