066
CXUS55 KLOX 231655
CF6SMO
PRELIMINARY LOCAL CLIMATOLOGICAL DATA (WS FORM: F-6)

                                          STATION:   SANTA MONICA AIRPORT CA
                                          MONTH:     APRIL
                                          YEAR:      2014
                                          LATITUDE:   34  0 N
                                          LONGITUDE: 118 27 W

  TEMPERATURE IN F:       :PCPN:    SNOW:  WIND      :SUNSHINE: SKY     :PK WND
================================================================================
1   2   3   4   5  6A  6B    7    8   9   10  11  12  13   14  15   16   17  18
                                     12Z  AVG MX 2MIN
DY MAX MIN AVG DEP HDD CDD  WTR  SNW DPTH SPD SPD DIR MIN PSBL S-S WX    SPD DR
================================================================================

 1  64  52  58   0   7   0 0.19  0.0    0  7.6 21 240   M    M   3        28 230
 2  62  49  56  -2   9   0 0.03    M    0  6.9 22 250   M    M   3        32 260
 3  66  49  58   0   7   0 0.00  0.0    0  4.9 16 230   M    M   0        20 240
 4  65  53  59   1   6   0 0.00  0.0    0  4.0 15 240   M    M   0        26  80
 5  69  54  62   4   3   0 0.00  0.0    0  5.5 17 240   M    M   1         M  M
 6  72  54  63   5   2   0 0.00  0.0    0  4.3 18 250   M    M   0        25 240
 7  81  57  69  11   0   4 0.00  0.0    0  4.6 13 240   M    M   0        17 240
 8  83  59  71  13   0   6 0.00  0.0    0  3.1 12 240   M    M   0        14 250
 9  80  56  68  10   0   3 0.00  0.0    0  3.0 13 240   M    M   0 128    17 250
10  70  52  61   3   4   0 0.00  0.0    0  2.6 12 240   M    M   3 128    23 150
11  74  57  66   8   0   1 0.00  0.0    0  4.8 16 220   M    M   2 8      20 210
12  67  58  63   5   2   0 0.00  0.0    0  5.0 13 220   M    M   6        18 230
13  66  57  62   4   3   0 0.00  0.0    0  4.6 13 230   M    M   5         M  M
14  74  55  65   6   0   0 0.00  0.0    0  3.9 13 240   M    M   0        17 220
15  66  58  62   3   3   0 0.00  0.0    M  4.6 13 220   M    M   6 18     18 220
16  68  60  64   5   1   0 0.00  0.0    0  4.4 13 210   M    M   4 8      16 230
17  70  59  65   6   0   0 0.00  0.0    0  4.6 13 210   M    M   8 8      18 190
18  74  61  68   9   0   3 0.00  0.0    0  4.7 13 240   M    M   5        24 340
19  70  58  64   5   1   0 0.00  0.0    0  4.1 14 240   M    M   1        20 240
20  71  59  65   6   0   0 0.00  0.0    0  3.5 13 230   M    M   1 8      16 240
21  70  58  64   5   1   0 0.00  0.0    0  3.9 12 240   M    M   4 18     23 270
22  69  60  65   6   0   0 0.00  0.0    0  4.5 16 250   M    M   4         M  M
================================================================================
SM 1551 1235        49  17  0.22     0.0  99.2          M       56
================================================================================
AV 70.5 56.1                               4.5 FASTST   M    M   3    MAX(MPH)
                                 MISC ---->    22   M                 32    M
================================================================================
NOTES:
# LAST OF SEVERAL OCCURRENCES

COLUMN 17 PEAK WIND IN M.P.H.

PRELIMINARY LOCAL CLIMATOLOGICAL DATA (WS FORM: F-6) , PAGE 2

                                          STATION:  SANTA MONICA AIRPORT CA
                                          MONTH:    APRIL
                                          YEAR:     2014
                                          LATITUDE:   34  0 N
                                          LONGITUDE: 118 27 W

[TEMPERATURE DATA]      [PRECIPITATION DATA]       SYMBOLS USED IN COLUMN 16

AVERAGE MONTHLY: 63.3   TOTAL FOR MONTH:   0.22    1 = FOG OR MIST
DPTR FM NORMAL:   4.9   DPTR FM NORMAL:   -0.35    2 = FOG REDUCING VISIBILITY
HIGHEST:    83 ON  8    GRTST 24HR  0.19 ON  1- 1      TO 1/4 MILE OR LESS
LOWEST:     49 ON  3, 2                            3 = THUNDER
                        SNOW, ICE PELLETS, HAIL    4 = ICE PELLETS
                        TOTAL MONTH:   0.0 INCH    5 = HAIL
                        GRTST 24HR     0.0         6 = FREEZING RAIN OR DRIZZLE
                        GRTST DEPTH:   0           7 = DUSTSTORM OR SANDSTORM:
                                                       VSBY 1/2 MILE OR LESS
                                                   8 = SMOKE OR HAZE
[NO. OF DAYS WITH]      [WEATHER - DAYS WITH]      9 = BLOWING SNOW
                                                   X = TORNADO
MAX 32 OR BELOW:   0    0.01 INCH OR MORE:   2
MAX 90 OR ABOVE:   0    0.10 INCH OR MORE:   1
MIN 32 OR BELOW:   0    0.50 INCH OR MORE:   0
MIN  0 OR BELOW:   0    1.00 INCH OR MORE:   0

[HDD (BASE 65) ]
TOTAL THIS MO.    49    CLEAR  (SCALE 0-3)  14
DPTR FM NORMAL   -96    PTCLDY (SCALE 4-7)   8
TOTAL FM JUL 1   724    CLOUDY (SCALE 8-10)  0
DPTR FM NORMAL  -643

[CDD (BASE 65) ]
TOTAL THIS MO.    17
DPTR FM NORMAL    17    [PRESSURE DATA]
TOTAL FM JAN 1    67    HIGHEST SLP M ON M
DPTR FM NORMAL    47    LOWEST  SLP 29.74 ON 16

[REMARKS]




U.S. Dept. of Commerce
NOAA National Weather Service
1325 East West Highway
Silver Spring, MD 20910
E-mail: w-nws.webmaster@noaa.gov
Page last modified: May 16, 2007
NATIONAL WEATHER SERVICE: for Safety, for Work, for Fun - FOR LIFE