295
CXUS55 KLOX 301655
CF6SMO
PRELIMINARY LOCAL CLIMATOLOGICAL DATA (WS FORM: F-6)

                                          STATION:   SANTA MONICA AIRPORT CA
                                          MONTH:     SEPTEMBER
                                          YEAR:      2014
                                          LATITUDE:   34  0 N
                                          LONGITUDE: 118 27 W

  TEMPERATURE IN F:       :PCPN:    SNOW:  WIND      :SUNSHINE: SKY     :PK WND
================================================================================
1   2   3   4   5  6A  6B    7    8   9   10  11  12  13   14  15   16   17  18
                                     12Z  AVG MX 2MIN
DY MAX MIN AVG DEP HDD CDD  WTR  SNW DPTH SPD SPD DIR MIN PSBL S-S WX    SPD DR
================================================================================

 1  80  70  75   6   0  10 0.00  0.0    0  4.9 12 230   M    M   3        16 210
 2  80  68  74   5   0   9 0.00  0.0    0  5.8 13 240   M    M   5        18 260
 3  77  68  73   4   0   8 0.00  0.0    0  5.1 16 240   M    M   6        22 240
 4  77  67  72   3   0   7 0.00  0.0    0  4.4 15 250   M    M   5        20 260
 5  75  66  71   2   0   6 0.00  0.0    0  5.4 14 240   M    M   5        17 260
 6  80  65  73   4   0   8 0.00  0.0    0  4.2 13 230   M    M   0        16 240
 7  85  68  77   8   0  12 0.00  0.0    0  4.7 12 230   M    M   1        16 220
 8  87  71  79  10   0  14    T  0.0    0  4.1 10 220   M    M   7         M  M
 9  83  67  75   6   0  10 0.00  0.0    0  4.1 15 250   M    M   1        20 250
10  80  63  72   3   0   7 0.00  0.0    0  4.3 12 250   M    M   0        16 240
11  81  68  75   6   0  10 0.00  0.0    0  4.5 14 240   M    M   0        19 230
12  82  68  75   6   0  10 0.00  0.0    0  4.7 15 230   M    M   0 18     19 240
13  85  68  77   8   0  12 0.00  0.0    0  4.0 14 230   M    M   0 18     19 230
14  88  70  79  11   0  14 0.00  0.0    0  3.9 12 220   M    M   0        15 210
15  93  72  83  15   0  18 0.00  0.0    0  4.0 13 240   M    M   0        16 240
16  92  75  84  16   0  19 0.00  0.0    0  4.1 14 210   M    M   0        16 210
17  89  70  80  12   0  15 0.00  0.0    0  4.9 14 260   M    M   0 8      20 260
18  76  67  72   4   0   7 0.00  0.0    0  5.6 16 250   M    M   1        21 280
19  77  66  72   4   0   7 0.00  0.0    0  5.0 14 240   M    M   3        18 240
20  77  66  72   4   0   7 0.00  0.0    0  3.5 13 240   M    M   5        17 230
21  77  64  71   3   0   6 0.00  0.0    0  4.0 14 250   M    M   3        19 260
22  74  63  69   1   0   4 0.00  0.0    0  4.4 13 230   M    M   1        17 230
23  75  63  69   1   0   4 0.00  0.0    0  4.6 12 240   M    M   1        15 240
24  82  62  72   4   0   7 0.00  0.0    M  3.9 13 230   M    M   0        17 250
25  81  67  74   7   0   9 0.00  0.0    0  4.1 13 230   M    M   0        18 260
26  77  65  71   4   0   6 0.00  0.0    0  5.9 18 240   M    M   0        25 240
27  74  62  68   1   0   3 0.00  0.0    0  4.8 17 240   M    M   3        24 220
28  76  64  70   3   0   5 0.00  0.0    0  5.5 15 240   M    M   5        20 230
29  75  61  68   1   0   3 0.00  0.0    0  4.4 18 240   M    M   0        23 250
================================================================================
SM 2335 1934         0 257    T      0.0 132.9          M       55
================================================================================
AV 80.5 66.7                               4.6 FASTST   M    M   2    MAX(MPH)
                                 MISC ---->  # 18 240                 25    M
================================================================================
NOTES:
# LAST OF SEVERAL OCCURRENCES

COLUMN 17 PEAK WIND IN M.P.H.

PRELIMINARY LOCAL CLIMATOLOGICAL DATA (WS FORM: F-6) , PAGE 2

                                          STATION:  SANTA MONICA AIRPORT CA
                                          MONTH:    SEPTEMBER
                                          YEAR:     2014
                                          LATITUDE:   34  0 N
                                          LONGITUDE: 118 27 W

[TEMPERATURE DATA]      [PRECIPITATION DATA]       SYMBOLS USED IN COLUMN 16

AVERAGE MONTHLY: 73.6   TOTAL FOR MONTH:      T    1 = FOG OR MIST
DPTR FM NORMAL:   5.3   DPTR FM NORMAL:   -0.21    2 = FOG REDUCING VISIBILITY
HIGHEST:    93 ON 15    GRTST 24HR    T  ON  8- 8      TO 1/4 MILE OR LESS
LOWEST:     61 ON 29                               3 = THUNDER
                        SNOW, ICE PELLETS, HAIL    4 = ICE PELLETS
                        TOTAL MONTH:   0.0 INCH    5 = HAIL
                        GRTST 24HR     0.0         6 = FREEZING RAIN OR DRIZZLE
                        GRTST DEPTH:   0           7 = DUSTSTORM OR SANDSTORM:
                                                       VSBY 1/2 MILE OR LESS
                                                   8 = SMOKE OR HAZE
[NO. OF DAYS WITH]      [WEATHER - DAYS WITH]      9 = BLOWING SNOW
                                                   X = TORNADO
MAX 32 OR BELOW:   0    0.01 INCH OR MORE:   0
MAX 90 OR ABOVE:   2    0.10 INCH OR MORE:   0
MIN 32 OR BELOW:   0    0.50 INCH OR MORE:   0
MIN  0 OR BELOW:   0    1.00 INCH OR MORE:   0

[HDD (BASE 65) ]
TOTAL THIS MO.     0    CLEAR  (SCALE 0-3)  20
DPTR FM NORMAL    -2    PTCLDY (SCALE 4-7)   9
TOTAL FM JUL 1     0    CLOUDY (SCALE 8-10)  0
DPTR FM NORMAL    -9

[CDD (BASE 65) ]
TOTAL THIS MO.   257
DPTR FM NORMAL   154    [PRESSURE DATA]
TOTAL FM JAN 1  1097    HIGHEST SLP M ON M
DPTR FM NORMAL   670    LOWEST  SLP 29.64 ON M

[REMARKS]




U.S. Dept. of Commerce
NOAA National Weather Service
1325 East West Highway
Silver Spring, MD 20910
E-mail: w-nws.webmaster@noaa.gov
Page last modified: May 16, 2007
NATIONAL WEATHER SERVICE: for Safety, for Work, for Fun - FOR LIFE