283
CXUS53 KICT 010800
CF6SLN
PRELIMINARY LOCAL CLIMATOLOGICAL DATA (WS FORM: F-6)

                                          STATION:   SALINA KS
                                          MONTH:     JULY
                                          YEAR:      2014
                                          LATITUDE:   38 47 N
                                          LONGITUDE:  97 39 W

  TEMPERATURE IN F:       :PCPN:    SNOW:  WIND      :SUNSHINE: SKY     :PK WND
================================================================================
1   2   3   4   5  6A  6B    7    8   9   10  11  12  13   14  15   16   17  18
                                     12Z  AVG MX 2MIN
DY MAX MIN AVG DEP HDD CDD  WTR  SNW DPTH SPD SPD DIR MIN PSBL S-S WX    SPD DR
================================================================================

 1  88  67  78  -2   0  13 0.01    M    M  8.7 23 360   M    M   1 8      28 350
 2  81  56  69 -11   0   4 0.00    M    M  9.7 23 330   M    M   0        28 320
 3  85  53  69 -11   0   4 0.00    M    M  8.4 16 140   M    M   0        20 140
 4  89  63  76  -4   0  11 0.00    M    M 15.0 26 140   M    M   3        31 150
 5  97  75  86   5   0  21 0.00    M    M 16.6 26 190   M    M   0        33 210
 6 101  75  88   7   0  23 0.00    M    M  9.7 22 210   M    M   0        27 210
 7 104  72  88   7   0  23    T    M    M 12.8 45 350   M    M   0 8      54 350
 8  88  69  79  -2   0  14 0.48    M    M  9.3 18 340   M    M   2 13     23 330
 9  92  62  77  -4   0  12 0.02    M    M  7.6 21 120   M    M   1        24 120
10  90  68  79  -2   0  14 0.07    M    M 13.0 22 130   M    M   1        27 130
11  99  70  85   4   0  20 0.00    M    M 12.8 23 200   M    M   0        28 190
12  99  71  85   4   0  20 0.00    M    M 13.0 25 210   M    M   1 3      30 200
13  91  70  81   0   0  16    T    M    M  8.2 18  20   M    M   4 3      25  10
14  86  65  76  -5   0  11 0.06    M    M 10.6 24  10   M    M   2        30  20
15  81  55  68 -13   0   3 0.00    M    M  8.0 17  20   M    M   0        25 350
16  79  61  70 -12   0   5 0.00    M    M  7.9 17 210   M    M   8 8      22 210
17  70  63  67 -15   0   2 0.07  0.0    M  3.6 12 140   M    M   9        17  90
18  81  64  73  -9   0   8 0.00  0.0    M 10.0 17 170   M    M   6        25 160
19  88  60  74  -8   0   9 0.00  0.0    M 11.2 20 160   M    M   2        22 190
20  96  69  83   1   0  18 0.00    M    M 16.8 25 190   M    M   0        33 190
21 105  75  90   8   0  25 0.00    M    M 13.9 25 190   M    M   0 18     31 210
22 105  75  90   8   0  25 0.00    M    M  8.3 20 200   M    M   0 18     26 190
23  91  72  82   0   0  17    T    M    M 10.6 26 330   M    M   1        32 320
24  96  67  82   0   0  17 0.00    M    M 13.8 25 160   M    M   0        33 150
25 107  78  93  12   0  28 0.00    M    M 18.2 29 210   M    M   0        34 210
26 106  79  93  12   0  28    T    M    M  9.7 23 200   M    M   1        26 200
27  95  73  84   3   0  19 0.00    M    M 11.1 22 360   M    M   1 138    27 350
28  89  63  76  -5   0  11 0.00    M    M  7.7 15  30   M    M   0        20  30
29  87  64  76  -5   0  11 0.00    M    M  7.4 16  70   M    M   3        22 100
30  78  60  69 -12   0   4 0.02    M    M  7.1 17  50   M    M   5 1      23  60
31  89  55  72  -9   0   7 0.00    M    M  4.4 13 160   M    M   0 1      17 310
================================================================================
SM 2833 2069         0 443  0.73     0.0 325.1          M       51
================================================================================
AV 91.4 66.7                              10.5 FASTST   M    M   2    MAX(MPH)
                                 MISC ---->  # 45 350               # 54  350
================================================================================
NOTES:
# LAST OF SEVERAL OCCURRENCES

COLUMN 17 PEAK WIND IN M.P.H.

PRELIMINARY LOCAL CLIMATOLOGICAL DATA (WS FORM: F-6) , PAGE 2

                                          STATION:  SALINA KS
                                          MONTH:    JULY
                                          YEAR:     2014
                                          LATITUDE:   38 47 N
                                          LONGITUDE:  97 39 W

[TEMPERATURE DATA]      [PRECIPITATION DATA]       SYMBOLS USED IN COLUMN 16

AVERAGE MONTHLY: 79.1   TOTAL FOR MONTH:   0.73    1 = FOG OR MIST
DPTR FM NORMAL:  -2.0   DPTR FM NORMAL:   -3.56    2 = FOG REDUCING VISIBILITY
HIGHEST:   107 ON 25    GRTST 24HR  0.48 ON  8- 8      TO 1/4 MILE OR LESS
LOWEST:     53 ON  3                               3 = THUNDER
                        SNOW, ICE PELLETS, HAIL    4 = ICE PELLETS
                        TOTAL MONTH:   0.0 INCH    5 = HAIL
                        GRTST 24HR     0.0         6 = FREEZING RAIN OR DRIZZLE
                        GRTST DEPTH:  M  ON   M    7 = DUSTSTORM OR SANDSTORM:
                                                       VSBY 1/2 MILE OR LESS
                                                   8 = SMOKE OR HAZE
[NO. OF DAYS WITH]      [WEATHER - DAYS WITH]      9 = BLOWING SNOW
                                                   X = TORNADO
MAX 32 OR BELOW:   0    0.01 INCH OR MORE:   7
MAX 90 OR ABOVE:  16    0.10 INCH OR MORE:   1
MIN 32 OR BELOW:   0    0.50 INCH OR MORE:   0
MIN  0 OR BELOW:   0    1.00 INCH OR MORE:   0

[HDD (BASE 65) ]
TOTAL THIS MO.     0    CLEAR  (SCALE 0-3)  26
DPTR FM NORMAL     0    PTCLDY (SCALE 4-7)   4
TOTAL FM JUL 1     0    CLOUDY (SCALE 8-10)  1
DPTR FM NORMAL     0

[CDD (BASE 65) ]
TOTAL THIS MO.   443
DPTR FM NORMAL   -58    [PRESSURE DATA]
TOTAL FM JAN 1  1032    HIGHEST SLP M ON M
DPTR FM NORMAL    78    LOWEST  SLP 28.66 ON 31

[REMARKS]
#FINAL-07-14#




U.S. Dept. of Commerce
NOAA National Weather Service
1325 East West Highway
Silver Spring, MD 20910
E-mail: w-nws.webmaster@noaa.gov
Page last modified: May 16, 2007
NATIONAL WEATHER SERVICE: for Safety, for Work, for Fun - FOR LIFE