508
CXUS53 KICT 200800
CF6SLN
PRELIMINARY LOCAL CLIMATOLOGICAL DATA (WS FORM: F-6)

                                          STATION:   SALINA KS
                                          MONTH:     APRIL
                                          YEAR:      2014
                                          LATITUDE:   38 47 N
                                          LONGITUDE:  97 39 W

  TEMPERATURE IN F:       :PCPN:    SNOW:  WIND      :SUNSHINE: SKY     :PK WND
================================================================================
1   2   3   4   5  6A  6B    7    8   9   10  11  12  13   14  15   16   17  18
                                     12Z  AVG MX 2MIN
DY MAX MIN AVG DEP HDD CDD  WTR  SNW DPTH SPD SPD DIR MIN PSBL S-S WX    SPD DR
================================================================================

 1  56  28  42  -8  23   0 0.00    M    M  7.1 16 120   M    M   4        20 130
 2  48  43  46  -5  19   0 0.06    M    M 10.6 20  40   M    M   9 138    26  30
 3  46  35  41 -10  24   0 0.02    M    M 16.9 29 310   M    M  10 1      34 330
 4  53  34  44  -7  21   0 0.00    M    M 12.2 26 330   M    M   3        33 350
 5  69  27  48  -4  17   0 0.00    M    M 12.2 25 160   M    M   1 8      31 180
 6  60  47  54   2  11   0    T    M    M  5.9 23 200   M    M  10 8      30 200
 7  64  42  53   1  12   0 0.13    M    M 10.0 28 310   M    M   6 138    39 300
 8  66  35  51  -2  14   0 0.00    M    M 13.9 32 340   M    M   1        40 340
 9  89  32  61   8   4   0 0.00    M    M 16.9 32 200   M    M   0        39 200
10  71  51  61   8   4   0 0.00    M    M 13.3 28 320   M    M   0        38 320
11  82  42  62   8   3   0 0.00    M    M  6.5 16 170   M    M   2 8      23 170
12  91  60  76  22   0  11    T    M    M 17.8 29 200   M    M   0 138    35 190
13  69  34  52  -2  13   0 0.01    M    M 20.4 40 350   M    M   6 18     49 340
14  50  31  41 -14  24   0    T    M    M 18.5 37 340   M    M   5 1      44 350
15  66  21  44 -11  21   0 0.00    M    M 10.9 26 200   M    M   0        32 170
16  74  42  58   3   7   0 0.00    M    M 21.8 36 200   M    M   0        45 170
17  58  35  47  -9  18   0 0.00    M    M  8.3 17  10   M    M   0 8      21 360
18  73  32  53  -3  12   0 0.00    M    M 11.7 25 150   M    M   0 18     34 160
19  83  53  68  12   0   3 0.00    M    M 18.2 36 200   M    M   0        46 170
================================================================================
SM 1268  724       247  14  0.22    M    253.1          M       57
================================================================================
AV 66.7 38.1                              13.3 FASTST   M    M   3    MAX(MPH)
                                 MISC ---->  # 40 350               # 49  340
================================================================================
NOTES:
# LAST OF SEVERAL OCCURRENCES

COLUMN 17 PEAK WIND IN M.P.H.

PRELIMINARY LOCAL CLIMATOLOGICAL DATA (WS FORM: F-6) , PAGE 2

                                          STATION:  SALINA KS
                                          MONTH:    APRIL
                                          YEAR:     2014
                                          LATITUDE:   38 47 N
                                          LONGITUDE:  97 39 W

[TEMPERATURE DATA]      [PRECIPITATION DATA]       SYMBOLS USED IN COLUMN 16

AVERAGE MONTHLY: 52.4   TOTAL FOR MONTH:   0.22    1 = FOG OR MIST
DPTR FM NORMAL:  -0.9   DPTR FM NORMAL:   -1.61    2 = FOG REDUCING VISIBILITY
HIGHEST:    91 ON 12    GRTST 24HR  0.13 ON  7- 7      TO 1/4 MILE OR LESS
LOWEST:     21 ON 15                               3 = THUNDER
                        SNOW, ICE PELLETS, HAIL    4 = ICE PELLETS
                        TOTAL MONTH:    M          5 = HAIL
                        GRTST 24HR    M  ON   M    6 = FREEZING RAIN OR DRIZZLE
                        GRTST DEPTH:  M  ON   M    7 = DUSTSTORM OR SANDSTORM:
                                                       VSBY 1/2 MILE OR LESS
                                                   8 = SMOKE OR HAZE
[NO. OF DAYS WITH]      [WEATHER - DAYS WITH]      9 = BLOWING SNOW
                                                   X = TORNADO
MAX 32 OR BELOW:   0    0.01 INCH OR MORE:   4
MAX 90 OR ABOVE:   1    0.10 INCH OR MORE:   1
MIN 32 OR BELOW:   6    0.50 INCH OR MORE:   0
MIN  0 OR BELOW:   0    1.00 INCH OR MORE:   0

[HDD (BASE 65) ]
TOTAL THIS MO.   247    CLEAR  (SCALE 0-3)  12
DPTR FM NORMAL    15    PTCLDY (SCALE 4-7)   4
TOTAL FM JUL 1  5232    CLOUDY (SCALE 8-10)  3
DPTR FM NORMAL   550

[CDD (BASE 65) ]
TOTAL THIS MO.    14
DPTR FM NORMAL     3    [PRESSURE DATA]
TOTAL FM JAN 1    14    HIGHEST SLP M ON M
DPTR FM NORMAL     1    LOWEST  SLP 29.38 ON 13

[REMARKS]




U.S. Dept. of Commerce
NOAA National Weather Service
1325 East West Highway
Silver Spring, MD 20910
E-mail: w-nws.webmaster@noaa.gov
Page last modified: May 16, 2007
NATIONAL WEATHER SERVICE: for Safety, for Work, for Fun - FOR LIFE