141
CXUS53 KICT 250800
CF6SLN
PRELIMINARY LOCAL CLIMATOLOGICAL DATA (WS FORM: F-6)

                                          STATION:   SALINA KS
                                          MONTH:     JANUARY
                                          YEAR:      2015
                                          LATITUDE:   38 47 N
                                          LONGITUDE:  97 39 W

  TEMPERATURE IN F:       :PCPN:    SNOW:  WIND      :SUNSHINE: SKY     :PK WND
================================================================================
1   2   3   4   5  6A  6B    7    8   9   10  11  12  13   14  15   16   17  18
                                     12Z  AVG MX 2MIN
DY MAX MIN AVG DEP HDD CDD  WTR  SNW DPTH SPD SPD DIR MIN PSBL S-S WX    SPD DR
================================================================================

 1  34  14  24  -7  41   0 0.00    M    M  7.2 17 200   M    M   4        21 200
 2  39  22  31   0  34   0 0.00    M    M  5.1 17 200   M    M   3 18     20 200
 3  38  12  25  -6  40   0 0.30    M    M  8.2 37 330   M    M   7 128    46 350
 4  16   2   9 -22  56   0    T    M    M 12.0 31 340   M    M   2        37 330
 5  26   0  13 -18  52   0 0.00    M    M  5.5 21 170   M    M   2        27 170
 6  26  13  20 -11  45   0 0.00    M    M  9.3 25 360   M    M   2        31 360
 7  23  -5   9 -22  56   0    T    M    M 15.5 32 360   M    M   4 8      40 350
 8  37  -3  17 -14  48   0 0.00    M    M 16.8 33 360   M    M   2        39 360
 9  26   7  17 -14  48   0 0.00    M    M 10.8 25 350   M    M   2        30 350
10  41   9  25  -6  40   0 0.00    M    M 14.1 26 200   M    M   1        32 190
11  38  24  31   0  34   0 0.02    M    M  9.9 23 360   M    M   3 14     27 360
12  30  16  23  -8  42   0 0.00    M    M 15.3 25 360   M    M   1        32 360
13  25  10  18 -13  47   0 0.00    M    M  3.8 12  40   M    M   7        14  40
14  43  22  33   2  32   0 0.00    M    M  4.6 12 320   M    M   5        14 310
15  53  20  37   6  28   0 0.00    M    M  6.3 16 320   M    M   0        25 310
16  64  24  44  13  21   0 0.00    M    M 10.8 22 190   M    M   0        29 190
17  59  33  46  15  19   0 0.00    M    M 15.8 33 320   M    M   0        40 310
18  61  25  43  12  22   0 0.00    M    M  7.6 17 260   M    M   0        22 260
19  65  27  46  15  19   0 0.00    M    M  7.4 22 330   M    M   0        25 320
20  57  31  44  13  21   0 0.00    M    M  6.6 14 290   M    M   4        17 290
21  49  27  38   7  27   0 0.00    M    M  7.3 14 350   M    M   0        17 330
22  43  22  33   2  32   0 0.00    M    M  4.8  9 190   M    M   2        12 350
23  54  21  38   7  27   0 0.00    M    M  8.0 20 230   M    M   1        23 230
24  63  28  46  15  19   0 0.03    M    M 11.6 29 300   M    M   2        36 300
================================================================================
SM 1010  401       850   0  0.35    M    224.3          M       54
================================================================================
AV 42.1 16.7                               9.3 FASTST   M    M   2    MAX(MPH)
                                 MISC ---->  # 37 330               # 46  350
================================================================================
NOTES:
# LAST OF SEVERAL OCCURRENCES

COLUMN 17 PEAK WIND IN M.P.H.

PRELIMINARY LOCAL CLIMATOLOGICAL DATA (WS FORM: F-6) , PAGE 2

                                          STATION:  SALINA KS
                                          MONTH:    JANUARY
                                          YEAR:     2015
                                          LATITUDE:   38 47 N
                                          LONGITUDE:  97 39 W

[TEMPERATURE DATA]      [PRECIPITATION DATA]       SYMBOLS USED IN COLUMN 16

AVERAGE MONTHLY: 29.4   TOTAL FOR MONTH:   0.35    1 = FOG OR MIST
DPTR FM NORMAL:  -1.6   DPTR FM NORMAL:   -0.10    2 = FOG REDUCING VISIBILITY
HIGHEST:    65 ON 19    GRTST 24HR  0.30 ON  3- 3      TO 1/4 MILE OR LESS
LOWEST:     -5 ON  7                               3 = THUNDER
                        SNOW, ICE PELLETS, HAIL    4 = ICE PELLETS
                        TOTAL MONTH:    M          5 = HAIL
                        GRTST 24HR    M  ON   M    6 = FREEZING RAIN OR DRIZZLE
                        GRTST DEPTH:  M  ON   M    7 = DUSTSTORM OR SANDSTORM:
                                                       VSBY 1/2 MILE OR LESS
                                                   8 = SMOKE OR HAZE
[NO. OF DAYS WITH]      [WEATHER - DAYS WITH]      9 = BLOWING SNOW
                                                   X = TORNADO
MAX 32 OR BELOW:   7    0.01 INCH OR MORE:   3
MAX 90 OR ABOVE:   0    0.10 INCH OR MORE:   1
MIN 32 OR BELOW:  23    0.50 INCH OR MORE:   0
MIN  0 OR BELOW:   3    1.00 INCH OR MORE:   0

[HDD (BASE 65) ]
TOTAL THIS MO.   850    CLEAR  (SCALE 0-3)  17
DPTR FM NORMAL    34    PTCLDY (SCALE 4-7)   7
TOTAL FM JUL 1  2740    CLOUDY (SCALE 8-10)  0
DPTR FM NORMAL   -40

[CDD (BASE 65) ]
TOTAL THIS MO.     0
DPTR FM NORMAL     0    [PRESSURE DATA]
TOTAL FM JAN 1     0    HIGHEST SLP M ON M
DPTR FM NORMAL     0    LOWEST  SLP 29.78 ON 17

[REMARKS]




U.S. Dept. of Commerce
NOAA National Weather Service
1325 East West Highway
Silver Spring, MD 20910
E-mail: w-nws.webmaster@noaa.gov
Page last modified: May 16, 2007
NATIONAL WEATHER SERVICE: for Safety, for Work, for Fun - FOR LIFE