977
CXUS53 KICT 300800
CF6SLN
PRELIMINARY LOCAL CLIMATOLOGICAL DATA (WS FORM: F-6)

                                          STATION:   SALINA KS
                                          MONTH:     SEPTEMBER
                                          YEAR:      2014
                                          LATITUDE:   38 47 N
                                          LONGITUDE:  97 39 W

  TEMPERATURE IN F:       :PCPN:    SNOW:  WIND      :SUNSHINE: SKY     :PK WND
================================================================================
1   2   3   4   5  6A  6B    7    8   9   10  11  12  13   14  15   16   17  18
                                     12Z  AVG MX 2MIN
DY MAX MIN AVG DEP HDD CDD  WTR  SNW DPTH SPD SPD DIR MIN PSBL S-S WX    SPD DR
================================================================================

 1  81  63  72  -4   0   7 0.07    M    M  5.4 23 160   M    M   5 3      29 160
 2  87  65  76   0   0  11 0.00    M    M  7.5 16 140   M    M   1 3      21 140
 3  95  70  83   7   0  18    T    M    M 16.1 31 190   M    M   1        41 190
 4  96  76  86  11   0  21 0.00    M    M 15.9 31 200   M    M   0        37 200
 5  79  61  70  -5   0   5    T    M    M 13.4 30 330   M    M   6        35 330
 6  77  55  66  -8   0   1 0.00    M    M  5.8 13  30   M    M   0 8      17  30
 7  80  51  66  -8   0   1 0.00    M    M  5.4 15 160   M    M   0 18     19 140
 8  92  60  76   2   0  11 0.00    M    M 13.6 26 200   M    M   0        33 200
 9  98  72  85  12   0  20 0.35    M    M 16.5 31 190   M    M   3 13     42 190
10  75  61  68  -5   0   3 0.01    M    M 15.4 26 340   M    M   9 13     32 340
11  63  55  59 -13   6   0 0.00    M    M 11.1 18  20   M    M  10        23  40
12  57  44  51 -21  14   0 0.06    M    M 13.4 22 360   M    M   9 1      27 350
13  65  35  50 -21  15   0 0.00    M    M  6.7 17 150   M    M   5 12     25 120
14  79  47  63  -8   2   0 0.00    M    M 11.5 21 150   M    M   1        26 190
15  73  56  65  -5   0   0 0.00    M    M 10.0 23 350   M    M   4        27  10
16  78  49  64  -6   1   0 0.00    M    M  6.6 16 150   M    M   3        21 140
17  87  64  76   6   0  11 0.00    M    M  8.7 15 100   M    M   1 18     20 190
18  86  63  75   6   0  10 0.72    M    M 12.0 40 360   M    M   4 13     49 360
19  90  63  77   8   0  12 0.00    M    M  9.9 20 190   M    M   0        29 160
20  92  68  80  12   0  15    T    M    M  9.4 20 310   M    M   2 3      25 220
21  80  57  69   1   0   4 0.00    M    M  8.2 18 360   M    M   0        24  10
22  77  49  63  -4   2   0 0.00    M    M  5.3 15 150   M    M   0        19 140
23  77  59  68   1   0   3 0.34    M    M 13.1 29 150   M    M   7 13     37 160
24  75  61  68   2   0   3 1.80    M    M 13.2 31 210   M    M   3 13     36 210
25  86  59  73   7   0   8 0.00  0.0    M  7.4 14 190   M    M   0        17 190
26  84  58  71   6   0   6 0.00    M    M  8.8 17 150   M    M   0        21 160
27  83  62  73   8   0   8 0.00  0.0    M 11.5 21 170   M    M   0        28 190
28  84  60  72   8   0   7 0.00    M    M  7.0 13 160   M    M   2        17 190
29  85  57  71   7   0   6 0.00    M    M  6.6 15 140   M    M   0 1      19 120
================================================================================
SM 2361 1700        40 191  3.35     0.0 295.4          M       76
================================================================================
AV 81.4 58.6                              10.2 FASTST   M    M   3    MAX(MPH)
                                 MISC ---->  # 40 360               # 49  360
================================================================================
NOTES:
# LAST OF SEVERAL OCCURRENCES

COLUMN 17 PEAK WIND IN M.P.H.

PRELIMINARY LOCAL CLIMATOLOGICAL DATA (WS FORM: F-6) , PAGE 2

                                          STATION:  SALINA KS
                                          MONTH:    SEPTEMBER
                                          YEAR:     2014
                                          LATITUDE:   38 47 N
                                          LONGITUDE:  97 39 W

[TEMPERATURE DATA]      [PRECIPITATION DATA]       SYMBOLS USED IN COLUMN 16

AVERAGE MONTHLY: 70.0   TOTAL FOR MONTH:   3.35    1 = FOG OR MIST
DPTR FM NORMAL:  -0.3   DPTR FM NORMAL:    0.74    2 = FOG REDUCING VISIBILITY
HIGHEST:    98 ON  9    GRTST 24HR  2.60 ON 31- 1      TO 1/4 MILE OR LESS
LOWEST:     35 ON 13                               3 = THUNDER
                        SNOW, ICE PELLETS, HAIL    4 = ICE PELLETS
                        TOTAL MONTH:   0.0 INCH    5 = HAIL
                        GRTST 24HR     0.0         6 = FREEZING RAIN OR DRIZZLE
                        GRTST DEPTH:  M  ON   M    7 = DUSTSTORM OR SANDSTORM:
                                                       VSBY 1/2 MILE OR LESS
                                                   8 = SMOKE OR HAZE
[NO. OF DAYS WITH]      [WEATHER - DAYS WITH]      9 = BLOWING SNOW
                                                   X = TORNADO
MAX 32 OR BELOW:   0    0.01 INCH OR MORE:   7
MAX 90 OR ABOVE:   6    0.10 INCH OR MORE:   4
MIN 32 OR BELOW:   0    0.50 INCH OR MORE:   2
MIN  0 OR BELOW:   0    1.00 INCH OR MORE:   1

[HDD (BASE 65) ]
TOTAL THIS MO.    40    CLEAR  (SCALE 0-3)  19
DPTR FM NORMAL    -5    PTCLDY (SCALE 4-7)   7
TOTAL FM JUL 1    40    CLOUDY (SCALE 8-10)  3
DPTR FM NORMAL    -6

[CDD (BASE 65) ]
TOTAL THIS MO.   191
DPTR FM NORMAL   -10    [PRESSURE DATA]
TOTAL FM JAN 1  1749    HIGHEST SLP M ON M
DPTR FM NORMAL   141    LOWEST  SLP 29.52 ON M

[REMARKS]




U.S. Dept. of Commerce
NOAA National Weather Service
1325 East West Highway
Silver Spring, MD 20910
E-mail: w-nws.webmaster@noaa.gov
Page last modified: May 16, 2007
NATIONAL WEATHER SERVICE: for Safety, for Work, for Fun - FOR LIFE