984
CXUS53 KICT 230800
CF6SLN
PRELIMINARY LOCAL CLIMATOLOGICAL DATA (WS FORM: F-6)

                                          STATION:   SALINA KS
                                          MONTH:     NOVEMBER
                                          YEAR:      2014
                                          LATITUDE:   38 47 N
                                          LONGITUDE:  97 39 W

  TEMPERATURE IN F:       :PCPN:    SNOW:  WIND      :SUNSHINE: SKY     :PK WND
================================================================================
1   2   3   4   5  6A  6B    7    8   9   10  11  12  13   14  15   16   17  18
                                     12Z  AVG MX 2MIN
DY MAX MIN AVG DEP HDD CDD  WTR  SNW DPTH SPD SPD DIR MIN PSBL S-S WX    SPD DR
================================================================================

 1  56  29  43  -8  22   0 0.00    M    M 17.0 30 160   M    M   1        37 160
 2  65  47  56   5   9   0 0.00  0.0    M 23.3 38 190   M    M   0        49 200
 3  70  47  59   9   6   0    T  0.0    M 19.6 33 310   M    M   2        40 190
 4  57  42  50   0  15   0 0.00  0.0    M  8.3 17 330   M    M   0        21 330
 5  73  31  52   3  13   0 0.00  0.0    M  9.4 21 240   M    M   0        26 240
 6  60  35  48  -1  17   0 0.00    M    M  9.9 20 340   M    M   0        22 350
 7  73  35  54   6  11   0 0.00    M    M 14.5 29 200   M    M   0        36 190
 8  59  36  48   0  17   0 0.00    M    M 11.7 24 350   M    M   0        30 360
 9  68  37  53   6  12   0 0.00    M    M 10.9 18 200   M    M   0        23 200
10  70  28  49   2  16   0 0.00    M    M 20.3 40 340   M    M   3        49 360
11  34  19  27 -19  38   0 0.00    M    M 20.5 37 350   M    M   2        44 350
12  26  16  21 -25  44   0 0.00    M    M 16.5 25 330   M    M   4        31 330
13  32  11  22 -23  43   0 0.00    M    M  8.6 17 340   M    M   1        20 320
14  37  15  26 -19  39   0 0.00    M    M  6.4 17 160   M    M   2        21 160
15  36  21  29 -15  36   0    T    M    M 11.2 28 320   M    M   8 1      33 320
16  32  15  24 -20  41   0    T  0.0    M 12.4 25 330   M    M   3 1      30 330
17  30  10  20 -23  45   0 0.00  0.0    M 12.5 28 340   M    M   2        40 300
18  50   6  28 -14  37   0 0.00  0.0    M 11.4 23 210   M    M   0        28 210
19  47  21  34  -8  31   0 0.00  0.0    M 10.4 23 350   M    M   0        27 330
20  48  18  33  -9  32   0 0.00    M    M  6.2 12 110   M    M   0        14  90
21  41  23  32  -9  33   0 0.00    M    M  4.2  8 130   M    M   6 128    10  70
22  60  40  50  10  15   0 0.00    M    M 13.3 25 190   M    M  10 18     35 190
================================================================================
SM 1124  582       572   0    T      0.0 278.5          M       44
================================================================================
AV 51.1 26.5                              12.7 FASTST   M    M   2    MAX(MPH)
                                 MISC ---->  # 40 340               # 49  200
================================================================================
NOTES:
# LAST OF SEVERAL OCCURRENCES

COLUMN 17 PEAK WIND IN M.P.H.

PRELIMINARY LOCAL CLIMATOLOGICAL DATA (WS FORM: F-6) , PAGE 2

                                          STATION:  SALINA KS
                                          MONTH:    NOVEMBER
                                          YEAR:     2014
                                          LATITUDE:   38 47 N
                                          LONGITUDE:  97 39 W

[TEMPERATURE DATA]      [PRECIPITATION DATA]       SYMBOLS USED IN COLUMN 16

AVERAGE MONTHLY: 38.8   TOTAL FOR MONTH:      T    1 = FOG OR MIST
DPTR FM NORMAL:  -7.1   DPTR FM NORMAL:   -0.96    2 = FOG REDUCING VISIBILITY
HIGHEST:    73 ON  7, 5 GRTST 24HR    T  ON 16-16      TO 1/4 MILE OR LESS
LOWEST:      6 ON 18                               3 = THUNDER
                        SNOW, ICE PELLETS, HAIL    4 = ICE PELLETS
                        TOTAL MONTH:   0.0 INCH    5 = HAIL
                        GRTST 24HR     0.0         6 = FREEZING RAIN OR DRIZZLE
                        GRTST DEPTH:  M  ON   M    7 = DUSTSTORM OR SANDSTORM:
                                                       VSBY 1/2 MILE OR LESS
                                                   8 = SMOKE OR HAZE
[NO. OF DAYS WITH]      [WEATHER - DAYS WITH]      9 = BLOWING SNOW
                                                   X = TORNADO
MAX 32 OR BELOW:   4    0.01 INCH OR MORE:   0
MAX 90 OR ABOVE:   0    0.10 INCH OR MORE:   0
MIN 32 OR BELOW:  14    0.50 INCH OR MORE:   0
MIN  0 OR BELOW:   0    1.00 INCH OR MORE:   0

[HDD (BASE 65) ]
TOTAL THIS MO.   572    CLEAR  (SCALE 0-3)  18
DPTR FM NORMAL   152    PTCLDY (SCALE 4-7)   3
TOTAL FM JUL 1   806    CLOUDY (SCALE 8-10)  1
DPTR FM NORMAL    68

[CDD (BASE 65) ]
TOTAL THIS MO.     0
DPTR FM NORMAL     0    [PRESSURE DATA]
TOTAL FM JAN 1  1801    HIGHEST SLP M ON M
DPTR FM NORMAL   155    LOWEST  SLP 29.32 ON 10

[REMARKS]




U.S. Dept. of Commerce
NOAA National Weather Service
1325 East West Highway
Silver Spring, MD 20910
E-mail: w-nws.webmaster@noaa.gov
Page last modified: May 16, 2007
NATIONAL WEATHER SERVICE: for Safety, for Work, for Fun - FOR LIFE