993
CXUS51 KBTV 290700
CF6SLK
PRELIMINARY LOCAL CLIMATOLOGICAL DATA (WS FORM: F-6)

                                          STATION:   SARANAC LAKE NY
                                          MONTH:     AUGUST
                                          YEAR:      2014
                                          LATITUDE:   44 23 N
                                          LONGITUDE:  74 12 W

  TEMPERATURE IN F:       :PCPN:    SNOW:  WIND      :SUNSHINE: SKY     :PK WND
================================================================================
1   2   3   4   5  6A  6B    7    8   9   10  11  12  13   14  15   16   17  18
                                     12Z  AVG MX 2MIN
DY MAX MIN AVG DEP HDD CDD  WTR  SNW DPTH SPD SPD DIR MIN PSBL S-S WX    SPD DR
================================================================================

 1  78  41  60  -3   5   0 0.00  0.0    0  4.1 18 210   M    M   4 12     21 220
 2  77  49  63   0   2   0 1.17    M    0  1.7 13  30   M    M   4 1238   15  30
 3  79  53  66   3   0   1 0.06  0.0    0  1.7 10 170   M    M   7 123    14 170
 4  76  54  65   3   0   0 0.07  0.0    0  2.0 10 210   M    M   7 1      16 200
 5  75  49  62   0   3   0 0.02    M    0  3.1 13 240   M    M   6 128    19 230
 6  72  47  60  -2   5   0 0.18    M    0  3.0 12  10   M    M   4 12     16  10
 7  68  47  58  -4   7   0 0.11    M    0  2.7 14  30   M    M   6 13     21 290
 8  73  44  59  -3   6   0 0.00  0.0    0  2.8 12  10   M    M   6 12     19 270
 9  78  44  61  -1   4   0 0.00  0.0    0  2.4 12  20   M    M   3 1      16 270
10  80  42  61  -1   4   0 0.00  0.0    0  1.9  9 210   M    M   3 12     14 190
11  83  46  65   3   0   0 0.00  0.0    0  3.0 14 200   M    M   3 12     19 200
12  71  49  60  -2   5   0 0.03    M    0 10.4 24 180   M    M   5 1      33 160
13  68  54  61  -1   4   0 0.56  0.0    0  8.0 22 170   M    M  10 18     34 180
14  57  48  53  -9  12   0 0.12    M    0  9.2 17 210   M    M  10 1      26 210
15  58  49  54  -8  11   0 0.09    M    0  8.5 12 250   M    M  10 1      21 250
16  62  49  56  -6   9   0 0.21    M    0  8.0 15 220   M    M   7 1      22 240
17  62  53  58  -3   7   0 0.05  0.0    0  5.3 12 280   M    M   9 1      18 290
18  66  37  52  -9  13   0 0.00  0.0    0  3.6  9 350   M    M   5 1      14 360
19  74  36  55  -6  10   0 0.00  0.0    0  2.3 12  60   M    M   3 12     14  50
20  79  42  61   0   4   0 0.04    M    0  2.3 10  60   M    M   3 1      15 220
21  74  60  67   6   0   2 0.12  0.0    0  4.4 14 180   M    M   8 13     20 190
22  68  58  63   2   2   0 0.01  0.0    0  4.9 10  70   M    M  10 128    14  70
23  74  46  60  -1   5   0 0.00  0.0    0  4.1 13  50   M    M   6        20  70
24  78  43  61   1   4   0 0.00  0.0    0  2.7 16  50   M    M   4 12     23  40
25  81  42  62   2   3   0 0.00  0.0    0  2.3 10 230   M    M   1 12     18 260
26  80  45  63   3   2   0 0.00  0.0    0  6.6 17 230   M    M   2 12     25 210
27  77  55  66   6   0   1    T  0.0    0  5.2 14 280   M    M   5 1      19 280
28  64  53  59  -1   6   0 0.00  0.0    0  3.5 13 340   M    M   9        20 360
================================================================================
SM 2032 1335       133   4  2.84     0.0 119.7          M      160
================================================================================
AV 72.6 47.7                               4.3 FASTST   M    M   6    MAX(MPH)
                                 MISC ---->  # 24 180               # 34  180
================================================================================
NOTES:
# LAST OF SEVERAL OCCURRENCES

COLUMN 17 PEAK WIND IN M.P.H.

PRELIMINARY LOCAL CLIMATOLOGICAL DATA (WS FORM: F-6) , PAGE 2

                                          STATION:  SARANAC LAKE NY
                                          MONTH:    AUGUST
                                          YEAR:     2014
                                          LATITUDE:   44 23 N
                                          LONGITUDE:  74 12 W

[TEMPERATURE DATA]      [PRECIPITATION DATA]       SYMBOLS USED IN COLUMN 16

AVERAGE MONTHLY: 60.1   TOTAL FOR MONTH:   2.84    1 = FOG OR MIST
DPTR FM NORMAL:  -1.4   DPTR FM NORMAL:   -0.90    2 = FOG REDUCING VISIBILITY
HIGHEST:    83 ON 11    GRTST 24HR  1.17 ON  2- 2      TO 1/4 MILE OR LESS
LOWEST:     36 ON 19                               3 = THUNDER
                        SNOW, ICE PELLETS, HAIL    4 = ICE PELLETS
                        TOTAL MONTH:   0.0 INCH    5 = HAIL
                        GRTST 24HR     0.0         6 = FREEZING RAIN OR DRIZZLE
                        GRTST DEPTH:   0           7 = DUSTSTORM OR SANDSTORM:
                                                       VSBY 1/2 MILE OR LESS
                                                   8 = SMOKE OR HAZE
[NO. OF DAYS WITH]      [WEATHER - DAYS WITH]      9 = BLOWING SNOW
                                                   X = TORNADO
MAX 32 OR BELOW:   0    0.01 INCH OR MORE:  15
MAX 90 OR ABOVE:   0    0.10 INCH OR MORE:   7
MIN 32 OR BELOW:   0    0.50 INCH OR MORE:   2
MIN  0 OR BELOW:   0    1.00 INCH OR MORE:   1

[HDD (BASE 65) ]
TOTAL THIS MO.   133    CLEAR  (SCALE 0-3)   5
DPTR FM NORMAL     5    PTCLDY (SCALE 4-7)  16
TOTAL FM JUL 1   268    CLOUDY (SCALE 8-10)  7
DPTR FM NORMAL    46

[CDD (BASE 65) ]
TOTAL THIS MO.     4
DPTR FM NORMAL   -24    [PRESSURE DATA]
TOTAL FM JAN 1    64    HIGHEST SLP M ON M
DPTR FM NORMAL   -39    LOWEST  SLP 29.70 ON 13

[REMARKS]




U.S. Dept. of Commerce
NOAA National Weather Service
1325 East West Highway
Silver Spring, MD 20910
E-mail: w-nws.webmaster@noaa.gov
Page last modified: May 16, 2007
NATIONAL WEATHER SERVICE: for Safety, for Work, for Fun - FOR LIFE