100
CXUS51 KBTV 270700
CF6SLK
PRELIMINARY LOCAL CLIMATOLOGICAL DATA (WS FORM: F-6)

                                          STATION:   SARANAC LAKE NY
                                          MONTH:     JANUARY
                                          YEAR:      2015
                                          LATITUDE:   44 23 N
                                          LONGITUDE:  74 12 W

  TEMPERATURE IN F:       :PCPN:    SNOW:  WIND      :SUNSHINE: SKY     :PK WND
================================================================================
1   2   3   4   5  6A  6B    7    8   9   10  11  12  13   14  15   16   17  18
                                     12Z  AVG MX 2MIN
DY MAX MIN AVG DEP HDD CDD  WTR  SNW DPTH SPD SPD DIR MIN PSBL S-S WX    SPD DR
================================================================================

 1  22  13  18   4  47   0 0.01    M    0 13.5 26 220   M    M  10 18     34 210
 2  24  -7   9  -5  56   0    T    M    0  6.9 17 240   M    M   9 18     25 250
 3  35 -12  12  -2  53   0 0.15    M    0  4.8 18 180   M    M   5 16     26 190
 4  48  28  38  24  27   0 0.29    M    0 11.7 29 240   M    M  10 1      44 240
 5  27   1  14   0  51   0 0.01    M    0 12.3 25 240   M    M   9 18     42 260
 6  11  -2   5  -9  60   0    T    M    0  8.3 14 210   M    M   9 18     18 220
 7  10 -21  -5 -19  70   0    T    M    M  7.2 17 290   M    M  10 18     25 280
 8  12 -24  -6 -20  71   0    T    M    0 10.8 26 220   M    M   8 18     33 220
 9  17   8  13  -1  52   0 0.01    M    0 12.7 26 220   M    M   9 128    42 280
10  11   1   6  -7  59   0    T    M    0 10.2 20 210   M    M   9 18     30 250
11  24   5  15   2  50   0    T    M    0  7.1 17 200   M    M   9 18     20 200
12  29   5  17   4  48   0 0.09    M    0  6.0 15 220   M    M  10 18     22 340
13   9 -19  -5 -18  70   0    T    M    0  1.8 10 360   M    M   2 18     15 350
14  22 -21   1 -12  64   0 0.00  0.0    0  1.5 14 220   M    M   1        16 220
15  21   3  12  -1  53   0    T    M    0  5.9 16 220   M    M   7 1      21 220
16  24  -4  10  -3  55   0 0.01    M    0  8.6 17 220   M    M   6 128    27 270
17  22 -23   0 -13  65   0 0.00  0.0    0  3.0 16 240   M    M   3 8      23 250
18  22  21  22   9  43   0 0.00  0.0    0 12.7 15 240   M    M   0        22 240
19   M   M   M   M   M   M 0.00  0.0    0   M   M   M   M    M   0         M  M
20   M   M   M   M   M   M 0.00  0.0    0   M   M   M   M    M   0         M  M
21   M   M   M   M   M   M    M    M    M   M   M   M   M    M   M         M  M
22  21 -12   5  -8  60   0 0.00  0.0    0  2.4  9 270   M    M   3        12 270
23  24  -5  10  -3  55   0    T    M    0  9.1 22 220   M    M   7 1      28 220
24  34   4  19   6  46   0    T    M    0  5.8 13 230   M    M   3 1      16 250
25  27 -19   4  -9  61   0 0.03    M    0  5.7 15 280   M    M   6 18     24 300
26  11 -25  -7 -20  72   0 0.00  0.0    0  6.1 17  60   M    M   3        19  60
================================================================================
SM  507 -105      1288   0  0.60     0.0 174.1          M      148
================================================================================
AV 22.0 -4.6                               7.6 FASTST   M    M   6    MAX(MPH)
                                 MISC ---->  # 29 240               # 44  240
================================================================================
NOTES:
# LAST OF SEVERAL OCCURRENCES

COLUMN 17 PEAK WIND IN M.P.H.

PRELIMINARY LOCAL CLIMATOLOGICAL DATA (WS FORM: F-6) , PAGE 2

                                          STATION:  SARANAC LAKE NY
                                          MONTH:    JANUARY
                                          YEAR:     2015
                                          LATITUDE:   44 23 N
                                          LONGITUDE:  74 12 W

[TEMPERATURE DATA]      [PRECIPITATION DATA]       SYMBOLS USED IN COLUMN 16

AVERAGE MONTHLY:  8.7   TOTAL FOR MONTH:   0.60    1 = FOG OR MIST
DPTR FM NORMAL:  -4.6   DPTR FM NORMAL:   -1.16    2 = FOG REDUCING VISIBILITY
HIGHEST:    48 ON  4    GRTST 24HR  0.43 ON  3- 4      TO 1/4 MILE OR LESS
LOWEST:    -25 ON 26                               3 = THUNDER
                        SNOW, ICE PELLETS, HAIL    4 = ICE PELLETS
                        TOTAL MONTH:   0.0 INCH    5 = HAIL
                        GRTST 24HR     0.0         6 = FREEZING RAIN OR DRIZZLE
                        GRTST DEPTH:   0           7 = DUSTSTORM OR SANDSTORM:
                                                       VSBY 1/2 MILE OR LESS
                                                   8 = SMOKE OR HAZE
[NO. OF DAYS WITH]      [WEATHER - DAYS WITH]      9 = BLOWING SNOW
                                                   X = TORNADO
MAX 32 OR BELOW:  20    0.01 INCH OR MORE:   8
MAX 90 OR ABOVE:   0    0.10 INCH OR MORE:   2
MIN 32 OR BELOW:  23    0.50 INCH OR MORE:   0
MIN  0 OR BELOW:  13    1.00 INCH OR MORE:   0

[HDD (BASE 65) ]
TOTAL THIS MO.  1288    CLEAR  (SCALE 0-3)   7
DPTR FM NORMAL   -55    PTCLDY (SCALE 4-7)   8
TOTAL FM JUL 1  4701    CLOUDY (SCALE 8-10) 10
DPTR FM NORMAL  -341

[CDD (BASE 65) ]
TOTAL THIS MO.     0
DPTR FM NORMAL     0    [PRESSURE DATA]
TOTAL FM JAN 1     0    HIGHEST SLP M ON M
DPTR FM NORMAL     0    LOWEST  SLP 29.27 ON 24

[REMARKS]




U.S. Dept. of Commerce
NOAA National Weather Service
1325 East West Highway
Silver Spring, MD 20910
E-mail: w-nws.webmaster@noaa.gov
Page last modified: May 16, 2007
NATIONAL WEATHER SERVICE: for Safety, for Work, for Fun - FOR LIFE