938
CXUS51 KBTV 230700
CF6SLK
PRELIMINARY LOCAL CLIMATOLOGICAL DATA (WS FORM: F-6)

                                          STATION:   SARANAC LAKE NY
                                          MONTH:     APRIL
                                          YEAR:      2014
                                          LATITUDE:   44 23 N
                                          LONGITUDE:  74 12 W

  TEMPERATURE IN F:       :PCPN:    SNOW:  WIND      :SUNSHINE: SKY     :PK WND
================================================================================
1   2   3   4   5  6A  6B    7    8   9   10  11  12  13   14  15   16   17  18
                                     12Z  AVG MX 2MIN
DY MAX MIN AVG DEP HDD CDD  WTR  SNW DPTH SPD SPD DIR MIN PSBL S-S WX    SPD DR
================================================================================

 1  47  15  31  -1  34   0 0.00    M    0  5.6 14  70   M    M   0        16  70
 2  42  24  33   1  32   0 0.00  0.0    0 10.3 21 230   M    M   3        28 220
 3  39  20  30  -2  35   0 0.00  0.0    0  5.0 12  50   M    M   2        17 320
 4  47  21  34   1  31   0 0.23    M    0  9.3 23 170   M    M   5 1      34 190
 5  38  27  33   0  32   0 0.03    M    0 12.7 28 240   M    M  10 18     37 220
 6  44  23  34   0  31   0    T    M    0  6.7 17 220   M    M   3 18     23 230
 7  52  18  35   1  30   0 0.11    M    0  6.1 23 180   M    M   3 1      28 150
 8  48  33  41   6  24   0 0.30    M    0 10.0 22 230   M    M  10 13     32 220
 9  36  21  29  -6  36   0    T    M    0  6.7 17 270   M    M   4        29 270
10  57  19  38   2  27   0 0.02    M    0 15.4 32 210   M    M   2 1      43 210
11  53  26  40   4  25   0 0.11    M    0  6.1 18 230   M    M   3 1      26 250
12  54  24  39   2  26   0 0.00  0.0    0  4.8 16 230   M    M   5 1      24 280
13  69  35  52  15  13   0 0.38    M    0  6.2 20 190   M    M   7 13     27 200
14  77  35  56  18   9   0 0.33    M    0 12.2 32 200   M    M   4 12     41 210
15  60  17  39   1  26   0 0.66    M    0 10.6 26 200   M    M   8 1      34 200
16  28  12  20 -18  45   0    T    M    0  5.7 14 290   M    M   5 18     22 310
17  47  10  29 -10  36   0 0.00  0.0    0  3.9 17 200   M    M   0        21 190
18  53  20  37  -2  28   0    T    M    0  5.2 20 210   M    M   3 1      23 210
19  44  20  32  -8  33   0 0.01    M    0  5.4 13 320   M    M   7 12     21 330
20  60  16  38  -2  27   0 0.00  0.0    0  3.5 14 240   M    M   0        20 270
21  68  36  52  12  13   0    T    M    0  6.9 18 230   M    M   8        23 230
22  59  42  51  10  14   0 0.16    M    0  5.6 18 210   M    M  10 1      24 210
================================================================================
SM 1122  514       607   0  2.34     0.0 163.9          M      102
================================================================================
AV 51.0 23.4                               7.4 FASTST   M    M   5    MAX(MPH)
                                 MISC ---->  # 32 210               # 43  210
================================================================================
NOTES:
# LAST OF SEVERAL OCCURRENCES

COLUMN 17 PEAK WIND IN M.P.H.

PRELIMINARY LOCAL CLIMATOLOGICAL DATA (WS FORM: F-6) , PAGE 2

                                          STATION:  SARANAC LAKE NY
                                          MONTH:    APRIL
                                          YEAR:     2014
                                          LATITUDE:   44 23 N
                                          LONGITUDE:  74 12 W

[TEMPERATURE DATA]      [PRECIPITATION DATA]       SYMBOLS USED IN COLUMN 16

AVERAGE MONTHLY: 37.2   TOTAL FOR MONTH:   2.34    1 = FOG OR MIST
DPTR FM NORMAL:   0.9   DPTR FM NORMAL:    0.27    2 = FOG REDUCING VISIBILITY
HIGHEST:    77 ON 14    GRTST 24HR  0.95 ON 14-15      TO 1/4 MILE OR LESS
LOWEST:     10 ON 17                               3 = THUNDER
                        SNOW, ICE PELLETS, HAIL    4 = ICE PELLETS
                        TOTAL MONTH:   0.0 INCH    5 = HAIL
                        GRTST 24HR     0.0         6 = FREEZING RAIN OR DRIZZLE
                        GRTST DEPTH:   0           7 = DUSTSTORM OR SANDSTORM:
                                                       VSBY 1/2 MILE OR LESS
                                                   8 = SMOKE OR HAZE
[NO. OF DAYS WITH]      [WEATHER - DAYS WITH]      9 = BLOWING SNOW
                                                   X = TORNADO
MAX 32 OR BELOW:   1    0.01 INCH OR MORE:  11
MAX 90 OR ABOVE:   0    0.10 INCH OR MORE:   8
MIN 32 OR BELOW:  17    0.50 INCH OR MORE:   1
MIN  0 OR BELOW:   0    1.00 INCH OR MORE:   0

[HDD (BASE 65) ]
TOTAL THIS MO.   607    CLEAR  (SCALE 0-3)   9
DPTR FM NORMAL   -25    PTCLDY (SCALE 4-7)   9
TOTAL FM JUL 1  9143    CLOUDY (SCALE 8-10)  4
DPTR FM NORMAL   549

[CDD (BASE 65) ]
TOTAL THIS MO.     0
DPTR FM NORMAL     0    [PRESSURE DATA]
TOTAL FM JAN 1     0    HIGHEST SLP M ON M
DPTR FM NORMAL     0    LOWEST  SLP 29.30 ON  8

[REMARKS]




U.S. Dept. of Commerce
NOAA National Weather Service
1325 East West Highway
Silver Spring, MD 20910
E-mail: w-nws.webmaster@noaa.gov
Page last modified: May 16, 2007
NATIONAL WEATHER SERVICE: for Safety, for Work, for Fun - FOR LIFE