705
CXUS51 KBTV 200700
CF6SLK
PRELIMINARY LOCAL CLIMATOLOGICAL DATA (WS FORM: F-6)

                                          STATION:   SARANAC LAKE NY
                                          MONTH:     SEPTEMBER
                                          YEAR:      2014
                                          LATITUDE:   44 23 N
                                          LONGITUDE:  74 12 W

  TEMPERATURE IN F:       :PCPN:    SNOW:  WIND      :SUNSHINE: SKY     :PK WND
================================================================================
1   2   3   4   5  6A  6B    7    8   9   10  11  12  13   14  15   16   17  18
                                     12Z  AVG MX 2MIN
DY MAX MIN AVG DEP HDD CDD  WTR  SNW DPTH SPD SPD DIR MIN PSBL S-S WX    SPD DR
================================================================================

 1  80  57  69  10   0   4 0.19  0.0    0  4.9 15 250   M    M   5 1      19 270
 2  81  56  69  10   0   4 0.51  0.0    0  5.9 18 220   M    M   5 1      23 210
 3  73  47  60   2   5   0 0.00  0.0    0  5.9 13 260   M    M   5 1      21 250
 4  79  44  62   4   3   0 0.00  0.0    0  4.2 17 220   M    M   1 1      27 230
 5  84  54  69  11   0   4    T  0.0    0 10.1 22 210   M    M   2 1      29 210
 6  73  55  64   6   1   0 0.46  0.0    0  5.8 22 220   M    M   7 1      28 220
 7  68  41  55  -2  10   0 0.00  0.0    0  3.2 12 230   M    M   5 12     17 320
 8  73  39  56  -1   9   0 0.00  0.0    0  2.7 12 180   M    M   4 128    15 190
 9  72  37  55  -1  10   0 0.00  0.0    0  3.7 15 170   M    M   1        19 200
10  74  51  63   7   2   0    T  0.0    0  5.6 16 210   M    M   6        20 230
11  69  46  58   2   7   0 0.25    M    0 11.8 24 200   M    M   9 1      36 180
12  49  30  40 -15  25   0 0.00  0.0    0  2.7  8 340   M    M   8 1      12 350
13  52  29  41 -14  24   0 0.33    M    0  5.9 20 220   M    M   7 1      24 240
14  53  30  42 -13  23   0 0.01    M    0  2.6 12 280   M    M   7 12     19 290
15  61  33  47  -7  18   0 0.02    M    0  4.9 15 220   M    M   9 12     20 220
16  62  39  51  -3  14   0 0.11    M    0  4.6 13 250   M    M   6 12     17 260
17  61  31  46  -7  19   0 0.00  0.0    0  5.5 16 220   M    M   4 12     22 220
18  51  26  39 -14  26   0    T    M    0  4.2 10  20   M    M   8 1      14  20
19  57  21  39 -13  26   0 0.00  0.0    0  2.3 14 210   M    M   0 1      18 110
================================================================================
SM 1272  766       222  12  1.88     0.0  96.5          M       99
================================================================================
AV 66.9 40.3                               5.1 FASTST   M    M   5    MAX(MPH)
                                 MISC ---->  # 24 200               # 36  180
================================================================================
NOTES:
# LAST OF SEVERAL OCCURRENCES

COLUMN 17 PEAK WIND IN M.P.H.

PRELIMINARY LOCAL CLIMATOLOGICAL DATA (WS FORM: F-6) , PAGE 2

                                          STATION:  SARANAC LAKE NY
                                          MONTH:    SEPTEMBER
                                          YEAR:     2014
                                          LATITUDE:   44 23 N
                                          LONGITUDE:  74 12 W

[TEMPERATURE DATA]      [PRECIPITATION DATA]       SYMBOLS USED IN COLUMN 16

AVERAGE MONTHLY: 53.6   TOTAL FOR MONTH:   1.88    1 = FOG OR MIST
DPTR FM NORMAL:  -2.3   DPTR FM NORMAL:   -0.28    2 = FOG REDUCING VISIBILITY
HIGHEST:    84 ON  5    GRTST 24HR  0.51 ON  2- 2      TO 1/4 MILE OR LESS
LOWEST:     21 ON 19                               3 = THUNDER
                        SNOW, ICE PELLETS, HAIL    4 = ICE PELLETS
                        TOTAL MONTH:   0.0 INCH    5 = HAIL
                        GRTST 24HR     0.0         6 = FREEZING RAIN OR DRIZZLE
                        GRTST DEPTH:   0           7 = DUSTSTORM OR SANDSTORM:
                                                       VSBY 1/2 MILE OR LESS
                                                   8 = SMOKE OR HAZE
[NO. OF DAYS WITH]      [WEATHER - DAYS WITH]      9 = BLOWING SNOW
                                                   X = TORNADO
MAX 32 OR BELOW:   0    0.01 INCH OR MORE:   8
MAX 90 OR ABOVE:   0    0.10 INCH OR MORE:   6
MIN 32 OR BELOW:   6    0.50 INCH OR MORE:   1
MIN  0 OR BELOW:   0    1.00 INCH OR MORE:   0

[HDD (BASE 65) ]
TOTAL THIS MO.   222    CLEAR  (SCALE 0-3)   4
DPTR FM NORMAL    42    PTCLDY (SCALE 4-7)  13
TOTAL FM JUL 1   501    CLOUDY (SCALE 8-10)  2
DPTR FM NORMAL    81

[CDD (BASE 65) ]
TOTAL THIS MO.    12
DPTR FM NORMAL     5    [PRESSURE DATA]
TOTAL FM JAN 1    80    HIGHEST SLP M ON M
DPTR FM NORMAL   -34    LOWEST  SLP 29.71 ON  2

[REMARKS]




U.S. Dept. of Commerce
NOAA National Weather Service
1325 East West Highway
Silver Spring, MD 20910
E-mail: w-nws.webmaster@noaa.gov
Page last modified: May 16, 2007
NATIONAL WEATHER SERVICE: for Safety, for Work, for Fun - FOR LIFE