217
CXUS56 KPQR 311230
CF6SLE
PRELIMINARY LOCAL CLIMATOLOGICAL DATA (WS FORM: F-6)

                                          STATION:   SALEM OR
                                          MONTH:     JULY
                                          YEAR:      2014
                                          LATITUDE:   44 55 N
                                          LONGITUDE: 123  0 W

  TEMPERATURE IN F:       :PCPN:    SNOW:  WIND      :SUNSHINE: SKY     :PK WND
================================================================================
1   2   3   4   5  6A  6B    7    8   9   10  11  12  13   14  15   16   17  18
                                     12Z  AVG MX 2MIN
DY MAX MIN AVG DEP HDD CDD  WTR  SNW DPTH SPD SPD DIR MIN PSBL S-S WX    SPD DR
================================================================================

 1  99  55  77  12   0  12 0.00  0.0    0  5.2 20 280   M    M   0        25 280
 2  85  59  72   7   0   7 0.00  0.0    0  6.0 16 320   M    M   1        19 270
 3  77  58  68   3   0   3 0.00  0.0    0  5.7 14 300   M    M   6        17 310
 4  83  57  70   4   0   5 0.00  0.0    0  5.8 13 270   M    M   0        14 270
 5  89  53  71   5   0   6 0.00  0.0    0  4.2 13  20   M    M   0        18  20
 6  91  56  74   8   0   9 0.00  0.0    0  4.4 14 330   M    M   0        17 340
 7  93  63  78  12   0  13 0.00  0.0    0  8.1 17 350   M    M   0        21 320
 8  94  62  78  12   0  13 0.00  0.0    0  9.3 20 350   M    M   1        27  10
 9  89  60  75   8   0  10 0.00  0.0    0  8.3 15 350   M    M   1        24  30
10  90  52  71   4   0   6 0.00  0.0    0  6.5 13  20   M    M   0        19 340
11  88  55  72   5   0   7 0.00  0.0    0  3.1 12 150   M    M   0        15 150
12  95  60  78  11   0  13 0.00  0.0    0  4.1 13 270   M    M   0        16 260
13  75  60  68   0   0   3 0.06  0.0    0  4.2 13 270   M    M   2 3      16 270
14  92  60  76   8   0  11 0.00  0.0    0  4.3 12 270   M    M   4        17 320
15  96  62  79  11   0  14 0.00  0.0    0  7.4 17  30   M    M   0        20  20
16  96  61  79  11   0  14 0.00    M    M  5.0 14 280   M    M   0        20 260
17  88  56  72   4   0   7 0.00    M    M  6.6 17 280   M    M   0        21 300
18  85  54  70   2   0   5 0.00  0.0    0  7.3 15 340   M    M   0        20 360
19  92  62  77   9   0  12 0.00  0.0    0  7.1 18 300   M    M   1        23 310
20  75  60  68   0   0   3    T  0.0    0  7.4 14  30   M    M   8 18     18  30
21  81  57  69   0   0   4 0.00  0.0    0  5.3 13  20   M    M   3        15 360
22  76  60  68  -1   0   3 0.11  0.0    0  4.1 14 160   M    M   8 1      18 130
23  68  58  63  -6   2   0 0.26  0.0    0  9.7 20 240   M    M   8 1      25 210
24  71  56  64  -5   1   0 0.03  0.0    0  8.4 17 180   M    M   7 1      23 170
25  81  53  67  -2   0   2 0.00  0.0    0  6.1 15  20   M    M   0        19  30
26  88  53  71   2   0   6 0.00  0.0    0  7.3 17 360   M    M   0        20 360
27  88  58  73   4   0   8 0.00  0.0    0  5.6 12  30   M    M   0        15  20
28  96  58  77   8   0  12 0.00  0.0    0  5.9 15  10   M    M   0        20  20
29  94  59  77   8   0  12 0.00  0.0    0  5.6 15 260   M    M   0        24 350
30  93  55  74   5   0   9 0.00  0.0    0  7.3 18  20   M    M   0        25  20
================================================================================
SM 2608 1732         3 229  0.46     0.0 185.3          M       50
================================================================================
AV 86.9 57.7                               6.2 FASTST   M    M   2    MAX(MPH)
                                 MISC ---->  # 20 280               # 27   10
================================================================================
NOTES:
# LAST OF SEVERAL OCCURRENCES

COLUMN 17 PEAK WIND IN M.P.H.

PRELIMINARY LOCAL CLIMATOLOGICAL DATA (WS FORM: F-6) , PAGE 2

                                          STATION:  SALEM OR
                                          MONTH:    JULY
                                          YEAR:     2014
                                          LATITUDE:   44 55 N
                                          LONGITUDE: 123  0 W

[TEMPERATURE DATA]      [PRECIPITATION DATA]       SYMBOLS USED IN COLUMN 16

AVERAGE MONTHLY: 72.3   TOTAL FOR MONTH:   0.46    1 = FOG OR MIST
DPTR FM NORMAL:   4.8   DPTR FM NORMAL:    0.01    2 = FOG REDUCING VISIBILITY
HIGHEST:    99 ON  1    GRTST 24HR  0.28 ON 23-24      TO 1/4 MILE OR LESS
LOWEST:     52 ON 10                               3 = THUNDER
                        SNOW, ICE PELLETS, HAIL    4 = ICE PELLETS
                        TOTAL MONTH:   0.0 INCH    5 = HAIL
                        GRTST 24HR     0.0         6 = FREEZING RAIN OR DRIZZLE
                        GRTST DEPTH:   0           7 = DUSTSTORM OR SANDSTORM:
                                                       VSBY 1/2 MILE OR LESS
                                                   8 = SMOKE OR HAZE
[NO. OF DAYS WITH]      [WEATHER - DAYS WITH]      9 = BLOWING SNOW
                                                   X = TORNADO
MAX 32 OR BELOW:   0    0.01 INCH OR MORE:   4
MAX 90 OR ABOVE:  13    0.10 INCH OR MORE:   2
MIN 32 OR BELOW:   0    0.50 INCH OR MORE:   0
MIN  0 OR BELOW:   0    1.00 INCH OR MORE:   0

[HDD (BASE 65) ]
TOTAL THIS MO.     3    CLEAR  (SCALE 0-3)  24
DPTR FM NORMAL   -27    PTCLDY (SCALE 4-7)   5
TOTAL FM JUL 1     3    CLOUDY (SCALE 8-10)  1
DPTR FM NORMAL   -27

[CDD (BASE 65) ]
TOTAL THIS MO.   229
DPTR FM NORMAL   128    [PRESSURE DATA]
TOTAL FM JAN 1   264    HIGHEST SLP M ON M
DPTR FM NORMAL   126    LOWEST  SLP 29.68 ON  1

[REMARKS]




U.S. Dept. of Commerce
NOAA National Weather Service
1325 East West Highway
Silver Spring, MD 20910
E-mail: w-nws.webmaster@noaa.gov
Page last modified: May 16, 2007
NATIONAL WEATHER SERVICE: for Safety, for Work, for Fun - FOR LIFE