005
CXUS56 KSLC 201630
CF6SLC
PRELIMINARY LOCAL CLIMATOLOGICAL DATA (WS FORM: F-6)

                                          STATION:   SALT LAKE CITY UT
                                          MONTH:     APRIL
                                          YEAR:      2014
                                          LATITUDE:   40 46 N
                                          LONGITUDE: 111 58 W

  TEMPERATURE IN F:       :PCPN:    SNOW:  WIND      :SUNSHINE: SKY     :PK WND
================================================================================
1   2   3   4   5  6A  6B    7    8   9   10  11  12  13   14  15   16   17  18
                                     12Z  AVG MX 2MIN
DY MAX MIN AVG DEP HDD CDD  WTR  SNW DPTH SPD SPD DIR MIN PSBL S-S WX    SPD DR
================================================================================

 1  53  38  46  -1  19   0 0.16    T    0 10.5 30 170   M    M   9 13     36 170
 2  52  37  45  -2  20   0    T    T    0  5.3 13 270   M    M   6        15 270
 3  57  35  46  -2  19   0 0.00  0.0    0  5.5 14 260   M    M   5        17 260
 4  62  40  51   3  14   0    T  0.0    0  8.3 15 240   M    M   5        27 240
 5  56  43  50   2  15   0 0.05  0.0    0  6.8 23 310   M    M   7        29 300
 6  60  41  51   3  14   0    T  0.0    0  7.0 18 260   M    M   8        23 280
 7  65  42  54   6  11   0 0.00  0.0    0  5.7 15 330   M    M   2        19 350
 8  78  45  62  13   3   0 0.00  0.0    0  7.1 13 150   M    M   1        17 200
 9  79  48  64  15   1   0 0.00  0.0    0  8.5 17 350   M    M   0        22 340
10  70  44  57   8   8   0 0.00  0.0    0  5.2 16 360   M    M   0        21 290
11  75  47  61  12   4   0 0.00  0.0    0  7.3 14 360   M    M   0        17 340
12  69  49  59  10   6   0 0.02  0.0    0  8.1 41 340   M    M   3 38     51 340
13  54  38  46  -4  19   0 0.02  0.0    0 14.9 33 340   M    M   4        43 350
14  56  29  43  -7  22   0 0.00  0.0    0  5.6 12 270   M    M   0 8      16 270
15  69  40  55   5  10   0 0.00  0.0    0 11.2 26 340   M    M   1        33 340
16  58  40  49  -1  16   0 0.00  0.0    0  6.1 17 290   M    M   1        21 290
17  71  37  54   3  11   0 0.00  0.0    0 12.6 23 180   M    M   0        29 180
18  66  47  57   6   8   0 0.00  0.0    0 11.9 25 170   M    M   2 8      34 180
19  72  46  59   8   6   0 0.00  0.0    0  4.0 15  30   M    M   3        20 360
================================================================================
SM 1222  786       226   0  0.25    T    151.6          M       57
================================================================================
AV 64.3 41.4                               8.0 FASTST   M    M   3    MAX(MPH)
                                 MISC ---->  # 41 340               # 51  340
================================================================================
NOTES:
# LAST OF SEVERAL OCCURRENCES

COLUMN 17 PEAK WIND IN M.P.H.

PRELIMINARY LOCAL CLIMATOLOGICAL DATA (WS FORM: F-6) , PAGE 2

                                          STATION:  SALT LAKE CITY UT
                                          MONTH:    APRIL
                                          YEAR:     2014
                                          LATITUDE:   40 46 N
                                          LONGITUDE: 111 58 W

[TEMPERATURE DATA]      [PRECIPITATION DATA]       SYMBOLS USED IN COLUMN 16

AVERAGE MONTHLY: 52.8   TOTAL FOR MONTH:   0.25    1 = FOG OR MIST
DPTR FM NORMAL:   3.8   DPTR FM NORMAL:   -1.00    2 = FOG REDUCING VISIBILITY
HIGHEST:    79 ON  9    GRTST 24HR  0.18 ON 31- 1      TO 1/4 MILE OR LESS
LOWEST:     29 ON 14                               3 = THUNDER
                        SNOW, ICE PELLETS, HAIL    4 = ICE PELLETS
                        TOTAL MONTH:    T          5 = HAIL
                        GRTST 24HR    T  ON  2- 2  6 = FREEZING RAIN OR DRIZZLE
                        GRTST DEPTH:   0           7 = DUSTSTORM OR SANDSTORM:
                                                       VSBY 1/2 MILE OR LESS
                                                   8 = SMOKE OR HAZE
[NO. OF DAYS WITH]      [WEATHER - DAYS WITH]      9 = BLOWING SNOW
                                                   X = TORNADO
MAX 32 OR BELOW:   0    0.01 INCH OR MORE:   4
MAX 90 OR ABOVE:   0    0.10 INCH OR MORE:   1
MIN 32 OR BELOW:   1    0.50 INCH OR MORE:   0
MIN  0 OR BELOW:   0    1.00 INCH OR MORE:   0

[HDD (BASE 65) ]
TOTAL THIS MO.   226    CLEAR  (SCALE 0-3)  12
DPTR FM NORMAL   -77    PTCLDY (SCALE 4-7)   6
TOTAL FM JUL 1  4700    CLOUDY (SCALE 8-10)  1
DPTR FM NORMAL  -521

[CDD (BASE 65) ]
TOTAL THIS MO.     0
DPTR FM NORMAL     0    [PRESSURE DATA]
TOTAL FM JAN 1     0    HIGHEST SLP M ON M
DPTR FM NORMAL     0    LOWEST  SLP 29.55 ON 12

[REMARKS]




U.S. Dept. of Commerce
NOAA National Weather Service
1325 East West Highway
Silver Spring, MD 20910
E-mail: w-nws.webmaster@noaa.gov
Page last modified: May 16, 2007
NATIONAL WEATHER SERVICE: for Safety, for Work, for Fun - FOR LIFE