452
CXUS56 KSLC 281240
CF6SLC
PRELIMINARY LOCAL CLIMATOLOGICAL DATA (WS FORM: F-6)

                                          STATION:   SALT LAKE CITY UT
                                          MONTH:     AUGUST
                                          YEAR:      2014
                                          LATITUDE:   40 46 N
                                          LONGITUDE: 111 58 W

  TEMPERATURE IN F:       :PCPN:    SNOW:  WIND      :SUNSHINE: SKY     :PK WND
================================================================================
1   2   3   4   5  6A  6B    7    8   9   10  11  12  13   14  15   16   17  18
                                     12Z  AVG MX 2MIN
DY MAX MIN AVG DEP HDD CDD  WTR  SNW DPTH SPD SPD DIR MIN PSBL S-S WX    SPD DR
================================================================================

 1  91  66  79  -1   0  14 0.00  0.0    0  5.7 15 310   M    M   1        19 360
 2  94  67  81   1   0  16 0.00  0.0    0  6.3 18 320   M    M   0 8      28 310
 3  93  67  80   0   0  15    T  0.0    0  9.1 25 180   M    M   3        33 170
 4  86  64  75  -5   0  10 0.22  0.0    0 10.4 33 140   M    M   6 138    39 140
 5  83  66  75  -4   0  10 0.19  0.0    0  8.1 37 260   M    M   4 3      48 260
 6  85  63  74  -5   0   9 0.13  0.0    0  7.1 28 250   M    M   3 3      39 250
 7  81  58  70  -9   0   5    T  0.0    0  6.7 17 310   M    M   2        23 290
 8  88  63  76  -3   0  11 0.00  0.0    0  8.3 21 260   M    M   1 8      26 250
 9  89  65  77  -2   0  12 0.00  0.0    0  5.4 15 140   M    M   1 8      18 140
10  92  61  77  -2   0  12 0.00  0.0    0  4.8 13 270   M    M   4        16 310
11  95  66  81   3   0  16 0.00  0.0    0  6.9 15 340   M    M   3        22 360
12  93  65  79   1   0  14 0.17  0.0    0  8.9 45 270   M    M   4 138    62 280
13  85  63  74  -4   0   9 0.00  0.0    0  8.7 24 180   M    M   5        30 160
14  89  65  77  -1   0  12 0.09  0.0    0  9.9 20 150   M    M   5 13     23 170
15  93  70  82   4   0  17    T  0.0    0 10.1 20 160   M    M   2        25 180
16  91  63  77   0   0  12 0.00  0.0    0  6.1 14 340   M    M   0        21 320
17  94  63  79   2   0  14 0.00  0.0    0  6.6 15 320   M    M   0        18 320
18  94  65  80   3   0  15 0.00  0.0    0  7.5 28 160   M    M   2        33 160
19  80  64  72  -5   0   7 0.08  0.0    0 11.5 31 180   M    M   8 1      40 180
20  81  61  71  -5   0   6 0.31  0.0    0 12.9 24 350   M    M   4 138    31 160
21  82  63  73  -3   0   8    T  0.0    0  8.5 24 170   M    M   4        30 170
22  83  59  71  -5   0   6 0.30  0.0    0 10.4 29 330   M    M   5 138    39 330
23  73  54  64 -11   1   0 0.08  0.0    0  8.6 25 130   M    M   3 13     30 130
24  79  51  65 -10   0   0    T  0.0    0  5.7 22 140   M    M   1 3      29 140
25  82  62  72  -3   0   7 0.15  0.0    0  9.5 21 170   M    M   3 35     25 170
26  80  60  70  -4   0   5 0.05  0.0    0  8.4 20  20   M    M   4 3      24  30
27  76  59  68  -6   0   3 0.00  0.0    0  4.4 12 130   M    M   5        14 340
================================================================================
SM 2332 1693         1 265  1.77     0.0 216.5          M       83
================================================================================
AV 86.4 62.7                               8.0 FASTST   M    M   3    MAX(MPH)
                                 MISC ---->  # 45 270               # 62  280
================================================================================
NOTES:
# LAST OF SEVERAL OCCURRENCES

COLUMN 17 PEAK WIND IN M.P.H.

PRELIMINARY LOCAL CLIMATOLOGICAL DATA (WS FORM: F-6) , PAGE 2

                                          STATION:  SALT LAKE CITY UT
                                          MONTH:    AUGUST
                                          YEAR:     2014
                                          LATITUDE:   40 46 N
                                          LONGITUDE: 111 58 W

[TEMPERATURE DATA]      [PRECIPITATION DATA]       SYMBOLS USED IN COLUMN 16

AVERAGE MONTHLY: 74.5   TOTAL FOR MONTH:   1.77    1 = FOG OR MIST
DPTR FM NORMAL:  -3.0   DPTR FM NORMAL:    1.20    2 = FOG REDUCING VISIBILITY
HIGHEST:    95 ON 11    GRTST 24HR  0.39 ON 19-20      TO 1/4 MILE OR LESS
LOWEST:     51 ON 24                               3 = THUNDER
                        SNOW, ICE PELLETS, HAIL    4 = ICE PELLETS
                        TOTAL MONTH:   0.0 INCH    5 = HAIL
                        GRTST 24HR     0.0         6 = FREEZING RAIN OR DRIZZLE
                        GRTST DEPTH:   0           7 = DUSTSTORM OR SANDSTORM:
                                                       VSBY 1/2 MILE OR LESS
                                                   8 = SMOKE OR HAZE
[NO. OF DAYS WITH]      [WEATHER - DAYS WITH]      9 = BLOWING SNOW
                                                   X = TORNADO
MAX 32 OR BELOW:   0    0.01 INCH OR MORE:  11
MAX 90 OR ABOVE:  10    0.10 INCH OR MORE:   7
MIN 32 OR BELOW:   0    0.50 INCH OR MORE:   0
MIN  0 OR BELOW:   0    1.00 INCH OR MORE:   0

[HDD (BASE 65) ]
TOTAL THIS MO.     1    CLEAR  (SCALE 0-3)  14
DPTR FM NORMAL     1    PTCLDY (SCALE 4-7)  12
TOTAL FM JUL 1     1    CLOUDY (SCALE 8-10)  1
DPTR FM NORMAL    -1

[CDD (BASE 65) ]
TOTAL THIS MO.   265
DPTR FM NORMAL   -74    [PRESSURE DATA]
TOTAL FM JAN 1  1022    HIGHEST SLP M ON M
DPTR FM NORMAL    21    LOWEST  SLP 29.67 ON 18

[REMARKS]




U.S. Dept. of Commerce
NOAA National Weather Service
1325 East West Highway
Silver Spring, MD 20910
E-mail: w-nws.webmaster@noaa.gov
Page last modified: May 16, 2007
NATIONAL WEATHER SERVICE: for Safety, for Work, for Fun - FOR LIFE