599
CXUS56 KSLC 301232
CF6SLC
PRELIMINARY LOCAL CLIMATOLOGICAL DATA (WS FORM: F-6)

                                          STATION:   SALT LAKE CITY UT
                                          MONTH:     JULY
                                          YEAR:      2014
                                          LATITUDE:   40 46 N
                                          LONGITUDE: 111 58 W

  TEMPERATURE IN F:       :PCPN:    SNOW:  WIND      :SUNSHINE: SKY     :PK WND
================================================================================
1   2   3   4   5  6A  6B    7    8   9   10  11  12  13   14  15   16   17  18
                                     12Z  AVG MX 2MIN
DY MAX MIN AVG DEP HDD CDD  WTR  SNW DPTH SPD SPD DIR MIN PSBL S-S WX    SPD DR
================================================================================

 1  89  58  74  -1   0   9 0.00  0.0    0  6.2 16 140   M    M   1 8      21 120
 2  97  64  81   5   0  16 0.00  0.0    0  7.6 16 140   M    M   2 8      21 150
 3  98  72  85   9   0  20    T  0.0    0 12.2 31 280   M    M   3 38     41 280
 4  98  73  86  10   0  21 0.00  0.0    0 11.0 23 180   M    M   2        30 180
 5  97  74  86   9   0  21 0.00  0.0    0 10.5 24 170   M    M   2        31 170
 6  99  66  83   6   0  18 0.00  0.0    0  6.3 15 310   M    M   1        20 340
 7  99  68  84   7   0  19 0.00  0.0    0  6.7 16 340   M    M   1 8      21 340
 8  99  69  84   6   0  19 0.00  0.0    0  6.3 14 310   M    M   1        18 330
 9  95  71  83   5   0  18    T  0.0    0 12.0 33 190   M    M   4 8      41 170
10  94  69  82   4   0  17 0.06  0.0    0 10.9 40 170   M    M   6        48 170
11  87  70  79   1   0  14 0.03  0.0    0  6.9 15 150   M    M   6        18 150
12  94  66  80   2   0  15 0.00  0.0    0  4.5 10 350   M    M   2        17 320
13  98  69  84   5   0  19 0.00  0.0    0  6.0 16 310   M    M   2        21 320
14 103  74  89  10   0  24 0.00  0.0    0  7.9 39 360   M    M   3 8      47 360
15  98  77  88   9   0  23 0.00  0.0    0 10.1 28 180   M    M   4        34 180
16  90  69  80   1   0  15 0.00  0.0    0 10.0 25 180   M    M   2        36 180
17  93  64  79   0   0  14 0.00  0.0    0  5.4 16 330   M    M   1        20 330
18  96  71  84   4   0  19 0.00  0.0    0  7.3 15 350   M    M   2        21 350
19  96  70  83   3   0  18 0.00  0.0    0  6.9 14 310   M    M   0        20 310
20  94  73  84   4   0  19 0.13  0.0    0  8.3 17 130   M    M   2 3      24 130
21  96  68  82   2   0  17 0.00  0.0    0 13.8 26 150   M    M   1        35 160
22  98  63  81   1   0  16 0.00  0.0    0  6.0 16 360   M    M   1        21 310
23 103  73  88   8   0  23 0.00  0.0    0 14.8 24 180   M    M   1        37 200
24  93  71  82   2   0  17 0.00  0.0    0 11.0 20 180   M    M   2        29 180
25  92  64  78  -2   0  13 0.00  0.0    0  6.6 16 350   M    M   4        23  20
26  94  66  80   0   0  15 0.00  0.0    0  4.9 15 330   M    M   3        20 340
27  99  65  82   2   0  17 0.00  0.0    0  5.1 13 290   M    M   1        18  20
28  92  67  80   0   0  15 0.15  0.0    0 10.3 29  90   M    M   5 138    35  90
29  76  66  71  -9   0   6 0.11  0.0    0  5.1 15 360   M    M   9 13     19 360
================================================================================
SM 2757 1990         0 497  0.48     0.0 240.6          M       74
================================================================================
AV 95.1 68.6                               8.3 FASTST   M    M   3    MAX(MPH)
                                 MISC ---->  # 40 170               # 48  170
================================================================================
NOTES:
# LAST OF SEVERAL OCCURRENCES

COLUMN 17 PEAK WIND IN M.P.H.

PRELIMINARY LOCAL CLIMATOLOGICAL DATA (WS FORM: F-6) , PAGE 2

                                          STATION:  SALT LAKE CITY UT
                                          MONTH:    JULY
                                          YEAR:     2014
                                          LATITUDE:   40 46 N
                                          LONGITUDE: 111 58 W

[TEMPERATURE DATA]      [PRECIPITATION DATA]       SYMBOLS USED IN COLUMN 16

AVERAGE MONTHLY: 81.8   TOTAL FOR MONTH:   0.48    1 = FOG OR MIST
DPTR FM NORMAL:   3.3   DPTR FM NORMAL:   -0.09    2 = FOG REDUCING VISIBILITY
HIGHEST:   103 ON 23,14 GRTST 24HR  0.26 ON 28-29      TO 1/4 MILE OR LESS
LOWEST:     58 ON  1                               3 = THUNDER
                        SNOW, ICE PELLETS, HAIL    4 = ICE PELLETS
                        TOTAL MONTH:   0.0 INCH    5 = HAIL
                        GRTST 24HR     0.0         6 = FREEZING RAIN OR DRIZZLE
                        GRTST DEPTH:   0           7 = DUSTSTORM OR SANDSTORM:
                                                       VSBY 1/2 MILE OR LESS
                                                   8 = SMOKE OR HAZE
[NO. OF DAYS WITH]      [WEATHER - DAYS WITH]      9 = BLOWING SNOW
                                                   X = TORNADO
MAX 32 OR BELOW:   0    0.01 INCH OR MORE:   5
MAX 90 OR ABOVE:  26    0.10 INCH OR MORE:   3
MIN 32 OR BELOW:   0    0.50 INCH OR MORE:   0
MIN  0 OR BELOW:   0    1.00 INCH OR MORE:   0

[HDD (BASE 65) ]
TOTAL THIS MO.     0    CLEAR  (SCALE 0-3)  21
DPTR FM NORMAL     0    PTCLDY (SCALE 4-7)   7
TOTAL FM JUL 1     0    CLOUDY (SCALE 8-10)  1
DPTR FM NORMAL     0

[CDD (BASE 65) ]
TOTAL THIS MO.   497
DPTR FM NORMAL   101    [PRESSURE DATA]
TOTAL FM JAN 1   739    HIGHEST SLP M ON M
DPTR FM NORMAL   106    LOWEST  SLP 29.68 ON 15

[REMARKS]




U.S. Dept. of Commerce
NOAA National Weather Service
1325 East West Highway
Silver Spring, MD 20910
E-mail: w-nws.webmaster@noaa.gov
Page last modified: May 16, 2007
NATIONAL WEATHER SERVICE: for Safety, for Work, for Fun - FOR LIFE