498
CXUS56 KSLC 011722
CF6SLC

PRELIMINARY LOCAL CLIMATOLOGICAL DATA (WS FORM: F-6)

                                          STATION:   SALT LAKE CITY UT
                                          MONTH:     NOVEMBER
                                          YEAR:      2014
                                          LATITUDE:   40 46 N
                                          LONGITUDE: 111 58 W

  TEMPERATURE IN F:       :PCPN:    SNOW:  WIND      :SUNSHINE: SKY     :PK WND
================================================================================
1   2   3   4   5  6A  6B    7    8   9   10  11  12  13   14  15   16   17  18
                                     12Z  AVG MX 2MIN
DY MAX MIN AVG DEP HDD CDD  WTR  SNW DPTH SPD SPD DIR MIN PSBL S-S WX    SPD DR
================================================================================

 1  72  50  61  14   4   0    T  0.0    0 14.9 39 160   M    M   3 8      47 150
 2  51  40  46   0  19   0 0.03  0.0    0  8.9 21 330   M    M  10 1      25 340
 3  48  34  41  -5  24   0    T  0.0    0  6.9 21 330   M    M   7 8      24 330
 4  53  29  41  -4  24   0 0.00  0.0    0  5.8 13 160   M    M   1        16 150
 5  58  37  48   3  17   0 0.00  0.0    0  5.9 14 350   M    M   4        17 330
 6  61  35  48   4  17   0 0.00  0.0    0  5.8 12 300   M    M   1 8      17 300
 7  63  36  50   6  15   0 0.00  0.0    0  3.9 13 280   M    M   1 8      17 290
 8  63  35  49   5  16   0 0.00  0.0    0  5.7 12 140   M    M   1        13 170
 9  67  38  53  10  12   0 0.00  0.0    0  8.4 17 170   M    M   0        22 160
10  52  33  43   1  22   0    T  0.0    0  8.7 28 330   M    M   5 58     33 320
11  45  27  36  -6  29   0 0.00  0.0    0  8.8 20 330   M    M   0 8      22 340
12  36  23  30 -12  35   0 0.00  0.0    0  4.7 14 120   M    M   7 8      17 120
13  33  23  28 -13  37   0 0.02  0.2    0  5.2 13  10   M    M  10 18     15 330
14  51  31  41   0  24   0 0.01  0.0    0  7.7 20 350   M    M   8 1      23 350
15  42  20  31  -9  34   0 0.08  0.1    0 11.2 23 320   M    M   6 1      28 310
16  29  14  22 -18  43   0 0.00  0.0    0  5.7 16 330   M    M   0 8      21 330
17  36  16  26 -13  39   0 0.00  0.0    0  4.4  9 170   M    M   0 8      11 150
18  44  18  31  -8  34   0 0.00  0.0    0  5.3 12 330   M    M   2        16 320
19  46  23  35  -3  30   0 0.00  0.0    0  2.7  8 280   M    M   1 8      10 310
20  50  27  39   1  26   0 0.00  0.0    0  2.4  9 350   M    M   4 18     11 350
21  50  25  38   1  27   0 0.00  0.0    0  4.5 10 120   M    M   1 18     12 110
22  50  35  43   6  22   0 0.41  0.0    0 13.8 36 180   M    M   8 18     44 180
23  41  31  36   0  29   0 0.05  0.5    0 10.4 29 290   M    M   9 1      38 280
24  42  29  36   0  29   0    T  0.0    0 10.5 21 330   M    M   5 58     28 290
25  45  30  38   2  27   0    T  0.0    0  9.5 17 140   M    M   8        23 140
26  61  35  48  13  17   0 0.00  0.0    0  7.1 14 140   M    M   0        19 120
27  58  43  51  16  14   0 0.00  0.0    0 11.2 18 140   M    M   0        23 150
28  66  42  54  20  11   0 0.00  0.0    0 13.9 30 170   M    M   1        37 170
29  66  49  58  24   7   0 0.00  0.0    0 15.3 33 170   M    M   3        43 150
30  57  34  46  12  19   0    T  0.0    0  9.5 18 350   M    M   9        24 350
================================================================================
SM 1536  942       703   0  0.60     0.8 238.7          M      115
================================================================================
AV 51.2 31.4                               8.0 FASTST   M    M   4    MAX(MPH)
                                 MISC ---->  # 39 160               # 47  150
================================================================================
NOTES:
# LAST OF SEVERAL OCCURRENCES

COLUMN 17 PEAK WIND IN M.P.H.

PRELIMINARY LOCAL CLIMATOLOGICAL DATA (WS FORM: F-6) , PAGE 2

                                          STATION:  SALT LAKE CITY UT
                                          MONTH:    NOVEMBER
                                          YEAR:     2014
                                          LATITUDE:   40 46 N
                                          LONGITUDE: 111 58 W

[TEMPERATURE DATA]      [PRECIPITATION DATA]       SYMBOLS USED IN COLUMN 16

AVERAGE MONTHLY: 41.3   TOTAL FOR MONTH:   0.60    1 = FOG OR MIST
DPTR FM NORMAL:   1.3   DPTR FM NORMAL:   -0.85    2 = FOG REDUCING VISIBILITY
HIGHEST:    72 ON  1    GRTST 24HR  0.46 ON 22-23      TO 1/4 MILE OR LESS
LOWEST:     14 ON 16                               3 = THUNDER
                        SNOW, ICE PELLETS, HAIL    4 = ICE PELLETS
                        TOTAL MONTH:   0.8 INCH    5 = HAIL
                        GRTST 24HR   0.5 ON 23-23  6 = FREEZING RAIN OR DRIZZLE
                        GRTST DEPTH:   0           7 = DUSTSTORM OR SANDSTORM:
                                                       VSBY 1/2 MILE OR LESS
                                                   8 = SMOKE OR HAZE
[NO. OF DAYS WITH]      [WEATHER - DAYS WITH]      9 = BLOWING SNOW
                                                   X = TORNADO
MAX 32 OR BELOW:   1    0.01 INCH OR MORE:   6
MAX 90 OR ABOVE:   0    0.10 INCH OR MORE:   1
MIN 32 OR BELOW:  15    0.50 INCH OR MORE:   0
MIN  0 OR BELOW:   0    1.00 INCH OR MORE:   0

[HDD (BASE 65) ]
TOTAL THIS MO.   703    CLEAR  (SCALE 0-3)  15
DPTR FM NORMAL   -47    PTCLDY (SCALE 4-7)  10
TOTAL FM JUL 1   970    CLOUDY (SCALE 8-10)  5
DPTR FM NORMAL  -248

[CDD (BASE 65) ]
TOTAL THIS MO.     0
DPTR FM NORMAL     0    [PRESSURE DATA]
TOTAL FM JAN 1  1244    HIGHEST SLP 30.65 ON 16
DPTR FM NORMAL    84    LOWEST  SLP 29.45 ON  1

[REMARKS]
SNOWFALL, SNOW DEPTH, AND WATER EQUIVALENT IS MEASURED 1/2 MILE EAST OF ASOS.
DAILY RECORD HIGH TEMPERATURE ESTABLISHED ON THE 29TH AND TIED ON THE 28TH.
DAILY RECORD WARMEST LOW TEMPERATURE ESTABLISHED ON THE 29TH AND TIED ON THE 27TH.
FALL SEASONAL RECORD - 3RD WARMEST AVERAGE TEMPERATURE (56.2 DEGREES)
#FINAL-11-14#




U.S. Dept. of Commerce
NOAA National Weather Service
1325 East West Highway
Silver Spring, MD 20910
E-mail: w-nws.webmaster@noaa.gov
Page last modified: May 16, 2007
NATIONAL WEATHER SERVICE: for Safety, for Work, for Fun - FOR LIFE