995
CXUS54 KSJT 010900
CF6SJT
PRELIMINARY LOCAL CLIMATOLOGICAL DATA (WS FORM: F-6)

                                          STATION:   SAN ANGELO
                                          MONTH:     SEPTEMBER
                                          YEAR:      2014
                                          LATITUDE:   31 21 N
                                          LONGITUDE: 100 30 W

  TEMPERATURE IN F:       :PCPN:    SNOW:  WIND      :SUNSHINE: SKY     :PK WND
================================================================================
1   2   3   4   5  6A  6B    7    8   9   10  11  12  13   14  15   16   17  18
                                     12Z  AVG MX 2MIN
DY MAX MIN AVG DEP HDD CDD  WTR  SNW DPTH SPD SPD DIR MIN PSBL S-S WX    SPD DR
================================================================================

 1 101  76  89   9   0  24 0.00  0.0    0 15.0 24 200   M    M   0        30 190
 2  97  75  86   6   0  21 0.00  0.0    0 12.2 20 180   M    M   1        26 200
 3  95  75  85   5   0  20 0.00  0.0    0 13.5 30 170   M    M   3        41 170
 4  94  69  82   3   0  17 0.00  0.0    0 11.7 25 170   M    M   3        31 160
 5  94  70  82   3   0  17 0.00  0.0    0  9.2 18 140   M    M   3        25 170
 6  89  68  79   0   0  14 0.04  0.0    0  9.0 22  50   M    M   7 3      26  30
 7  86  66  76  -2   0  11 0.01  0.0    0  5.9 15 150   M    M   7        19 150
 8  94  66  80   2   0  15 0.00  0.0    0  5.6 16 140   M    M   2        26 130
 9  98  72  85   7   0  20 0.00  0.0    0 11.8 22 190   M    M   0        29 180
10 102  77  90  12   0  25 0.00  0.0    0 13.3 22 210   M    M   0        27 200
11  93  71  82   5   0  17 0.01  0.0    0  7.3 20  50   M    M   1        25  60
12  79  56  68  -9   0   3    T  0.0    0 14.7 28  30   M    M   9 1      33  30
13  66  53  60 -16   5   0 0.03  0.0    0  9.3 23  40   M    M   8 1      31  30
14  81  59  70  -6   0   5    T  0.0    0  3.6 12 200   M    M   6        14 200
15  86  69  78   2   0  13 0.02  0.0    0  5.4 15  80   M    M   4        19  80
16  90  71  81   5   0  16 0.03  0.0    0  5.0 14 150   M    M   4        19 120
17  94  70  82   7   0  17    T  0.0    0  5.6 21  50   M    M   5        25  50
18  89  68  79   4   0  14 0.17  0.0    0  5.5 23  20   M    M   4 13     27 360
19  81  70  76   2   0  11 0.50  0.0    0  7.2 16  80   M    M   6 1      19  50
20  85  72  79   5   0  14 0.08  0.0    0  5.4 17  70   M    M   8 3      21  60
21  85  70  78   4   0  13 0.00  0.0    0  4.8 14  80   M    M   7        17  80
22  89  70  80   6   0  15 0.00  0.0    0  5.8 15  80   M    M   1        21  40
23  88  67  78   5   0  13    T  0.0    0  6.2 14 130   M    M   3 3      18  80
24  83  66  75   2   0  10 0.00  0.0    0  5.1 12 200   M    M   1        15 160
25  84  57  71  -2   0   6 0.00  0.0    0  4.8 16  30   M    M   0        20  40
26  81  60  71  -1   0   6    T  0.0    0  5.3 13 150   M    M   5        17 100
27  85  65  75   3   0  10 0.00  0.0    0  5.1 21  80   M    M   5        26  80
28  85  58  72   0   0   7 0.00  0.0    0  5.0 14 130   M    M   4        19  80
29  87  57  72   1   0   7 0.00  0.0    0  4.8 14  80   M    M   1        17  80
30  93  62  78   7   0  13 0.00  0.0    0  8.8 18 170   M    M   0        24 180
================================================================================
SM 2654 2005         5 394  0.89     0.0 231.9          M      108
================================================================================
AV 88.5 66.8                               7.7 FASTST   M    M   4    MAX(MPH)
                                 MISC ---->  # 30 170               # 41  170
================================================================================
NOTES:
# LAST OF SEVERAL OCCURRENCES

COLUMN 17 PEAK WIND IN M.P.H.

PRELIMINARY LOCAL CLIMATOLOGICAL DATA (WS FORM: F-6) , PAGE 2

                                          STATION:  SAN ANGELO
                                          MONTH:    SEPTEMBER
                                          YEAR:     2014
                                          LATITUDE:   31 21 N
                                          LONGITUDE: 100 30 W

[TEMPERATURE DATA]      [PRECIPITATION DATA]       SYMBOLS USED IN COLUMN 16

AVERAGE MONTHLY: 77.7   TOTAL FOR MONTH:   0.89    1 = FOG OR MIST
DPTR FM NORMAL:   2.1   DPTR FM NORMAL:   -1.57    2 = FOG REDUCING VISIBILITY
HIGHEST:   102 ON 10    GRTST 24HR  0.67 ON 18-19      TO 1/4 MILE OR LESS
LOWEST:     53 ON 13                               3 = THUNDER
                        SNOW, ICE PELLETS, HAIL    4 = ICE PELLETS
                        TOTAL MONTH:   0.0 INCH    5 = HAIL
                        GRTST 24HR     0.0         6 = FREEZING RAIN OR DRIZZLE
                        GRTST DEPTH:   0           7 = DUSTSTORM OR SANDSTORM:
                                                       VSBY 1/2 MILE OR LESS
                                                   8 = SMOKE OR HAZE
[NO. OF DAYS WITH]      [WEATHER - DAYS WITH]      9 = BLOWING SNOW
                                                   X = TORNADO
MAX 32 OR BELOW:   0    0.01 INCH OR MORE:   9
MAX 90 OR ABOVE:  12    0.10 INCH OR MORE:   2
MIN 32 OR BELOW:   0    0.50 INCH OR MORE:   1
MIN  0 OR BELOW:   0    1.00 INCH OR MORE:   0

[HDD (BASE 65) ]
TOTAL THIS MO.     5    CLEAR  (SCALE 0-3)  14
DPTR FM NORMAL    -4    PTCLDY (SCALE 4-7)  15
TOTAL FM JUL 1     5    CLOUDY (SCALE 8-10)  1
DPTR FM NORMAL    -4

[CDD (BASE 65) ]
TOTAL THIS MO.   394
DPTR FM NORMAL    65    [PRESSURE DATA]
TOTAL FM JAN 1  2652    HIGHEST SLP 30.31 ON 13
DPTR FM NORMAL   287    LOWEST  SLP 29.68 ON 30

[REMARKS]
#FINAL-09-14#




U.S. Dept. of Commerce
NOAA National Weather Service
1325 East West Highway
Silver Spring, MD 20910
E-mail: w-nws.webmaster@noaa.gov
Page last modified: May 16, 2007
NATIONAL WEATHER SERVICE: for Safety, for Work, for Fun - FOR LIFE