346
CXUS54 KSJT 132240
CF6SJT
PRELIMINARY LOCAL CLIMATOLOGICAL DATA (WS FORM: F-6)

                                          STATION:   SAN ANGELO
                                          MONTH:     NOVEMBER
                                          YEAR:      2014
                                          LATITUDE:   31 21 N
                                          LONGITUDE: 100 30 W

  TEMPERATURE IN F:       :PCPN:    SNOW:  WIND      :SUNSHINE: SKY     :PK WND
================================================================================
1   2   3   4   5  6A  6B    7    8   9   10  11  12  13   14  15   16   17  18
                                     12Z  AVG MX 2MIN
DY MAX MIN AVG DEP HDD CDD  WTR  SNW DPTH SPD SPD DIR MIN PSBL S-S WX    SPD DR
================================================================================

 1  74  35  55  -6  10   0 0.00  0.0    0  8.2 16 160   M    M   0        23 170
 2  74  54  64   3   1   0 0.00  0.0    0 14.3 26 170   M    M   2        37 170
 3  76  65  71  11   0   6 0.00  0.0    0 14.8 28 180   M    M   8        35 180
 4  69  51  60   0   5   0 2.48  0.0    0 11.1 25  30   M    M   9 1      32  30
 5  54  50  52  -8  13   0 0.52  0.0    0  6.4 13  10   M    M  10        16  20
 6  70  50  60   1   5   0 0.00  0.0    0  5.1 13  50   M    M   6        17  30
 7  69  46  58  -1   7   0 0.00  0.0    0  8.5 18 220   M    M   2        23 200
 8  69  44  57  -1   8   0 0.00  0.0    0 10.2 26  30   M    M   1        32  40
 9  76  38  57  -1   8   0 0.00  0.0    0 10.7 21 230   M    M   0        31 180
10  81  56  69  11   0   4 0.00  0.0    0 17.5 25 210   M    M   0        36 200
11  62  37  50  -7  15   0 0.00  0.0    0 13.8 25  10   M    M   0        33 350
12  43  30  37 -20  28   0 0.00  0.0    0 15.4 22  20   M    M   2        32  30
13  36  28  32 -24  33   0 0.00  0.0    0 10.5 20  10   M    M   9        24  20
14  50  31  41 -15  24   0 0.00  0.0    0  7.7 16 180   M    M   6        22 150
15  66  32  49  -7  16   0 0.00  0.0    0 10.2 22 200   M    M   0        28 210
16  49  25  37 -18  28   0    T    T    0 12.7 24 350   M    M   7        29 350
17  48  22  35 -20  30   0 0.00  0.0    0  7.7 16  40   M    M   0        20  40
18  56  22  39 -15  26   0 0.00  0.0    0 10.1 24 210   M    M   0        31 210
19  70  39  55   1  10   0 0.00  0.0    0 11.6 23 210   M    M   0        32 200
20  75  44  60   7   5   0 0.00  0.0    0 11.5 23 200   M    M   1        30 190
21  77  51  64  11   1   0 0.00  0.0    0  9.9 20 210   M    M   4 8      26 210
22  77  49  63  10   2   0 0.04  0.0    0  8.1 25 230   M    M   5 3      31 210
23  77  45  61   9   4   0 0.00  0.0    0 14.2 32 270   M    M   1 1      40 280
24  61  36  49  -3  16   0 0.00  0.0    0  7.1 15 210   M    M   0        22 230
25  63  28  46  -6  19   0 0.00  0.0    0  7.3 21 260   M    M   0        24 260
26  67  36  52   1  13   0 0.00  0.0    0  8.7 20 340   M    M   0        24 330
27  66  30  48  -3  17   0 0.00  0.0    0  5.3 13 100   M    M   0        16 140
28  74  45  60  10   5   0 0.00  0.0    0 16.3 29 200   M    M   0        35 200
29  78  53  66  16   0   1 0.00  0.0    0 17.0 25 200   M    M   0        32 200
30  81  54  68  18   0   3 0.00  0.0    0 12.7 24 210   M    M   1        29 200
================================================================================
SM 1988 1226       349  14  3.04    T    324.6          M       74
================================================================================
AV 66.3 40.9                              10.8 FASTST   M    M   2    MAX(MPH)
                                 MISC ---->  # 32 270               # 40  280
================================================================================
NOTES:
# LAST OF SEVERAL OCCURRENCES

COLUMN 17 PEAK WIND IN M.P.H.

PRELIMINARY LOCAL CLIMATOLOGICAL DATA (WS FORM: F-6) , PAGE 2

                                          STATION:  SAN ANGELO
                                          MONTH:    NOVEMBER
                                          YEAR:     2014
                                          LATITUDE:   31 21 N
                                          LONGITUDE: 100 30 W

[TEMPERATURE DATA]      [PRECIPITATION DATA]       SYMBOLS USED IN COLUMN 16

AVERAGE MONTHLY: 53.6   TOTAL FOR MONTH:   3.04    1 = FOG OR MIST
DPTR FM NORMAL:  -1.7   DPTR FM NORMAL:    1.90    2 = FOG REDUCING VISIBILITY
HIGHEST:    81 ON 30,10 GRTST 24HR  2.74 ON  4- 5      TO 1/4 MILE OR LESS
LOWEST:     22 ON 18,17                            3 = THUNDER
                        SNOW, ICE PELLETS, HAIL    4 = ICE PELLETS
                        TOTAL MONTH:    T          5 = HAIL
                        GRTST 24HR    T  ON 16-16  6 = FREEZING RAIN OR DRIZZLE
                        GRTST DEPTH:   0           7 = DUSTSTORM OR SANDSTORM:
                                                       VSBY 1/2 MILE OR LESS
                                                   8 = SMOKE OR HAZE
[NO. OF DAYS WITH]      [WEATHER - DAYS WITH]      9 = BLOWING SNOW
                                                   X = TORNADO
MAX 32 OR BELOW:   0    0.01 INCH OR MORE:   3
MAX 90 OR ABOVE:   0    0.10 INCH OR MORE:   2
MIN 32 OR BELOW:   9    0.50 INCH OR MORE:   2
MIN  0 OR BELOW:   0    1.00 INCH OR MORE:   1

[HDD (BASE 65) ]
TOTAL THIS MO.   349    CLEAR  (SCALE 0-3)  21
DPTR FM NORMAL    40    PTCLDY (SCALE 4-7)   6
TOTAL FM JUL 1   370    CLOUDY (SCALE 8-10)  3
DPTR FM NORMAL   -30

[CDD (BASE 65) ]
TOTAL THIS MO.    14
DPTR FM NORMAL    -4    [PRESSURE DATA]
TOTAL FM JAN 1  2876    HIGHEST SLP 30.63 ON 13
DPTR FM NORMAL   374    LOWEST  SLP 29.53 ON 23

[REMARKS]
#FINAL-11-14#




U.S. Dept. of Commerce
NOAA National Weather Service
1325 East West Highway
Silver Spring, MD 20910
E-mail: w-nws.webmaster@noaa.gov
Page last modified: May 16, 2007
NATIONAL WEATHER SERVICE: for Safety, for Work, for Fun - FOR LIFE