297
CXUS56 KFGZ 300900
CF6SJN
PRELIMINARY LOCAL CLIMATOLOGICAL DATA (WS FORM: F-6)

                                          STATION:   SAINT JOHNS AZ AIRPORT
                                          MONTH:     JULY
                                          YEAR:      2014
                                          LATITUDE:   34 31 N
                                          LONGITUDE: 109 23 W

  TEMPERATURE IN F:       :PCPN:    SNOW:  WIND      :SUNSHINE: SKY     :PK WND
================================================================================
1   2   3   4   5  6A  6B    7    8   9   10  11  12  13   14  15   16   17  18
                                     12Z  AVG MX 2MIN
DY MAX MIN AVG DEP HDD CDD  WTR  SNW DPTH SPD SPD DIR MIN PSBL S-S WX    SPD DR
================================================================================

 1  99  60  80   4   0  15    T    M    M  7.2 26 260   M    M   0 3      33 260
 2  98  63  81   5   0  16    T    M    M  9.8 33 210   M    M   1        42 210
 3  94  58  76   0   0  11    M    M    M  7.5 36 240   M    M   3 3      43 240
 4  87  64  76   0   0  11    M    M    M  9.4 29 210   M    M   2        35 210
 5  87  62  75  -1   0  10    M    M    M  7.2 25 100   M    M   6        31 100
 6  89  64  77   1   0  12    M    M    M  6.1 22 120   M    M   2 3      27 140
 7  94  58  76   0   0  11    T    M    M  8.7 29 250   M    M   1 3      35 240
 8  90  62  76  -1   0  11    T    M    M  8.7 31 170   M    M   2 3      39 120
 9  89  58  74  -3   0   9 0.00    M    M  7.2 26 160   M    M   3        32 160
10  90  59  75  -2   0  10    T    M    M  5.8 29 230   M    M   1 3      36 240
11  90  63  77   0   0  12    T    M    M  7.5 30 190   M    M   5 3      39 190
12  93  59  76  -1   0  11    T    M    M  6.0 30  90   M    M   3 13     37  80
13  93  61  77   0   0  12 0.01    M    M  7.0 32 170   M    M   2 3      40 170
14  86  65  76  -1   0  11 0.01    M    M  8.1 26 170   M    M   5 3      33 160
15  90  60  75  -2   0  10 0.02    M    M  8.3 29 280   M    M   3 3      35 280
16  86  61  74  -3   0   9 0.21    M    M 10.2 30 250   M    M   3 13     37 250
17  92  61  77   0   0  12 0.00    M    M 11.3 24 230   M    M   1        31 220
18  95  66  81   4   0  16 0.00    M    M 10.9 21 240   M    M   0        26 300
19  94  66  80   3   0  15 0.00    M    M 10.7 24 180   M    M   1        31 180
20  90  60  75  -1   0  10    T    M    M  6.9 29 170   M    M   1 3      35 170
21  92  63  78   2   0  13 0.00    M    M  6.5 15 160   M    M   0        23 270
22  97  70  84   8   0  19    T    M    M  8.6 30 180   M    M   3        38 180
23  93  65  79   3   0  14 0.20    M    M  6.9 26 170   M    M   1 3      31 170
24  93  64  79   3   0  14    T    M    M  7.2 15 160   M    M   3        19 160
25  96  62  79   3   0  14 0.00    M    M  7.9 24 280   M    M   1        30 280
26  98  65  82   6   0  17 0.52  0.0    0  9.1 38  60   M    M   0 3      45  60
27  87  63  75  -1   0  10 0.01  0.0    0  8.0 36 180   M    M   2        46 180
28  83  63  73  -3   0   8 0.03    M    M  5.5 18 180   M    M   8 3      23 180
29  88  62  75   0   0  10 0.00    M    M  7.2 24 220   M    M   2        32 220
================================================================================
SM 2653 1807         0 353  1.01     0.0 231.4          M       65
================================================================================
AV 91.5 62.3                               8.0 FASTST   M    M   2    MAX(MPH)
                                 MISC ---->  # 38  60               # 46  180
================================================================================
NOTES:
# LAST OF SEVERAL OCCURRENCES

COLUMN 17 PEAK WIND IN M.P.H.

PRELIMINARY LOCAL CLIMATOLOGICAL DATA (WS FORM: F-6) , PAGE 2

                                          STATION:  SAINT JOHNS AZ AIRPORT
                                          MONTH:    JULY
                                          YEAR:     2014
                                          LATITUDE:   34 31 N
                                          LONGITUDE: 109 23 W

[TEMPERATURE DATA]      [PRECIPITATION DATA]       SYMBOLS USED IN COLUMN 16

AVERAGE MONTHLY: 76.9   TOTAL FOR MONTH:   1.01    1 = FOG OR MIST
DPTR FM NORMAL:   0.5   DPTR FM NORMAL:   -0.74    2 = FOG REDUCING VISIBILITY
HIGHEST:    99 ON  1    GRTST 24HR  0.53 ON 26-27      TO 1/4 MILE OR LESS
LOWEST:     58 ON  9, 7                            3 = THUNDER
                        SNOW, ICE PELLETS, HAIL    4 = ICE PELLETS
                        TOTAL MONTH:   0.0 INCH    5 = HAIL
                        GRTST 24HR     0.0         6 = FREEZING RAIN OR DRIZZLE
                        GRTST DEPTH:   0           7 = DUSTSTORM OR SANDSTORM:
                                                       VSBY 1/2 MILE OR LESS
                                                   8 = SMOKE OR HAZE
[NO. OF DAYS WITH]      [WEATHER - DAYS WITH]      9 = BLOWING SNOW
                                                   X = TORNADO
MAX 32 OR BELOW:   0    0.01 INCH OR MORE:   8
MAX 90 OR ABOVE:  20    0.10 INCH OR MORE:   3
MIN 32 OR BELOW:   0    0.50 INCH OR MORE:   1
MIN  0 OR BELOW:   0    1.00 INCH OR MORE:   0

[HDD (BASE 65) ]
TOTAL THIS MO.     0    CLEAR  (SCALE 0-3)  24
DPTR FM NORMAL     0    PTCLDY (SCALE 4-7)   5
TOTAL FM JUL 1     0    CLOUDY (SCALE 8-10)  0
DPTR FM NORMAL     0

[CDD (BASE 65) ]
TOTAL THIS MO.   353
DPTR FM NORMAL    24    [PRESSURE DATA]
TOTAL FM JAN 1   634    HIGHEST SLP M ON M
DPTR FM NORMAL    54    LOWEST  SLP 29.81 ON  1

[REMARKS]




U.S. Dept. of Commerce
NOAA National Weather Service
1325 East West Highway
Silver Spring, MD 20910
E-mail: w-nws.webmaster@noaa.gov
Page last modified: May 16, 2007
NATIONAL WEATHER SERVICE: for Safety, for Work, for Fun - FOR LIFE