603
CXUS56 KFGZ 010900
CF6SJN
PRELIMINARY LOCAL CLIMATOLOGICAL DATA (WS FORM: F-6)

                                          STATION:   SAINT JOHNS AZ AIRPORT
                                          MONTH:     AUGUST
                                          YEAR:      2014
                                          LATITUDE:   34 31 N
                                          LONGITUDE: 109 23 W

  TEMPERATURE IN F:       :PCPN:    SNOW:  WIND      :SUNSHINE: SKY     :PK WND
================================================================================
1   2   3   4   5  6A  6B    7    8   9   10  11  12  13   14  15   16   17  18
                                     12Z  AVG MX 2MIN
DY MAX MIN AVG DEP HDD CDD  WTR  SNW DPTH SPD SPD DIR MIN PSBL S-S WX    SPD DR
================================================================================

 1  88  61  75   0   0  10 0.07    M    M  6.2 33  60   M    M   3 38     42  50
 2  85  61  73  -2   0   8    T    M    M 10.4 18  80   M    M   2        31  80
 3  80  63  72  -3   0   7 0.28    M    M  5.1 20 270   M    M   7 13     23 270
 4  83  62  73  -2   0   8 0.78    M    M  5.6 33 150   M    M   3 138    45 160
 5  87  57  72  -3   0   7 0.00    M    M  5.9 16 230   M    M   1        21 260
 6  88  61  75   1   0  10 0.00    M    M  4.7 15 220   M    M   3        19 220
 7  89  60  75   1   0  10 0.00    M    M  7.1 18 230   M    M   2        23 240
 8  90  58  74   0   0   9 0.00    M    M  6.0 15 310   M    M   0        19 320
 9  92  61  77   3   0  12 0.00    M    M  6.4 16 220   M    M   0        21 220
10  93  64  79   5   0  14 0.00    M    M  8.6 26 120   M    M   1        34 120
11  90  60  75   1   0  10 0.00    M    M  9.0 26 130   M    M   2        33 130
12  85  63  74   0   0   9 0.83    M    M  6.1 23  80   M    M   4 13     30  80
13  80  61  71  -2   0   6 0.15    M    M  6.2 24 270   M    M   8 3      32 280
14  83  58  71  -2   0   6 0.07    M    M  5.6 25 240   M    M   2 3      32 240
15  85  61  73   0   0   8    T    M    M  5.9 17 230   M    M   1 3      21 220
16  90  62  76   3   0  11 0.00    M    M  5.4 17 230   M    M   1 3      22 230
17  93  62  78   5   0  13    T    M    M  5.7 29 150   M    M   1 3      39 150
18  88  59  74   1   0   9 0.02    M    M  6.5 22 210   M    M   2 3      28 210
19  78  58  68  -5   0   3 0.03    M    M  6.9 30 190   M    M   6 13     42 190
20  83  56  70  -3   0   5 0.00    M    M  8.0 18 260   M    M   2        23 250
21  80  58  69  -4   0   4 0.02    M    M  5.9 22 250   M    M   5        27 240
22  76  56  66  -6   0   1    T    M    M  5.2 22 300   M    M   4        27 300
23  82  52  67  -5   0   2 0.00    M    M  9.3 21 280   M    M   0        25 280
24  85  51  68  -4   0   3 0.00    M    M  5.7 17 270   M    M   1        22 280
25  83  58  71  -1   0   6    T    M    M  7.2 25 190   M    M   2 3      31 190
26  72  56  64  -8   1   0 0.50    M    M  6.4 26 300   M    M   4 13     34 290
27  78  52  65  -7   0   0 0.01    M    M  3.5 16 300   M    M   4        22 280
28  82  55  69  -3   0   4 0.00    M    M  5.5 16 290   M    M   1        21 290
29  85  50  68  -4   0   3 0.00    M    M  3.6 12 260   M    M   0        15  10
30  90  54  72   1   0   7 0.00    M    M  6.9 18 290   M    M   0        28 290
31  89  62  76   5   0  11 0.00    M    M 12.1 25 250   M    M   0        32 250
================================================================================
SM 2632 1812         1 216  2.76    M    202.6          M       72
================================================================================
AV 84.9 58.5                               6.5 FASTST   M    M   2    MAX(MPH)
                                 MISC ---->  # 33  60               # 45  160
================================================================================
NOTES:
# LAST OF SEVERAL OCCURRENCES

COLUMN 17 PEAK WIND IN M.P.H.

PRELIMINARY LOCAL CLIMATOLOGICAL DATA (WS FORM: F-6) , PAGE 2

                                          STATION:  SAINT JOHNS AZ AIRPORT
                                          MONTH:    AUGUST
                                          YEAR:     2014
                                          LATITUDE:   34 31 N
                                          LONGITUDE: 109 23 W

[TEMPERATURE DATA]      [PRECIPITATION DATA]       SYMBOLS USED IN COLUMN 16

AVERAGE MONTHLY: 71.7   TOTAL FOR MONTH:   2.76    1 = FOG OR MIST
DPTR FM NORMAL:  -1.4   DPTR FM NORMAL:    0.52    2 = FOG REDUCING VISIBILITY
HIGHEST:    93 ON 17,10 GRTST 24HR  0.98 ON 12-13      TO 1/4 MILE OR LESS
LOWEST:     50 ON 29                               3 = THUNDER
                        SNOW, ICE PELLETS, HAIL    4 = ICE PELLETS
                        TOTAL MONTH:    M          5 = HAIL
                        GRTST 24HR    M  ON   M    6 = FREEZING RAIN OR DRIZZLE
                        GRTST DEPTH:  M  ON   M    7 = DUSTSTORM OR SANDSTORM:
                                                       VSBY 1/2 MILE OR LESS
                                                   8 = SMOKE OR HAZE
[NO. OF DAYS WITH]      [WEATHER - DAYS WITH]      9 = BLOWING SNOW
                                                   X = TORNADO
MAX 32 OR BELOW:   0    0.01 INCH OR MORE:  11
MAX 90 OR ABOVE:   7    0.10 INCH OR MORE:   5
MIN 32 OR BELOW:   0    0.50 INCH OR MORE:   3
MIN  0 OR BELOW:   0    1.00 INCH OR MORE:   0

[HDD (BASE 65) ]
TOTAL THIS MO.     1    CLEAR  (SCALE 0-3)  22
DPTR FM NORMAL     1    PTCLDY (SCALE 4-7)   9
TOTAL FM JUL 1     1    CLOUDY (SCALE 8-10)  0
DPTR FM NORMAL     1

[CDD (BASE 65) ]
TOTAL THIS MO.   216
DPTR FM NORMAL   -35    [PRESSURE DATA]
TOTAL FM JAN 1   877    HIGHEST SLP M ON M
DPTR FM NORMAL    26    LOWEST  SLP 29.87 ON M

[REMARKS]
#FINAL-08-14#




U.S. Dept. of Commerce
NOAA National Weather Service
1325 East West Highway
Silver Spring, MD 20910
E-mail: w-nws.webmaster@noaa.gov
Page last modified: May 16, 2007
NATIONAL WEATHER SERVICE: for Safety, for Work, for Fun - FOR LIFE