024
CXUS56 KFGZ 010900
CF6SJN
PRELIMINARY LOCAL CLIMATOLOGICAL DATA (WS FORM: F-6)

                                          STATION:   SAINT JOHNS AZ AIRPORT
                                          MONTH:     SEPTEMBER
                                          YEAR:      2014
                                          LATITUDE:   34 31 N
                                          LONGITUDE: 109 23 W

  TEMPERATURE IN F:       :PCPN:    SNOW:  WIND      :SUNSHINE: SKY     :PK WND
================================================================================
1   2   3   4   5  6A  6B    7    8   9   10  11  12  13   14  15   16   17  18
                                     12Z  AVG MX 2MIN
DY MAX MIN AVG DEP HDD CDD  WTR  SNW DPTH SPD SPD DIR MIN PSBL S-S WX    SPD DR
================================================================================

 1  90  56  73   2   0   8 0.00    M    M  6.5 17 280   M    M   0        22 230
 2  91  54  73   2   0   8 0.00    M    M  5.9 16 220   M    M   0        20 220
 3  90  58  74   3   0   9 0.00    M    M  6.8 21 280   M    M   0        26 240
 4  78  61  70  -1   0   5 0.15    M    M  5.2 20  30   M    M   5 3      24 320
 5  85  57  71   1   0   6 0.00    M    M  4.8 18 240   M    M   1        23 230
 6  87  55  71   1   0   6    T    M    M  5.5 17 100   M    M   3        23  90
 7  87  57  72   2   0   7    T    M    M  4.7 20 230   M    M   2        24 220
 8  77  60  69  -1   0   4    T    M    M  5.6 16 230   M    M   4 3      22 230
 9  79  58  69  -1   0   4    T    M    M 13.5 31 250   M    M   4        38 250
10  81  57  69   0   0   4    T    M    M  5.4 14 320   M    M   1        18 330
11  86  47  67  -2   0   2 0.00    M    M  4.3 15 320   M    M   0        20 320
12  88  47  68  -1   0   3 0.00    M    M  5.1 14 280   M    M   1        22 340
13  86  53  70   1   0   5    T    M    M  5.6 24 160   M    M   2 3      31 160
14  86  52  69   1   0   4 0.00    M    M  5.9 21 170   M    M   2 3      26 160
15  89  52  71   3   0   6    T    M    M  5.6 33 170   M    M   1 3      39 170
16  78  62  70   2   0   5 0.07    M    M  9.0 20 130   M    M   6        25 110
17  75  60  68   1   0   3 0.09    M    M  6.8 14 140   M    M   7        19 140
18  77  53  65  -2   0   0    T    M    M  3.4 10 170   M    M   4        14 140
19  84  54  69   2   0   4    T    M    M  5.1 21 340   M    M   1        26 340
20  88  56  72   6   0   7 0.00    M    M  5.8 25 100   M    M   2        32 110
21  83  57  70   4   0   5 0.02    M    M  4.6 29 240   M    M   3 3      36 240
22  79  60  70   4   0   5 0.10    M    M  5.6 16 280   M    M   6 3      20 280
23  84  56  70   5   0   5 0.00    M    M  4.4 13 330   M    M   1        17 330
24  86  52  69   4   0   4 0.00    M    M  4.4 12 190   M    M   0        16 300
25  89  54  72   8   0   7 0.00    M    M  5.4 23 250   M    M   0        29 240
26  86  60  73   9   0   8 0.00    M    M  6.2 24 190   M    M   3 38     31 190
27  81  53  67   3   0   2 0.31    M    M  8.1 25 270   M    M   2 13     31 270
28  74  55  65   2   0   0 0.22    M    M  6.9 23 230   M    M   5 13     29 230
29  73  50  62  -1   3   0    T    M    M  9.7 29 230   M    M   3        38 220
30  73  44  59  -3   6   0 0.00  0.0    0  5.7 16 310   M    M   0        23 320
================================================================================
SM 2490 1650         9 136  0.96     0.0 181.5          M       69
================================================================================
AV 83.0 55.0                               6.0 FASTST   M    M   2    MAX(MPH)
                                 MISC ---->  # 33 170               # 39  170
================================================================================
NOTES:
# LAST OF SEVERAL OCCURRENCES

COLUMN 17 PEAK WIND IN M.P.H.

PRELIMINARY LOCAL CLIMATOLOGICAL DATA (WS FORM: F-6) , PAGE 2

                                          STATION:  SAINT JOHNS AZ AIRPORT
                                          MONTH:    SEPTEMBER
                                          YEAR:     2014
                                          LATITUDE:   34 31 N
                                          LONGITUDE: 109 23 W

[TEMPERATURE DATA]      [PRECIPITATION DATA]       SYMBOLS USED IN COLUMN 16

AVERAGE MONTHLY: 69.0   TOTAL FOR MONTH:   0.96    1 = FOG OR MIST
DPTR FM NORMAL:   1.6   DPTR FM NORMAL:   -0.53    2 = FOG REDUCING VISIBILITY
HIGHEST:    91 ON  2    GRTST 24HR  0.52 ON 27-28      TO 1/4 MILE OR LESS
LOWEST:     44 ON 30                               3 = THUNDER
                        SNOW, ICE PELLETS, HAIL    4 = ICE PELLETS
                        TOTAL MONTH:   0.0 INCH    5 = HAIL
                        GRTST 24HR     0.0         6 = FREEZING RAIN OR DRIZZLE
                        GRTST DEPTH:   0           7 = DUSTSTORM OR SANDSTORM:
                                                       VSBY 1/2 MILE OR LESS
                                                   8 = SMOKE OR HAZE
[NO. OF DAYS WITH]      [WEATHER - DAYS WITH]      9 = BLOWING SNOW
                                                   X = TORNADO
MAX 32 OR BELOW:   0    0.01 INCH OR MORE:   7
MAX 90 OR ABOVE:   3    0.10 INCH OR MORE:   4
MIN 32 OR BELOW:   0    0.50 INCH OR MORE:   0
MIN  0 OR BELOW:   0    1.00 INCH OR MORE:   0

[HDD (BASE 65) ]
TOTAL THIS MO.     9    CLEAR  (SCALE 0-3)  21
DPTR FM NORMAL   -23    PTCLDY (SCALE 4-7)   9
TOTAL FM JUL 1    10    CLOUDY (SCALE 8-10)  0
DPTR FM NORMAL   -22

[CDD (BASE 65) ]
TOTAL THIS MO.   136
DPTR FM NORMAL    31    [PRESSURE DATA]
TOTAL FM JAN 1  1013    HIGHEST SLP M ON M
DPTR FM NORMAL    57    LOWEST  SLP 29.79 ON 28

[REMARKS]
#FINAL-09-14#




U.S. Dept. of Commerce
NOAA National Weather Service
1325 East West Highway
Silver Spring, MD 20910
E-mail: w-nws.webmaster@noaa.gov
Page last modified: May 16, 2007
NATIONAL WEATHER SERVICE: for Safety, for Work, for Fun - FOR LIFE