960
CXUS56 KMTR 011000
CF6SJC
PRELIMINARY LOCAL CLIMATOLOGICAL DATA (WS FORM: F-6)

                                          STATION:   SAN JOSE AIRPORT
                                          MONTH:     JULY
                                          YEAR:      2014
                                          LATITUDE:   37 21 N
                                          LONGITUDE: 121 55 W

  TEMPERATURE IN F:       :PCPN:    SNOW:  WIND      :SUNSHINE: SKY     :PK WND
================================================================================
1   2   3   4   5  6A  6B    7    8   9   10  11  12  13   14  15   16   17  18
                                     12Z  AVG MX 2MIN
DY MAX MIN AVG DEP HDD CDD  WTR  SNW DPTH SPD SPD DIR MIN PSBL S-S WX    SPD DR
================================================================================

 1  79  57  68  -2   0   3 0.00  0.0    0  8.0 16 290   M    M   1        21 290
 2  81  57  69  -2   0   4 0.00  0.0    0  7.9 22 310   M    M   2        25 300
 3  81  56  69  -2   0   4 0.00  0.0    0  7.0 16 310   M    M   0        21 300
 4  79  58  69  -2   0   4 0.00  0.0    0  6.9 17 290   M    M   1 18     21 330
 5  82  57  70  -1   0   5 0.00  0.0    0  6.0 15 280   M    M   2 18     18 290
 6  82  57  70  -1   0   5 0.00  0.0    0  5.7 13 300   M    M   2        17 290
 7  82  59  71   0   0   6 0.00  0.0    0  5.2 14 310   M    M   6        17 310
 8  80  59  70  -1   0   5 0.00  0.0    0  6.8 15 310   M    M   2        21 320
 9  80  57  69  -2   0   4 0.00  0.0    0  8.8 15 140   M    M   1        20 130
10  80  58  69  -2   0   4 0.00  0.0    0  9.0 17 140   M    M   2        24 360
11  76  59  68  -3   0   3 0.00  0.0    0  9.3 20 310   M    M   3        24 310
12  73  58  66  -5   0   1 0.00  0.0    0  8.0 18 300   M    M   6        22 290
13  77  58  68  -3   0   3 0.00  0.0    0  5.5 13 280   M    M   7        15 270
14  86  62  74   3   0   9 0.00  0.0    0  4.9 16 190   M    M   4        24 180
15  83  61  72   1   0   7    T  0.0    0  6.8 14 190   M    M   5        22 310
16  83  62  73   2   0   8 0.00  0.0    0  7.7 21 320   M    M   4        25 350
17  78  60  69  -2   0   4 0.00  0.0    0  7.5 20 320   M    M   2 8      25 340
18  76  61  69  -2   0   4 0.00  0.0    0  8.6 16 310   M    M   4        21 290
19  78  62  70  -1   0   5    T  0.0    0  6.7 16 300   M    M   7        21 290
20  78  63  71   0   0   6 0.00  0.0    0  7.5 18 300   M    M   6        24 300
21  79  62  71   0   0   6 0.00  0.0    0  8.0 18 280   M    M   3        23 350
22  79  62  71   0   0   6    T  0.0    0  7.6 20 320   M    M   6        24 310
23  78  59  69  -2   0   4 0.00  0.0    0  7.7 20 320   M    M   2        26 330
24  85  59  72   1   0   7 0.00  0.0    0  6.5 18 320   M    M   1        23 330
25  94  61  78   7   0  13 0.00  0.0    0  6.0 18 310   M    M   1        22 300
26  88  61  75   4   0  10 0.00  0.0    M  6.5 17 310   M    M   4        21 290
27  86  62  74   3   0   9 0.00  0.0    0  6.3 14 280   M    M   4        17 290
28  82  60  71   0   0   6 0.00  0.0    0  5.4 15 310   M    M   5        18 310
29  83  62  73   2   0   8 0.00  0.0    0  6.7 15 290   M    M   2        18 300
30  82  61  72   1   0   7 0.00  0.0    0  6.9 15 300   M    M   2        18 290
31  80  61  71   0   0   6 0.00  0.0    0  5.5 14 300   M    M   5        15 290
================================================================================
SM 2510 1851         0 176    T      0.0 216.9          M      102
================================================================================
AV 81.0 59.7                               7.0 FASTST   M    M   3    MAX(MPH)
                                 MISC ---->  # 22 310               # 26  330
================================================================================
NOTES:
# LAST OF SEVERAL OCCURRENCES

COLUMN 17 PEAK WIND IN M.P.H.

PRELIMINARY LOCAL CLIMATOLOGICAL DATA (WS FORM: F-6) , PAGE 2

                                          STATION:  SAN JOSE AIRPORT
                                          MONTH:    JULY
                                          YEAR:     2014
                                          LATITUDE:   37 21 N
                                          LONGITUDE: 121 55 W

[TEMPERATURE DATA]      [PRECIPITATION DATA]       SYMBOLS USED IN COLUMN 16

AVERAGE MONTHLY: 70.3   TOTAL FOR MONTH:      T    1 = FOG OR MIST
DPTR FM NORMAL:  -0.6   DPTR FM NORMAL:    0.00    2 = FOG REDUCING VISIBILITY
HIGHEST:    94 ON 25    GRTST 24HR    T  ON 22-22      TO 1/4 MILE OR LESS
LOWEST:     56 ON  3                               3 = THUNDER
                        SNOW, ICE PELLETS, HAIL    4 = ICE PELLETS
                        TOTAL MONTH:   0.0 INCH    5 = HAIL
                        GRTST 24HR     0.0         6 = FREEZING RAIN OR DRIZZLE
                        GRTST DEPTH:   0           7 = DUSTSTORM OR SANDSTORM:
                                                       VSBY 1/2 MILE OR LESS
                                                   8 = SMOKE OR HAZE
[NO. OF DAYS WITH]      [WEATHER - DAYS WITH]      9 = BLOWING SNOW
                                                   X = TORNADO
MAX 32 OR BELOW:   0    0.01 INCH OR MORE:   0
MAX 90 OR ABOVE:   1    0.10 INCH OR MORE:   0
MIN 32 OR BELOW:   0    0.50 INCH OR MORE:   0
MIN  0 OR BELOW:   0    1.00 INCH OR MORE:   0

[HDD (BASE 65) ]
TOTAL THIS MO.     0    CLEAR  (SCALE 0-3)  16
DPTR FM NORMAL    -1    PTCLDY (SCALE 4-7)  15
TOTAL FM JUL 1     0    CLOUDY (SCALE 8-10)  0
DPTR FM NORMAL    -1

[CDD (BASE 65) ]
TOTAL THIS MO.   176
DPTR FM NORMAL    -8    [PRESSURE DATA]
TOTAL FM JAN 1   353    HIGHEST SLP M ON M
DPTR FM NORMAL   -16    LOWEST  SLP 29.80 ON  1

[REMARKS]
#FINAL-07-14#




U.S. Dept. of Commerce
NOAA National Weather Service
1325 East West Highway
Silver Spring, MD 20910
E-mail: w-nws.webmaster@noaa.gov
Page last modified: May 16, 2007
NATIONAL WEATHER SERVICE: for Safety, for Work, for Fun - FOR LIFE