143
CXUS56 KMTR 281000
CF6SJC
PRELIMINARY LOCAL CLIMATOLOGICAL DATA (WS FORM: F-6)

                                          STATION:   SAN JOSE AIRPORT
                                          MONTH:     NOVEMBER
                                          YEAR:      2014
                                          LATITUDE:   37 21 N
                                          LONGITUDE: 121 55 W

  TEMPERATURE IN F:       :PCPN:    SNOW:  WIND      :SUNSHINE: SKY     :PK WND
================================================================================
1   2   3   4   5  6A  6B    7    8   9   10  11  12  13   14  15   16   17  18
                                     12Z  AVG MX 2MIN
DY MAX MIN AVG DEP HDD CDD  WTR  SNW DPTH SPD SPD DIR MIN PSBL S-S WX    SPD DR
================================================================================

 1  63  48  56  -5   9   0 0.02  0.0    0  4.9 18 310   M    M   5 1      22 310
 2  65  45  55  -5  10   0 0.00  0.0    0  5.1 18 290   M    M   1        21 310
 3  69  43  56  -4   9   0 0.00  0.0    0  4.0 14 300   M    M   4        17 330
 4  69  45  57  -3   8   0 0.00  0.0    0  3.3 13 290   M    M   3        15 300
 5  77  47  62   2   3   0 0.00  0.0    0  2.2  9 310   M    M   2         9 310
 6  74  49  62   3   3   0 0.00  0.0    0  2.8 17 310   M    M   4        17 310
 7  69  51  60   1   5   0 0.00  0.0    0  3.0 10 290   M    M   4 128    14 290
 8  74  49  62   3   3   0 0.00  0.0    0  1.3  8 300   M    M   4        10 310
 9  75  49  62   3   3   0 0.00  0.0    0  2.3 14 300   M    M   1 1      16 290
10  73  46  60   2   5   0 0.00  0.0    0  4.7 15 140   M    M   3 128    20 320
11  65  52  59   1   6   0 0.00  0.0    0  6.5 18 170   M    M   7        22 170
12  67  54  61   3   4   0    T  0.0    0  4.3 15 140   M    M   9        17 140
13  66  53  60   2   5   0 0.14  0.0    0  7.1 14 130   M    M   8 1      18 120
14  66  51  59   2   6   0 0.00  0.0    0  4.2 14 310   M    M   6        17 330
15  65  49  57   0   8   0 0.00  0.0    0  4.4 17 300   M    M   5        18 320
16  64  45  55  -2  10   0 0.00  0.0    0  3.4 14 300   M    M   6        17 300
17  66  40  53  -3  12   0 0.00  0.0    0  1.4  8 260   M    M   4        12 340
18  66  44  55  -1  10   0 0.00  0.0    0  1.9 12 260   M    M   6        13 260
19  66  52  59   3   6   0    T  0.0    0  7.7 21 130   M    M   7 1      28 130
20  59  50  55  -1  10   0 0.12  0.0    0  3.7 16  90   M    M   9 1      21  70
21  63  47  55  -1  10   0 0.00    M    0  2.7 13 280   M    M   7        14 290
22  64  50  57   2   8   0 0.01  0.0    0  8.6 18 300   M    M   7 18     24 300
23  65  45  55   0  10   0 0.00  0.0    0  5.4 13 300   M    M   3        15 310
24  66  38  52  -3  13   0 0.00  0.0    0  3.3 10 290   M    M   2        13 280
25  67  40  54  -1  11   0 0.00  0.0    0  1.5  7 300   M    M   2         9 300
26  70  41  56   2   9   0 0.00  0.0    0  1.2 10 300   M    M   1 8      12 300
27  69  43  56   2   9   0 0.00  0.0    0  1.1  6 330   M    M   3 8       8 300
================================================================================
SM 1822 1266       205   0  0.29     0.0 102.0          M      123
================================================================================
AV 67.5 46.9                               3.8 FASTST   M    M   5    MAX(MPH)
                                 MISC ---->  # 21 130               # 28  130
================================================================================
NOTES:
# LAST OF SEVERAL OCCURRENCES

COLUMN 17 PEAK WIND IN M.P.H.

PRELIMINARY LOCAL CLIMATOLOGICAL DATA (WS FORM: F-6) , PAGE 2

                                          STATION:  SAN JOSE AIRPORT
                                          MONTH:    NOVEMBER
                                          YEAR:     2014
                                          LATITUDE:   37 21 N
                                          LONGITUDE: 121 55 W

[TEMPERATURE DATA]      [PRECIPITATION DATA]       SYMBOLS USED IN COLUMN 16

AVERAGE MONTHLY: 57.2   TOTAL FOR MONTH:   0.29    1 = FOG OR MIST
DPTR FM NORMAL:  -0.1   DPTR FM NORMAL:   -1.39    2 = FOG REDUCING VISIBILITY
HIGHEST:    77 ON  5    GRTST 24HR  0.53 ON 31- 1      TO 1/4 MILE OR LESS
LOWEST:     38 ON 24                               3 = THUNDER
                        SNOW, ICE PELLETS, HAIL    4 = ICE PELLETS
                        TOTAL MONTH:   0.0 INCH    5 = HAIL
                        GRTST 24HR     0.0         6 = FREEZING RAIN OR DRIZZLE
                        GRTST DEPTH:   0           7 = DUSTSTORM OR SANDSTORM:
                                                       VSBY 1/2 MILE OR LESS
                                                   8 = SMOKE OR HAZE
[NO. OF DAYS WITH]      [WEATHER - DAYS WITH]      9 = BLOWING SNOW
                                                   X = TORNADO
MAX 32 OR BELOW:   0    0.01 INCH OR MORE:   4
MAX 90 OR ABOVE:   0    0.10 INCH OR MORE:   2
MIN 32 OR BELOW:   0    0.50 INCH OR MORE:   0
MIN  0 OR BELOW:   0    1.00 INCH OR MORE:   0

[HDD (BASE 65) ]
TOTAL THIS MO.   205    CLEAR  (SCALE 0-3)  10
DPTR FM NORMAL    -7    PTCLDY (SCALE 4-7)  15
TOTAL FM JUL 1   254    CLOUDY (SCALE 8-10)  2
DPTR FM NORMAL   -40

[CDD (BASE 65) ]
TOTAL THIS MO.     0
DPTR FM NORMAL     0    [PRESSURE DATA]
TOTAL FM JAN 1   685    HIGHEST SLP M ON M
DPTR FM NORMAL   -43    LOWEST  SLP 29.75 ON  1

[REMARKS]




U.S. Dept. of Commerce
NOAA National Weather Service
1325 East West Highway
Silver Spring, MD 20910
E-mail: w-nws.webmaster@noaa.gov
Page last modified: May 16, 2007
NATIONAL WEATHER SERVICE: for Safety, for Work, for Fun - FOR LIFE