581
CXUS56 KMFR 291000
CF6SIY
PRELIMINARY LOCAL CLIMATOLOGICAL DATA (WS FORM: F-6)

                                          STATION:   MONTAGUE CA
                                          MONTH:     JULY
                                          YEAR:      2014
                                          LATITUDE:   41 46 N
                                          LONGITUDE: 122 28 W

  TEMPERATURE IN F:       :PCPN:    SNOW:  WIND      :SUNSHINE: SKY     :PK WND
================================================================================
1   2   3   4   5  6A  6B    7    8   9   10  11  12  13   14  15   16   17  18
                                     12Z  AVG MX 2MIN
DY MAX MIN AVG DEP HDD CDD  WTR  SNW DPTH SPD SPD DIR MIN PSBL S-S WX    SPD DR
================================================================================

 1 106  57  82  13   0  17    T    M    M  5.5 22 320   M    M   0 3      26 340
 2  98  63  81  11   0  16 0.02    M    M  7.9 24 180   M    M   0 3      28 180
 3  97  56  77   7   0  12 0.00    M    M  8.0 23 340   M    M   0        28  20
 4  97  56  77   7   0  12 0.00    M    M  9.7 25 160   M    M   0        35 140
 5  99  56  78   7   0  13 0.00    M    M  7.1 17 330   M    M   0        21 320
 6 101  53  77   6   0  12 0.00    M    M  6.3 22 350   M    M   0        27 340
 7 106  58  82  11   0  17 0.00    M    M  7.0 20  10   M    M   0        30  10
 8  98  72  85  13   0  20    T    M    M  6.3 17 300   M    M   0        27 340
 9 102  64  83  11   0  18 0.02    M    M  7.2 20 230   M    M   1 3      30 210
10 100  56  78   6   0  13 0.00    M    M  7.5 21  10   M    M   0        25 360
11  89  65  77   5   0  12 0.03    M    M  3.4 14 360   M    M   3        16  10
12 100  54  77   4   0  12 0.00    M    M  6.8 21 340   M    M   0        24 340
13 101  67  84  11   0  19 0.00    M    M  8.1 23 360   M    M   0        28  10
14 101  61  81   8   0  16 0.00    M    M  8.8 22 340   M    M   0        27 340
15 104  63  84  11   0  19 0.00    M    M  6.9 21  10   M    M   0        27 340
16 101  67  84  11   0  19 0.00    M    M  6.3 18 280   M    M   1        22 280
17 101  72  87  13   0  22    T    M    M 10.8 24  10   M    M   0        30  10
18 101  63  82   8   0  17 0.00    M    M  9.3 23 340   M    M   0        28 350
19 100  60  80   6   0  15 0.00    M    M 10.0 24 360   M    M   0        29 350
20  99  59  79   5   0  14 0.00    M    M  8.4 23 310   M    M   0        30 320
21  88  58  73  -1   0   8 0.06    M    M  9.6 32 170   M    M   4 3      37 170
22  92  60  76   2   0  11 0.00    M    M  9.2 31 150   M    M   1 3      42 150
23  82  54  68  -6   0   3 0.00    M    M 11.1 25 300   M    M   1        31 300
24  84  49  67  -7   0   2 0.00    M    M 10.8 23 320   M    M   0        26 320
25  94  49  72  -2   0   7 0.00    M    M  5.9 20 350   M    M   0        24 360
26  99  52  76   2   0  11 0.00    M    M  6.3 23 340   M    M   0        27 340
27  97  62  80   6   0  15 0.00    M    M  5.7 17 320   M    M   0        22 330
28 102  56  79   5   0  14 0.00    M    M  4.3 21 240   M    M   0 3      28 250
================================================================================
SM 2739 1662         0 386  0.13    M    214.2          M       11
================================================================================
AV 97.8 59.4                               7.7 FASTST   M    M   0    MAX(MPH)
                                 MISC ---->  # 32 170               # 42  150
================================================================================
NOTES:
# LAST OF SEVERAL OCCURRENCES

COLUMN 17 PEAK WIND IN M.P.H.

PRELIMINARY LOCAL CLIMATOLOGICAL DATA (WS FORM: F-6) , PAGE 2

                                          STATION:  MONTAGUE CA
                                          MONTH:    JULY
                                          YEAR:     2014
                                          LATITUDE:   41 46 N
                                          LONGITUDE: 122 28 W

[TEMPERATURE DATA]      [PRECIPITATION DATA]       SYMBOLS USED IN COLUMN 16

AVERAGE MONTHLY: 78.6   TOTAL FOR MONTH:   0.13    1 = FOG OR MIST
DPTR FM NORMAL:   6.0   DPTR FM NORMAL:   -0.26    2 = FOG REDUCING VISIBILITY
HIGHEST:   106 ON  7, 1 GRTST 24HR  0.06 ON 21-21      TO 1/4 MILE OR LESS
LOWEST:     49 ON 25,24                            3 = THUNDER
                        SNOW, ICE PELLETS, HAIL    4 = ICE PELLETS
                        TOTAL MONTH:    M          5 = HAIL
                        GRTST 24HR    M  ON   M    6 = FREEZING RAIN OR DRIZZLE
                        GRTST DEPTH:  M  ON   M    7 = DUSTSTORM OR SANDSTORM:
                                                       VSBY 1/2 MILE OR LESS
                                                   8 = SMOKE OR HAZE
[NO. OF DAYS WITH]      [WEATHER - DAYS WITH]      9 = BLOWING SNOW
                                                   X = TORNADO
MAX 32 OR BELOW:   0    0.01 INCH OR MORE:   4
MAX 90 OR ABOVE:  24    0.10 INCH OR MORE:   0
MIN 32 OR BELOW:   0    0.50 INCH OR MORE:   0
MIN  0 OR BELOW:   0    1.00 INCH OR MORE:   0

[HDD (BASE 65) ]
TOTAL THIS MO.     0    CLEAR  (SCALE 0-3)  27
DPTR FM NORMAL    -1    PTCLDY (SCALE 4-7)   1
TOTAL FM JUL 1     0    CLOUDY (SCALE 8-10)  0
DPTR FM NORMAL    -1

[CDD (BASE 65) ]
TOTAL THIS MO.   386
DPTR FM NORMAL   171    [PRESSURE DATA]
TOTAL FM JAN 1   476    HIGHEST SLP M ON M
DPTR FM NORMAL   190    LOWEST  SLP 29.70 ON  1

[REMARKS]




U.S. Dept. of Commerce
NOAA National Weather Service
1325 East West Highway
Silver Spring, MD 20910
E-mail: w-nws.webmaster@noaa.gov
Page last modified: May 16, 2007
NATIONAL WEATHER SERVICE: for Safety, for Work, for Fun - FOR LIFE