372
CXUS56 KMFR 181000
CF6SIY
PRELIMINARY LOCAL CLIMATOLOGICAL DATA (WS FORM: F-6)

                                          STATION:   MONTAGUE CA
                                          MONTH:     APRIL
                                          YEAR:      2014
                                          LATITUDE:   41 46 N
                                          LONGITUDE: 122 28 W

  TEMPERATURE IN F:       :PCPN:    SNOW:  WIND      :SUNSHINE: SKY     :PK WND
================================================================================
1   2   3   4   5  6A  6B    7    8   9   10  11  12  13   14  15   16   17  18
                                     12Z  AVG MX 2MIN
DY MAX MIN AVG DEP HDD CDD  WTR  SNW DPTH SPD SPD DIR MIN PSBL S-S WX    SPD DR
================================================================================

 1  54  25  40  -4  25   0    T    M    M  5.7 21 320   M    M   6        26 320
 2  60  29  45   1  20   0 0.00    M    M  4.2 13 360   M    M   3        15  60
 3  54  37  46   2  19   0 0.05    M    M 10.0 28 170   M    M   6 1      32 180
 4  52  35  44   0  21   0 0.07    M    M  5.4 25 320   M    M   8        29 320
 5  60  34  47   3  18   0 0.00    M    M  3.2 13 310   M    M   8        17 300
 6  69  42  56  12   9   0 0.00    M    M  5.1 15  20   M    M   5        18  10
 7  77  32  55  10  10   0 0.00    M    M  2.5 13  40   M    M   0        21 360
 8  78  38  58  13   7   0 0.00    M    M  4.0 17 180   M    M   1        22 180
 9  76  40  58  13   7   0 0.00    M    M  7.4 17 350   M    M   0        31 290
10  77  36  57  12   8   0 0.00    M    M  6.0 17 350   M    M   0        21 360
11  80  38  59  13   6   0 0.00    M    M  6.0 20 360   M    M   0        23 340
12  74  37  56  10   9   0 0.00    M    M 10.4 28  20   M    M   0        34  20
13  72  31  52   6  13   0 0.00    M    M  4.5 13 340   M    M   0        23 230
14  76  27  52   6  13   0 0.00    M    M  4.3 15 360   M    M   0        25 220
15  69  43  56  10   9   0 0.00    M    M 10.8 20 360   M    M   0        24 360
16  71  37  54   7  11   0 0.00    M    M  6.1 18 350   M    M   0        25 350
17  67  38  53   6  12   0 0.05    M    M  5.6 23  20   M    M   5 1      28  30
================================================================================
SM 1166  599       217   0  0.17    M    101.2          M       42
================================================================================
AV 68.6 35.2                               6.0 FASTST   M    M   2    MAX(MPH)
                                 MISC ---->  # 28 170               # 34   20
================================================================================
NOTES:
# LAST OF SEVERAL OCCURRENCES

COLUMN 17 PEAK WIND IN M.P.H.

PRELIMINARY LOCAL CLIMATOLOGICAL DATA (WS FORM: F-6) , PAGE 2

                                          STATION:  MONTAGUE CA
                                          MONTH:    APRIL
                                          YEAR:     2014
                                          LATITUDE:   41 46 N
                                          LONGITUDE: 122 28 W

[TEMPERATURE DATA]      [PRECIPITATION DATA]       SYMBOLS USED IN COLUMN 16

AVERAGE MONTHLY: 51.9   TOTAL FOR MONTH:   0.17    1 = FOG OR MIST
DPTR FM NORMAL:   6.7   DPTR FM NORMAL:   -0.55    2 = FOG REDUCING VISIBILITY
HIGHEST:    80 ON 11    GRTST 24HR  0.12 ON  3- 4      TO 1/4 MILE OR LESS
LOWEST:     25 ON  1                               3 = THUNDER
                        SNOW, ICE PELLETS, HAIL    4 = ICE PELLETS
                        TOTAL MONTH:    M          5 = HAIL
                        GRTST 24HR    M  ON   M    6 = FREEZING RAIN OR DRIZZLE
                        GRTST DEPTH:  M  ON   M    7 = DUSTSTORM OR SANDSTORM:
                                                       VSBY 1/2 MILE OR LESS
                                                   8 = SMOKE OR HAZE
[NO. OF DAYS WITH]      [WEATHER - DAYS WITH]      9 = BLOWING SNOW
                                                   X = TORNADO
MAX 32 OR BELOW:   0    0.01 INCH OR MORE:   3
MAX 90 OR ABOVE:   0    0.10 INCH OR MORE:   0
MIN 32 OR BELOW:   5    0.50 INCH OR MORE:   0
MIN  0 OR BELOW:   0    1.00 INCH OR MORE:   0

[HDD (BASE 65) ]
TOTAL THIS MO.   217    CLEAR  (SCALE 0-3)  11
DPTR FM NORMAL  -120    PTCLDY (SCALE 4-7)   5
TOTAL FM JUL 1  4827    CLOUDY (SCALE 8-10)  1
DPTR FM NORMAL   -69

[CDD (BASE 65) ]
TOTAL THIS MO.     0
DPTR FM NORMAL     0    [PRESSURE DATA]
TOTAL FM JAN 1     0    HIGHEST SLP M ON M
DPTR FM NORMAL     0    LOWEST  SLP 29.80 ON  1

[REMARKS]




U.S. Dept. of Commerce
NOAA National Weather Service
1325 East West Highway
Silver Spring, MD 20910
E-mail: w-nws.webmaster@noaa.gov
Page last modified: May 16, 2007
NATIONAL WEATHER SERVICE: for Safety, for Work, for Fun - FOR LIFE