385
CXUS56 KMFR 271000
CF6SIY
PRELIMINARY LOCAL CLIMATOLOGICAL DATA (WS FORM: F-6)

                                          STATION:   MONTAGUE CA
                                          MONTH:     AUGUST
                                          YEAR:      2014
                                          LATITUDE:   41 46 N
                                          LONGITUDE: 122 28 W

  TEMPERATURE IN F:       :PCPN:    SNOW:  WIND      :SUNSHINE: SKY     :PK WND
================================================================================
1   2   3   4   5  6A  6B    7    8   9   10  11  12  13   14  15   16   17  18
                                     12Z  AVG MX 2MIN
DY MAX MIN AVG DEP HDD CDD  WTR  SNW DPTH SPD SPD DIR MIN PSBL S-S WX    SPD DR
================================================================================

 1 100  59  80   6   0  15 0.00    M    M  4.8 18 350   M    M   4 8      25 330
 2  99  59  79   5   0  14 0.00    M    M  6.9 22 350   M    M   3 8      27 330
 3  97  61  79   5   0  14 0.00    M    M  6.1 22 320   M    M   7 8      27 320
 4  94  61  78   5   0  13 0.00    M    M  5.1 30  60   M    M   3 8      37  60
 5  88  66  77   4   0  12    T    M    M  5.8 20 290   M    M   6 8      23 290
 6  94  57  76   3   0  11 0.00    M    M  6.8 20 320   M    M   0        22 330
 7  96  56  76   3   0  11    T    M    M  6.8 22 360   M    M   0 8      26 340
 8  92  61  77   4   0  12 0.00    M    M  9.3 22 350   M    M   0        28 350
 9  96  56  76   4   0  11 0.00    M    M  5.0 18 360   M    M   0        23 360
10  95  58  77   5   0  12 0.00    M    M  5.8 28 110   M    M   0 3      35  90
11  99  62  81   9   0  16    T    M    M  8.7 33 150   M    M   0 3      42 150
12  89  55  72   0   0   7 0.00    M    M 12.0 31 180   M    M   0        37 170
13  79  60  70  -2   0   5    T    M    M  8.2 28 150   M    M   3 8      33 150
14  84  49  67  -4   0   2 0.00    M    M  5.3 21  30   M    M   3 8      24  10
15  91  51  71   0   0   6 0.00    M    M  5.1 14 350   M    M   0 8      17 310
16  95  54  75   4   0  10 0.00    M    M  5.3 18 330   M    M   0 8      24 310
17  95  56  76   5   0  11 0.00    M    M  6.2 24 340   M    M   0        30 330
18  93  57  75   5   0  10 0.00    M    M  5.0 21 100   M    M   0 38     25 100
19  95  57  76   6   0  11 0.00    M    M  8.8 24 350   M    M   0 8      32  10
20  89  56  73   3   0   8 0.00    M    M  8.1 24  10   M    M   0        30  10
21  90  54  72   2   0   7 0.00    M    M  6.9 23  30   M    M   1        27  20
22  84  52  68  -1   0   3 0.00    M    M  9.8 23 360   M    M   0        29 340
23  87  50  69   0   0   4 0.00    M    M  5.7 20 360   M    M   0        24 360
24  90  55  73   4   0   8 0.00    M    M  7.9 21 360   M    M   0 8      25 290
25  89  57  73   5   0   8 0.00    M    M 10.1 20 330   M    M   1        26 330
26  94  53  74   6   0   9 0.00    M    M  5.0 17 330   M    M   0        21 330
================================================================================
SM 2394 1472         0 250    T     M    180.5          M       31
================================================================================
AV 92.1 56.6                               6.9 FASTST   M    M   1    MAX(MPH)
                                 MISC ---->  # 33 150               # 42  150
================================================================================
NOTES:
# LAST OF SEVERAL OCCURRENCES

COLUMN 17 PEAK WIND IN M.P.H.

PRELIMINARY LOCAL CLIMATOLOGICAL DATA (WS FORM: F-6) , PAGE 2

                                          STATION:  MONTAGUE CA
                                          MONTH:    AUGUST
                                          YEAR:     2014
                                          LATITUDE:   41 46 N
                                          LONGITUDE: 122 28 W

[TEMPERATURE DATA]      [PRECIPITATION DATA]       SYMBOLS USED IN COLUMN 16

AVERAGE MONTHLY: 74.3   TOTAL FOR MONTH:      T    1 = FOG OR MIST
DPTR FM NORMAL:   3.0   DPTR FM NORMAL:   -0.32    2 = FOG REDUCING VISIBILITY
HIGHEST:   100 ON  1    GRTST 24HR    T  ON 13-13      TO 1/4 MILE OR LESS
LOWEST:     49 ON 14                               3 = THUNDER
                        SNOW, ICE PELLETS, HAIL    4 = ICE PELLETS
                        TOTAL MONTH:    M          5 = HAIL
                        GRTST 24HR    M  ON   M    6 = FREEZING RAIN OR DRIZZLE
                        GRTST DEPTH:  M  ON   M    7 = DUSTSTORM OR SANDSTORM:
                                                       VSBY 1/2 MILE OR LESS
                                                   8 = SMOKE OR HAZE
[NO. OF DAYS WITH]      [WEATHER - DAYS WITH]      9 = BLOWING SNOW
                                                   X = TORNADO
MAX 32 OR BELOW:   0    0.01 INCH OR MORE:   0
MAX 90 OR ABOVE:  18    0.10 INCH OR MORE:   0
MIN 32 OR BELOW:   0    0.50 INCH OR MORE:   0
MIN  0 OR BELOW:   0    1.00 INCH OR MORE:   0

[HDD (BASE 65) ]
TOTAL THIS MO.     0    CLEAR  (SCALE 0-3)  22
DPTR FM NORMAL    -4    PTCLDY (SCALE 4-7)   4
TOTAL FM JUL 1     0    CLOUDY (SCALE 8-10)  0
DPTR FM NORMAL    -8

[CDD (BASE 65) ]
TOTAL THIS MO.   250
DPTR FM NORMAL    79    [PRESSURE DATA]
TOTAL FM JAN 1   771    HIGHEST SLP M ON M
DPTR FM NORMAL   287    LOWEST  SLP 29.72 ON 19

[REMARKS]




U.S. Dept. of Commerce
NOAA National Weather Service
1325 East West Highway
Silver Spring, MD 20910
E-mail: w-nws.webmaster@noaa.gov
Page last modified: May 16, 2007
NATIONAL WEATHER SERVICE: for Safety, for Work, for Fun - FOR LIFE