792
CXUS54 KSHV 011300
CF6SHV
PRELIMINARY LOCAL CLIMATOLOGICAL DATA (WS FORM: F-6)

                                          STATION:   SHREVEPORT
                                          MONTH:     NOVEMBER
                                          YEAR:      2014
                                          LATITUDE:   32 28 N
                                          LONGITUDE:  93 49 W

  TEMPERATURE IN F:       :PCPN:    SNOW:  WIND      :SUNSHINE: SKY     :PK WND
================================================================================
1   2   3   4   5  6A  6B    7    8   9   10  11  12  13   14  15   16   17  18
                                     12Z  AVG MX 2MIN
DY MAX MIN AVG DEP HDD CDD  WTR  SNW DPTH SPD SPD DIR MIN PSBL S-S WX    SPD DR
================================================================================

 1  59  38  49 -12  16   0 0.00  0.0    0  6.0 17  50   M    M   1        23  60
 2  65  34  50 -11  15   0 0.00  0.0    0  5.7 15 150   M    M   5        20 160
 3  76  42  59  -2   6   0 0.00  0.0    0  8.4 18 160   M    M   8        24 170
 4  80  56  68   8   0   3 0.13  0.0    0 10.3 23 340   M    M   9 1      29 180
 5  62  58  60   0   5   0 0.98  0.0    0  7.3 14 290   M    M  10 1      18 290
 6  71  53  62   2   3   0 0.00  0.0    0  7.5 14 340   M    M   7        17 360
 7  63  42  53  -6  12   0 0.00  0.0    0  4.1 14  10   M    M   1        18  10
 8  65  38  52  -7  13   0 0.00  0.0    0  4.7 15 310   M    M   4        18 310
 9  70  40  55  -4  10   0 0.00  0.0    0  4.0 12 220   M    M   1        15 230
10  76  45  61   3   4   0 0.00  0.0    0 11.8 24 190   M    M   4 1      31 180
11  68  45  57  -1   8   0 0.00  0.0    0 10.4 26 310   M    M   7        32 320
12  51  36  44 -14  21   0 0.00  0.0    0 13.0 22  30   M    M   3        29 320
13  44  30  37 -20  28   0 0.00  0.0    0 11.1 22 360   M    M   7        28  10
14  44  28  36 -21  29   0 0.00  0.0    0  5.1 15  70   M    M   4        20  70
15  45  35  40 -16  25   0    T  0.0    0  7.7 12 140   M    M  10        22 110
16  44  39  42 -14  23   0 0.94  0.0    0 10.9 20 360   M    M   9 1      24 360
17  46  29  38 -18  27   0    T    T    0 12.5 23 330   M    M   2 14     30 330
18  50  24  37 -19  28   0 0.00  0.0    0  4.5 12 240   M    M   4        15 240
19  64  31  48  -7  17   0 0.00  0.0    0  8.9 23 240   M    M   1        32 210
20  69  41  55   0  10   0 0.03  0.0    0  3.9 13 270   M    M   8 12     17 260
21  61  54  58   4   7   0 0.63  0.0    0  7.4 15 150   M    M   9 1      23 200
22  72  56  64  10   1   0 0.88  0.0    0  9.8 18 150   M    M   9 13     23 160
23  73  58  66  12   0   1 0.84  0.0    0 10.4 20 290   M    M   6 1      27 210
24  63  39  51  -2  14   0 0.00  0.0    0  9.8 25 280   M    M   2        30 280
25  61  34  48  -5  17   0 0.00  0.0    0  3.4 10  30   M    M   3        13 360
26  68  40  54   1  11   0 0.00  0.0    0 10.5 23 250   M    M   3        29 220
27  58  40  49  -3  16   0 0.00  0.0    0  6.4 15  30   M    M   0        19  30
28  66  34  50  -2  15   0 0.00  0.0    0  8.5 16 180   M    M   1        20 180
29  76  56  66  14   0   1 0.00  0.0    0 11.9 23 190   M    M   7        32 210
30  79  62  71  20   0   6 0.00  0.0    0 11.8 23 200   M    M   7        30 210
================================================================================
SM 1889 1257       381  11  4.43    T    247.7          M      152
================================================================================
AV 63.0 41.9                               8.3 FASTST   M    M   5    MAX(MPH)
                                 MISC ---->  # 26 310               # 32  320
================================================================================
NOTES:
# LAST OF SEVERAL OCCURRENCES

COLUMN 17 PEAK WIND IN M.P.H.

PRELIMINARY LOCAL CLIMATOLOGICAL DATA (WS FORM: F-6) , PAGE 2

                                          STATION:  SHREVEPORT
                                          MONTH:    NOVEMBER
                                          YEAR:     2014
                                          LATITUDE:   32 28 N
                                          LONGITUDE:  93 49 W

[TEMPERATURE DATA]      [PRECIPITATION DATA]       SYMBOLS USED IN COLUMN 16

AVERAGE MONTHLY: 52.4   TOTAL FOR MONTH:   4.43    1 = FOG OR MIST
DPTR FM NORMAL:  -4.0   DPTR FM NORMAL:   -0.10    2 = FOG REDUCING VISIBILITY
HIGHEST:    80 ON  4    GRTST 24HR  1.70 ON 22-23      TO 1/4 MILE OR LESS
LOWEST:     24 ON 18                               3 = THUNDER
                        SNOW, ICE PELLETS, HAIL    4 = ICE PELLETS
                        TOTAL MONTH:    T          5 = HAIL
                        GRTST 24HR    T  ON 17-17  6 = FREEZING RAIN OR DRIZZLE
                        GRTST DEPTH:   0           7 = DUSTSTORM OR SANDSTORM:
                                                       VSBY 1/2 MILE OR LESS
                                                   8 = SMOKE OR HAZE
[NO. OF DAYS WITH]      [WEATHER - DAYS WITH]      9 = BLOWING SNOW
                                                   X = TORNADO
MAX 32 OR BELOW:   0    0.01 INCH OR MORE:   7
MAX 90 OR ABOVE:   0    0.10 INCH OR MORE:   6
MIN 32 OR BELOW:   5    0.50 INCH OR MORE:   5
MIN  0 OR BELOW:   0    1.00 INCH OR MORE:   0

[HDD (BASE 65) ]
TOTAL THIS MO.   381    CLEAR  (SCALE 0-3)  10
DPTR FM NORMAL    96    PTCLDY (SCALE 4-7)  14
TOTAL FM JUL 1   404    CLOUDY (SCALE 8-10)  6
DPTR FM NORMAL    33

[CDD (BASE 65) ]
TOTAL THIS MO.    11
DPTR FM NORMAL   -14    [PRESSURE DATA]
TOTAL FM JAN 1  2496    HIGHEST SLP 30.56 ON 18
DPTR FM NORMAL    22    LOWEST  SLP 29.40 ON 23

[REMARKS]
#FINAL-11-14#




U.S. Dept. of Commerce
NOAA National Weather Service
1325 East West Highway
Silver Spring, MD 20910
E-mail: w-nws.webmaster@noaa.gov
Page last modified: May 16, 2007
NATIONAL WEATHER SERVICE: for Safety, for Work, for Fun - FOR LIFE