476
CXUS54 KSHV 191300
CF6SHV
PRELIMINARY LOCAL CLIMATOLOGICAL DATA (WS FORM: F-6)

                                          STATION:   SHREVEPORT
                                          MONTH:     APRIL
                                          YEAR:      2014
                                          LATITUDE:   32 28 N
                                          LONGITUDE:  93 49 W

  TEMPERATURE IN F:       :PCPN:    SNOW:  WIND      :SUNSHINE: SKY     :PK WND
================================================================================
1   2   3   4   5  6A  6B    7    8   9   10  11  12  13   14  15   16   17  18
                                     12Z  AVG MX 2MIN
DY MAX MIN AVG DEP HDD CDD  WTR  SNW DPTH SPD SPD DIR MIN PSBL S-S WX    SPD DR
================================================================================

 1  78  59  69   7   0   4 0.00  0.0    0  7.1 14 170   M    M   8 18     18 160
 2  79  66  73  11   0   8    T  0.0    0  9.9 21 170   M    M   9 18     25 170
 3  83  70  77  15   0  12 0.01  0.0    0 14.7 28 190   M    M   8 138    37 200
 4  74  52  63   1   2   0 0.72  0.0    0 10.9 32 290   M    M   6 13     48 310
 5  57  49  53 -10  12   0 0.05  0.0    0  9.1 18 290   M    M  10 3      22 290
 6  52  48  50 -13  15   0 2.28  0.0    0  9.2 18  50   M    M   9 13     24  50
 7  59  47  53 -10  12   0 0.01  0.0    0  8.4 16 310   M    M   8 1      21 310
 8  70  43  57  -6   8   0 0.07  0.0    0 10.2 36 300   M    M   5 1      47 300
 9  76  38  57  -7   8   0 0.00  0.0    0  2.7 12 270   M    M   0        17 250
10  83  54  69   5   0   4 0.00  0.0    0 12.6 23 180   M    M   4        29 180
11  80  56  68   4   0   3 0.00  0.0    0 10.5 20 170   M    M   6        25 170
12  81  61  71   7   0   6 0.00  0.0    0 12.1 25 150   M    M   9        31 160
13  77  65  71   7   0   6 0.22  0.0    0 11.4 25 180   M    M  10 13     39 170
14  73  43  58  -7   7   0 0.46    M    0 12.4 26 340   M    M   9 13     35 340
15  61  39  50 -15  15   0 0.00  0.0    0  7.4 18  50   M    M   0        24 330
16  66  37  52 -13  13   0 0.00  0.0    0  7.0 16 140   M    M   4        22 140
17  68  43  56 -10   9   0 0.00  0.0    0  4.2 11 100   M    M   6        12 110
18  76  51  64  -2   1   0 0.07  0.0    0  4.9 16  60   M    M   7 13     20  10
================================================================================
SM 1293  921       102  43  3.89     0.0 164.7          M      118
================================================================================
AV 71.8 51.2                               9.1 FASTST   M    M   7    MAX(MPH)
                                 MISC ---->  # 36 300               # 48  310
================================================================================
NOTES:
# LAST OF SEVERAL OCCURRENCES

COLUMN 17 PEAK WIND IN M.P.H.

PRELIMINARY LOCAL CLIMATOLOGICAL DATA (WS FORM: F-6) , PAGE 2

                                          STATION:  SHREVEPORT
                                          MONTH:    APRIL
                                          YEAR:     2014
                                          LATITUDE:   32 28 N
                                          LONGITUDE:  93 49 W

[TEMPERATURE DATA]      [PRECIPITATION DATA]       SYMBOLS USED IN COLUMN 16

AVERAGE MONTHLY: 61.5   TOTAL FOR MONTH:   3.89    1 = FOG OR MIST
DPTR FM NORMAL:  -2.2   DPTR FM NORMAL:    1.40    2 = FOG REDUCING VISIBILITY
HIGHEST:    83 ON 10, 3 GRTST 24HR  2.33 ON  5- 6      TO 1/4 MILE OR LESS
LOWEST:     37 ON 16                               3 = THUNDER
                        SNOW, ICE PELLETS, HAIL    4 = ICE PELLETS
                        TOTAL MONTH:   0.0 INCH    5 = HAIL
                        GRTST 24HR     0.0         6 = FREEZING RAIN OR DRIZZLE
                        GRTST DEPTH:   0           7 = DUSTSTORM OR SANDSTORM:
                                                       VSBY 1/2 MILE OR LESS
                                                   8 = SMOKE OR HAZE
[NO. OF DAYS WITH]      [WEATHER - DAYS WITH]      9 = BLOWING SNOW
                                                   X = TORNADO
MAX 32 OR BELOW:   0    0.01 INCH OR MORE:   9
MAX 90 OR ABOVE:   0    0.10 INCH OR MORE:   4
MIN 32 OR BELOW:   0    0.50 INCH OR MORE:   2
MIN  0 OR BELOW:   0    1.00 INCH OR MORE:   1

[HDD (BASE 65) ]
TOTAL THIS MO.   102    CLEAR  (SCALE 0-3)   2
DPTR FM NORMAL    34    PTCLDY (SCALE 4-7)   8
TOTAL FM JUL 1  2535    CLOUDY (SCALE 8-10)  8
DPTR FM NORMAL   334

[CDD (BASE 65) ]
TOTAL THIS MO.    43
DPTR FM NORMAL    -2    [PRESSURE DATA]
TOTAL FM JAN 1    62    HIGHEST SLP M ON M
DPTR FM NORMAL   -24    LOWEST  SLP 29.67 ON 13

[REMARKS]




U.S. Dept. of Commerce
NOAA National Weather Service
1325 East West Highway
Silver Spring, MD 20910
E-mail: w-nws.webmaster@noaa.gov
Page last modified: May 16, 2007
NATIONAL WEATHER SERVICE: for Safety, for Work, for Fun - FOR LIFE