778
CXUS55 KBYZ 301055
CF6SHR
PRELIMINARY LOCAL CLIMATOLOGICAL DATA (WS FORM: F-6)

                                          STATION:   SHERIDAN WY
                                          MONTH:     JANUARY
                                          YEAR:      2015
                                          LATITUDE:   44 46 N
                                          LONGITUDE: 106 58 W

  TEMPERATURE IN F:       :PCPN:    SNOW:  WIND      :SUNSHINE: SKY     :PK WND
================================================================================
1   2   3   4   5  6A  6B    7    8   9   10  11  12  13   14  15   16   17  18
                                     12Z  AVG MX 2MIN
DY MAX MIN AVG DEP HDD CDD  WTR  SNW DPTH SPD SPD DIR MIN PSBL S-S WX    SPD DR
================================================================================

 1  38   7  23   0  42   0 0.00    M    M  2.3 10 290   M    M   7        22  30
 2  39  12  26   3  39   0 0.01    M    M  2.9 14 320   M    M   4 1      16 330
 3  35   1  18  -5  47   0 0.19    M    M 11.5 39 320   M    M   9 12     46 320
 4   7  -3   2 -21  63   0 0.01    M    M  4.6 12 290   M    M   9 18     13 290
 5  42   0  21  -2  44   0 0.05    M    M  6.1 36 350   M    M   9 1      42 350
 6  19   8  14  -9  51   0 0.01    M    M  5.3 23 310   M    M   8 18     26 310
 7  48   8  28   5  37   0 0.01    M    M  5.1 18 190   M    M   5 18     23 140
 8  44   0  22  -1  43   0 0.01    M    M 17.9 38 320   M    M  10 12     42 320
 9  10 -12  -1 -25  66   0 0.00    M    M  1.9  9 220   M    M   0         9 220
10  34   3  19  -5  46   0 0.00    M    M  2.3 13 330   M    M   1        13 330
11  34  12  23  -1  42   0 0.13    M    M  9.0 23 290   M    M  10 18     26 300
12  17   1   9 -15  56   0 0.00    M    M  2.7  9 320   M    M   4 128    10 320
13  34   1  18  -6  47   0 0.00    M    M  3.6 10 280   M    M   4 128    12 290
14  31   4  18  -6  47   0 0.00    M    M  2.7 10 290   M    M   0        12 270
15  36  14  25   1  40   0 0.00    M    M  3.0 10 280   M    M   0        13 280
16  44  17  31   7  34   0 0.00    M    M  7.3 30 330   M    M   2        36 320
17  39  21  30   6  35   0 0.00    M    M  8.8 29 320   M    M   0        34 320
18  50  23  37  13  28   0 0.00    M    M  5.4 23 280   M    M   4        27 290
19  42  26  34  10  31   0    T    M    M 11.1 37 310   M    M   4        46 300
20  36  22  29   5  36   0    T    M    M 11.6 32 330   M    M   7 18     37 330
21  32   5  19  -5  46   0    T    M    M  7.0 22 280   M    M   2        26 300
22  42   5  24   0  41   0 0.00    M    M  2.5  9 190   M    M   0        10 190
23  47  22  35  11  30   0 0.00    M    M  4.9 14 300   M    M   3        17 300
24  49  21  35  11  30   0 0.03    M    M 11.0 43 340   M    M   7        53 340
25  55  28  42  18  23   0 0.00    M    M  5.1 10 200   M    M   2        15 340
26  66  33  50  26  15   0 0.00    M    M  3.5 12 190   M    M   0 8      13 190
27  58  32  45  21  20   0 0.00    M    M  3.0 12 190   M    M   0        12 200
28  55  28  42  18  23   0    T    M    M 13.3 30 320   M    M   9        38 320
29  49  20  35  11  30   0 0.00    M    M  3.6 15 140   M    M   0        19 130
================================================================================
SM 1132  359      1132   0  0.45    M    179.0          M      120
================================================================================
AV 39.0 12.4                               6.2 FASTST   M    M   4    MAX(MPH)
                                 MISC ---->  # 43 340               # 53  340
================================================================================
NOTES:
# LAST OF SEVERAL OCCURRENCES

COLUMN 17 PEAK WIND IN M.P.H.

PRELIMINARY LOCAL CLIMATOLOGICAL DATA (WS FORM: F-6) , PAGE 2

                                          STATION:  SHERIDAN WY
                                          MONTH:    JANUARY
                                          YEAR:     2015
                                          LATITUDE:   44 46 N
                                          LONGITUDE: 106 58 W

[TEMPERATURE DATA]      [PRECIPITATION DATA]       SYMBOLS USED IN COLUMN 16

AVERAGE MONTHLY: 25.7   TOTAL FOR MONTH:   0.45    1 = FOG OR MIST
DPTR FM NORMAL:   2.0   DPTR FM NORMAL:   -0.07    2 = FOG REDUCING VISIBILITY
HIGHEST:    66 ON 26    GRTST 24HR  0.19 ON  3- 3      TO 1/4 MILE OR LESS
LOWEST:    -12 ON  9                               3 = THUNDER
                        SNOW, ICE PELLETS, HAIL    4 = ICE PELLETS
                        TOTAL MONTH:    M          5 = HAIL
                        GRTST 24HR    M  ON   M    6 = FREEZING RAIN OR DRIZZLE
                        GRTST DEPTH:  M  ON   M    7 = DUSTSTORM OR SANDSTORM:
                                                       VSBY 1/2 MILE OR LESS
                                                   8 = SMOKE OR HAZE
[NO. OF DAYS WITH]      [WEATHER - DAYS WITH]      9 = BLOWING SNOW
                                                   X = TORNADO
MAX 32 OR BELOW:   6    0.01 INCH OR MORE:   9
MAX 90 OR ABOVE:   0    0.10 INCH OR MORE:   2
MIN 32 OR BELOW:  28    0.50 INCH OR MORE:   0
MIN  0 OR BELOW:   4    1.00 INCH OR MORE:   0

[HDD (BASE 65) ]
TOTAL THIS MO.  1132    CLEAR  (SCALE 0-3)  13
DPTR FM NORMAL   -66    PTCLDY (SCALE 4-7)   9
TOTAL FM JUL 1  4187    CLOUDY (SCALE 8-10)  7
DPTR FM NORMAL  -194

[CDD (BASE 65) ]
TOTAL THIS MO.     0
DPTR FM NORMAL     0    [PRESSURE DATA]
TOTAL FM JAN 1     0    HIGHEST SLP M ON M
DPTR FM NORMAL     0    LOWEST  SLP 29.76 ON 16

[REMARKS]




U.S. Dept. of Commerce
NOAA National Weather Service
1325 East West Highway
Silver Spring, MD 20910
E-mail: w-nws.webmaster@noaa.gov
Page last modified: May 16, 2007
NATIONAL WEATHER SERVICE: for Safety, for Work, for Fun - FOR LIFE