033
CXUS55 KBYZ 301055
CF6SHR
PRELIMINARY LOCAL CLIMATOLOGICAL DATA (WS FORM: F-6)

                                          STATION:   SHERIDAN WY
                                          MONTH:     SEPTEMBER
                                          YEAR:      2014
                                          LATITUDE:   44 46 N
                                          LONGITUDE: 106 58 W

  TEMPERATURE IN F:       :PCPN:    SNOW:  WIND      :SUNSHINE: SKY     :PK WND
================================================================================
1   2   3   4   5  6A  6B    7    8   9   10  11  12  13   14  15   16   17  18
                                     12Z  AVG MX 2MIN
DY MAX MIN AVG DEP HDD CDD  WTR  SNW DPTH SPD SPD DIR MIN PSBL S-S WX    SPD DR
================================================================================

 1  70  44  57  -7   8   0 0.16    M    M  7.6 24 310   M    M   5 1      30 310
 2  81  43  62  -2   3   0 0.00    M    M  4.0 14 180   M    M   0        18 180
 3  92  44  68   4   0   3 0.00    M    M 11.7 38 320   M    M   2        46 320
 4  64  39  52 -11  13   0 0.00    M    M 10.0 31 340   M    M   4        38 340
 5  73  34  54  -9  11   0 0.00    M    M  2.3 12 280   M    M   0        14  10
 6  82  38  60  -2   5   0 0.00    M    M  2.9 12  40   M    M   0        16  50
 7  88  43  66   4   0   1 0.00    M    M  5.7 22 340   M    M   1 3      32 320
 8  89  47  68   7   0   3 0.00    M    M  6.8 25 270   M    M   0        33 290
 9  70  45  58  -3   7   0 0.06    M    M 12.6 31 300   M    M   6 13     37 300
10  50  33  42 -18  23   0 0.63    M    M  6.9 16 360   M    M   9 18     18  50
11  37  23  30 -30  35   0 0.67    M    M  5.3  9  10   M    M   7 1      11 360
12  51  18  35 -25  30   0 0.00    M    M  2.8  9 200   M    M   0        12 130
13  59  29  44 -15  21   0 0.00    M    M  5.4 18 340   M    M   0        22 340
14  65  32  49 -10  16   0 0.00    M    M  3.8 15 330   M    M   0        18 330
15  76  34  55  -3  10   0 0.00    M    M  2.6 10 130   M    M   0        13 140
16  85  41  63   5   2   0 0.00    M    M  2.8  9 350   M    M   0        12  20
17  86  54  70  13   0   5    T    M    M  4.7 28 250   M    M   2 3      36 290
18  84  52  68  11   0   3 0.02    M    M  5.9 31 320   M    M   1 3      39 310
19  78  51  65   9   0   0 0.00    M    M  6.4 17 340   M    M   3        23 300
20  74  45  60   4   5   0 0.00    M    M  7.1 23 330   M    M   1        29 330
21  80  38  59   4   6   0 0.00    M    M  6.3 20 150   M    M   0        24 130
22  80  50  65  10   0   0 0.00    M    M  4.7 21 210   M    M   2        27 220
23  83  49  66  12   0   1 0.00    M    M  6.6 23 340   M    M   1        27 320
24  89  47  68  14   0   3 0.00    M    M  3.2 13 110   M    M   0        22 130
25  93  45  69  15   0   4 0.00    M    M  2.6 10 200   M    M   0        11 260
26  94  45  70  17   0   5 0.00    M    M  5.4 17  10   M    M   0 8      20  10
27  70  53  62   9   3   0    T    M    M 12.7 23 290   M    M   7 3      26 280
28  53  47  50  -2  15   0 0.01    M    M  4.7 15 290   M    M  10 1      18 300
29  65  48  57   5   8   0 0.08    M    M  4.1  9 310   M    M   7 1      11 320
================================================================================
SM 2161 1211       221  28  1.63    M    167.6          M       68
================================================================================
AV 74.5 41.8                               5.8 FASTST   M    M   2    MAX(MPH)
                                 MISC ---->  # 38 320               # 46  320
================================================================================
NOTES:
# LAST OF SEVERAL OCCURRENCES

COLUMN 17 PEAK WIND IN M.P.H.

PRELIMINARY LOCAL CLIMATOLOGICAL DATA (WS FORM: F-6) , PAGE 2

                                          STATION:  SHERIDAN WY
                                          MONTH:    SEPTEMBER
                                          YEAR:     2014
                                          LATITUDE:   44 46 N
                                          LONGITUDE: 106 58 W

[TEMPERATURE DATA]      [PRECIPITATION DATA]       SYMBOLS USED IN COLUMN 16

AVERAGE MONTHLY: 58.1   TOTAL FOR MONTH:   1.63    1 = FOG OR MIST
DPTR FM NORMAL:   0.0   DPTR FM NORMAL:    0.25    2 = FOG REDUCING VISIBILITY
HIGHEST:    94 ON 26    GRTST 24HR  1.01 ON 10-11      TO 1/4 MILE OR LESS
LOWEST:     18 ON 12                               3 = THUNDER
                        SNOW, ICE PELLETS, HAIL    4 = ICE PELLETS
                        TOTAL MONTH:    M          5 = HAIL
                        GRTST 24HR    M  ON   M    6 = FREEZING RAIN OR DRIZZLE
                        GRTST DEPTH:  M  ON   M    7 = DUSTSTORM OR SANDSTORM:
                                                       VSBY 1/2 MILE OR LESS
                                                   8 = SMOKE OR HAZE
[NO. OF DAYS WITH]      [WEATHER - DAYS WITH]      9 = BLOWING SNOW
                                                   X = TORNADO
MAX 32 OR BELOW:   0    0.01 INCH OR MORE:   7
MAX 90 OR ABOVE:   3    0.10 INCH OR MORE:   3
MIN 32 OR BELOW:   4    0.50 INCH OR MORE:   2
MIN  0 OR BELOW:   0    1.00 INCH OR MORE:   0

[HDD (BASE 65) ]
TOTAL THIS MO.   221    CLEAR  (SCALE 0-3)  21
DPTR FM NORMAL    -6    PTCLDY (SCALE 4-7)   6
TOTAL FM JUL 1   271    CLOUDY (SCALE 8-10)  2
DPTR FM NORMAL   -18

[CDD (BASE 65) ]
TOTAL THIS MO.    28
DPTR FM NORMAL     2    [PRESSURE DATA]
TOTAL FM JAN 1   346    HIGHEST SLP M ON M
DPTR FM NORMAL   -70    LOWEST  SLP 29.47 ON  3

[REMARKS]




U.S. Dept. of Commerce
NOAA National Weather Service
1325 East West Highway
Silver Spring, MD 20910
E-mail: w-nws.webmaster@noaa.gov
Page last modified: May 16, 2007
NATIONAL WEATHER SERVICE: for Safety, for Work, for Fun - FOR LIFE