634
CXUS54 KLZK 041932
CF6SGT
PRELIMINARY LOCAL CLIMATOLOGICAL DATA (WS FORM: F-6)

                                          STATION:   Stuttgart Airport
                                          MONTH:     NOVEMBER
                                          YEAR:      2014
                                          LATITUDE:   34 35 N
                                          LONGITUDE:  91 34 W

  TEMPERATURE IN F:       :PCPN:    SNOW:  WIND      :SUNSHINE: SKY     :PK WND
================================================================================
1   2   3   4   5  6A  6B    7    8   9   10  11  12  13   14  15   16   17  18
                                     12Z  AVG MX 2MIN
DY MAX MIN AVG DEP HDD CDD  WTR  SNW DPTH SPD SPD DIR MIN PSBL S-S WX    SPD DR
================================================================================

 1  52  32  42 -16  23   0 0.00    M    M  7.6 13 360   M    M   0        16 340
 2  59  36  48  -9  17   0 0.00    M    M  5.9 10 150   M    M   0         M  M
 3  70  45  58   1   7   0 0.00    M    M  9.1 15 180   M    M   0        17 170
 4  75  52  64   7   1   0 0.48    M    M 10.7 21 170   M    M   5        24 170
 5  57  54  56   0   9   0 1.21    M    M  7.5 13  30   M    M  10        17  20
 6  68  46  57   1   8   0 0.00    M    M 11.2 17  10   M    M   1        24 330
 7  57  37  47  -8  18   0 0.00    M    M  6.5 14  10   M    M   0         M  M
 8  63  41  52  -3  13   0 0.00    M    M  6.1 10 360   M    M   1         M  M
 9  64  37  51  -4  14   0 0.00    M    M  5.8 10 180   M    M   0         M  M
10  73  46  60   6   5   0 0.00    M    M 13.5 23 170   M    M   0        29 180
11  64  37  51  -3  14   0 0.00    M    M 13.3 25 290   M    M   7        29 290
12  43  30  37 -17  28   0 0.00    M    M 12.4 17  10   M    M   3        25  20
13  37  27  32 -21  33   0 0.01    M    M 12.0 18 340   M    M   5        23 350
14  37  23  30 -23  35   0 0.00    M    M  7.6 10  20   M    M   1         M  M
15  45  27  36 -16  29   0 0.00    M    M  6.5 10 160   M    M   5         M  M
16  43  36  40 -12  25   0 0.23    M    M 11.2 18 360   M    M  10         M  M
17  39  27  33 -19  32   0 0.00    M    M 13.9 18 320   M    M   3        25 320
18  43  19  31 -20  34   0 0.00    M    M  7.9 13 180   M    M   0         M  M
19  61  32  47  -4  18   0 0.00    M    M 13.7 21 230   M    M   0        30 230
20  55  30  43  -7  22   0 0.00    M    M  6.5 10  70   M    M   3         M  M
21  52  41  47  -3  18   0 0.26    M    M  7.0 10  60   M    M  10         M  M
22  66  50  58   8   7   0 0.01    M    M  8.4 15 150   M    M   7         M  M
23  63  55  59  10   6   0 0.83    M    M 11.9 18 200   M    M   8        28 200
24  61  39  50   1  15   0 0.00    M    M 14.4 27 270   M    M   2        31 230
25  54  34  44  -5  21   0 0.00    M    M  5.7 12 350   M    M   0         M  M
26  55  36  46  -2  19   0 0.00    M    M  8.6 15 280   M    M   1         M  M
27  48  34  41  -7  24   0 0.00    M    M  7.9 17 330   M    M   1        22 300
28  55  34  45  -2  20   0 0.00    M    M 11.2 17 170   M    M   3        22 160
29  72  48  60  13   5   0 0.00    M    M 16.2 23 190   M    M   6        29 190
30  73  57  65  18   0   0 0.00    M    M 16.2 24 200   M    M   6        31 200
================================================================================
SM 1704 1142       520   0  3.03    M    296.4          M       98
================================================================================
AV 56.8 38.1                               9.9 FASTST   M    M   3    MAX(MPH)
                                 MISC ---->  # 27 270                 31    M
================================================================================
NOTES:
# LAST OF SEVERAL OCCURRENCES

COLUMN 17 PEAK WIND IN M.P.H.

PRELIMINARY LOCAL CLIMATOLOGICAL DATA (WS FORM: F-6) , PAGE 2

                                          STATION:  Stuttgart Airport
                                          MONTH:    NOVEMBER
                                          YEAR:     2014
                                          LATITUDE:   34 35 N
                                          LONGITUDE:  91 34 W

[TEMPERATURE DATA]      [PRECIPITATION DATA]       SYMBOLS USED IN COLUMN 16

AVERAGE MONTHLY: 47.4   TOTAL FOR MONTH:   3.03    1 = FOG OR MIST
DPTR FM NORMAL:  -4.8   DPTR FM NORMAL:   -1.77    2 = FOG REDUCING VISIBILITY
HIGHEST:    75 ON  4    GRTST 24HR  1.21 ON  5- 5      TO 1/4 MILE OR LESS
LOWEST:     19 ON 18                               3 = THUNDER
                        SNOW, ICE PELLETS, HAIL    4 = ICE PELLETS
                        TOTAL MONTH:    M          5 = HAIL
                        GRTST 24HR    M  ON   M    6 = FREEZING RAIN OR DRIZZLE
                        GRTST DEPTH:  M  ON   M    7 = DUSTSTORM OR SANDSTORM:
                                                       VSBY 1/2 MILE OR LESS
                                                   8 = SMOKE OR HAZE
[NO. OF DAYS WITH]      [WEATHER - DAYS WITH]      9 = BLOWING SNOW
                                                   X = TORNADO
MAX 32 OR BELOW:   0    0.01 INCH OR MORE:   7
MAX 90 OR ABOVE:   0    0.10 INCH OR MORE:   5
MIN 32 OR BELOW:   9    0.50 INCH OR MORE:   2
MIN  0 OR BELOW:   0    1.00 INCH OR MORE:   1

[HDD (BASE 65) ]
TOTAL THIS MO.   520    CLEAR  (SCALE 0-3)  17
DPTR FM NORMAL   127    PTCLDY (SCALE 4-7)  10
TOTAL FM JUL 1   608    CLOUDY (SCALE 8-10)  3
DPTR FM NORMAL    54

[CDD (BASE 65) ]
TOTAL THIS MO.     0
DPTR FM NORMAL    -7    [PRESSURE DATA]
TOTAL FM JAN 1  1812    HIGHEST SLP M ON M
DPTR FM NORMAL  -226    LOWEST  SLP M ON M

[REMARKS]
#FINAL-11-14#




U.S. Dept. of Commerce
NOAA National Weather Service
1325 East West Highway
Silver Spring, MD 20910
E-mail: w-nws.webmaster@noaa.gov
Page last modified: May 16, 2007
NATIONAL WEATHER SERVICE: for Safety, for Work, for Fun - FOR LIFE