668
CXUS53 KSGF 300800
CF6SGF
PRELIMINARY LOCAL CLIMATOLOGICAL DATA (WS FORM: F-6)

                                          STATION:   SPRINGFIELD MO
                                          MONTH:     JANUARY
                                          YEAR:      2015
                                          LATITUDE:   37 13 N
                                          LONGITUDE:  93 23 W

  TEMPERATURE IN F:       :PCPN:    SNOW:  WIND      :SUNSHINE: SKY     :PK WND
================================================================================
1   2   3   4   5  6A  6B    7    8   9   10  11  12  13   14  15   16   17  18
                                     12Z  AVG MX 2MIN
DY MAX MIN AVG DEP HDD CDD  WTR  SNW DPTH SPD SPD DIR MIN PSBL S-S WX    SPD DR
================================================================================

 1  34  20  27  -6  38   0 0.04  0.0    0  6.5 15 220   M    M   7 16     17 200
 2  38  32  35   2  30   0 0.26  0.0    0  4.9 17 140   M    M  10 1      21 150
 3  44  37  41   9  24   0 0.32  0.0    0  6.5 20 280   M    M  10 1      24 280
 4  38  15  27  -5  38   0    T    T    0 12.5 23 330   M    M   6 16     28 290
 5  33  11  22 -10  43   0 0.00  0.0    0  8.8 18 160   M    M   0        23 170
 6  35  23  29  -3  36   0 0.00  0.0    0 11.7 23 340   M    M   1        29 340
 7  26   3  15 -17  50   0    T    T    0 15.8 31 360   M    M   5        38 330
 8  33   2  18 -14  47   0 0.00  0.0    0 13.5 25 210   M    M   2        34 190
 9  31   7  19 -13  46   0 0.00  0.0    0 11.3 26 340   M    M   3        31 350
10  38   6  22 -10  43   0 0.00  0.0    0 11.5 22 160   M    M   3        26 160
11  35  29  32   0  33   0 0.09  0.0    0 10.4 18 160   M    M  10 16     23 160
12  35  20  28  -4  37   0    T  0.0    0 12.7 23 360   M    M   6 1      26 360
13  32  12  22 -10  43   0 0.00  0.0    0  7.1 15  40   M    M   0        18  20
14  38  18  28  -4  37   0    T    T    0  1.9  7 360   M    M   8 4       9 200
15  47  23  35   3  30   0 0.01  0.3    T  6.0 14 280   M    M   3 1      26 220
16  59  22  41   9  24   0 0.00  0.0    0  8.3 16 220   M    M   0        20 220
17  60  38  49  17  16   0 0.00  0.0    0 13.0 26 250   M    M   0        33 250
18  62  33  48  16  17   0 0.00  0.0    0 11.5 24 210   M    M   0        31 220
19  66  28  47  15  18   0 0.00  0.0    0  5.4 16 280   M    M   0        22 270
20  47  33  40   8  25   0 0.04  0.0    0  5.9 20 330   M    M   3        27 340
21  51  29  40   7  25   0 0.00  0.0    0  4.7 16 330   M    M   3 12     22 330
22  45  29  37   4  28   0 0.00  0.0    0  6.0 13  40   M    M   1        16  40
23  43  20  32  -1  33   0 0.00  0.0    0  4.4 14 320   M    M   0 18     18 320
24  57  25  41   8  24   0 0.00  0.0    0 10.3 18 220   M    M   1        24 220
25  50  35  43  10  22   0 0.02  0.0    0 16.3 28 320   M    M  10 1      37 320
26  57  27  42   9  23   0 0.00  0.0    0  9.1 22 280   M    M   3        27 240
27  60  29  45  12  20   0 0.00  0.0    0  4.3 15 140   M    M   0        18 140
28  68  38  53  20  12   0 0.00  0.0    0 17.7 28 140   M    M   0        32 160
29  61  25  43  10  22   0 0.00  0.0    0 14.5 26 340   M    M   5 8      31 350
================================================================================
SM 1323  669       884   0  0.78     0.3 272.5          M      100
================================================================================
AV 45.6 23.1                               9.4 FASTST   M    M   3    MAX(MPH)
                                 MISC ---->  # 31 360               # 38  330
================================================================================
NOTES:
# LAST OF SEVERAL OCCURRENCES

COLUMN 17 PEAK WIND IN M.P.H.

PRELIMINARY LOCAL CLIMATOLOGICAL DATA (WS FORM: F-6) , PAGE 2

                                          STATION:  SPRINGFIELD MO
                                          MONTH:    JANUARY
                                          YEAR:     2015
                                          LATITUDE:   37 13 N
                                          LONGITUDE:  93 23 W

[TEMPERATURE DATA]      [PRECIPITATION DATA]       SYMBOLS USED IN COLUMN 16

AVERAGE MONTHLY: 34.3   TOTAL FOR MONTH:   0.78    1 = FOG OR MIST
DPTR FM NORMAL:   2.0   DPTR FM NORMAL:   -1.53    2 = FOG REDUCING VISIBILITY
HIGHEST:    68 ON 28    GRTST 24HR  0.53 ON  2- 3      TO 1/4 MILE OR LESS
LOWEST:      2 ON  8                               3 = THUNDER
                        SNOW, ICE PELLETS, HAIL    4 = ICE PELLETS
                        TOTAL MONTH:   0.3 INCH    5 = HAIL
                        GRTST 24HR   0.3 ON   M    6 = FREEZING RAIN OR DRIZZLE
                        GRTST DEPTH:   T           7 = DUSTSTORM OR SANDSTORM:
                                                       VSBY 1/2 MILE OR LESS
                                                   8 = SMOKE OR HAZE
[NO. OF DAYS WITH]      [WEATHER - DAYS WITH]      9 = BLOWING SNOW
                                                   X = TORNADO
MAX 32 OR BELOW:   3    0.01 INCH OR MORE:   7
MAX 90 OR ABOVE:   0    0.10 INCH OR MORE:   2
MIN 32 OR BELOW:  23    0.50 INCH OR MORE:   0
MIN  0 OR BELOW:   0    1.00 INCH OR MORE:   0

[HDD (BASE 65) ]
TOTAL THIS MO.   884    CLEAR  (SCALE 0-3)  16
DPTR FM NORMAL   -59    PTCLDY (SCALE 4-7)   8
TOTAL FM JUL 1  2654    CLOUDY (SCALE 8-10)  5
DPTR FM NORMAL   -99

[CDD (BASE 65) ]
TOTAL THIS MO.     0
DPTR FM NORMAL     0    [PRESSURE DATA]
TOTAL FM JAN 1     0    HIGHEST SLP M ON M
DPTR FM NORMAL     0    LOWEST  SLP 29.65 ON 25

[REMARKS]




U.S. Dept. of Commerce
NOAA National Weather Service
1325 East West Highway
Silver Spring, MD 20910
E-mail: w-nws.webmaster@noaa.gov
Page last modified: May 16, 2007
NATIONAL WEATHER SERVICE: for Safety, for Work, for Fun - FOR LIFE