608
CXUS53 KSGF 010800
CF6SGF
PRELIMINARY LOCAL CLIMATOLOGICAL DATA (WS FORM: F-6)

                                          STATION:   SPRINGFIELD MO
                                          MONTH:     AUGUST
                                          YEAR:      2014
                                          LATITUDE:   37 13 N
                                          LONGITUDE:  93 23 W

  TEMPERATURE IN F:       :PCPN:    SNOW:  WIND      :SUNSHINE: SKY     :PK WND
================================================================================
1   2   3   4   5  6A  6B    7    8   9   10  11  12  13   14  15   16   17  18
                                     12Z  AVG MX 2MIN
DY MAX MIN AVG DEP HDD CDD  WTR  SNW DPTH SPD SPD DIR MIN PSBL S-S WX    SPD DR
================================================================================

 1  85  62  74  -5   0   9    T  0.0    0  3.6 14  70   M    M   6 12     18  70
 2  90  63  77  -2   0  12 0.00  0.0    0  3.3 10  20   M    M   2         M  M
 3  88  67  78  -1   0  13 0.14  0.0    0  6.4 18 320   M    M   1 3      21 320
 4  90  66  78  -1   0  13 0.00  0.0    0  6.7 12 180   M    M   1        16 180
 5  93  68  81   2   0  16 0.00  0.0    0  6.3 14 260   M    M   1        17 250
 6  93  69  81   2   0  16 0.00  0.0    0  8.8 17 180   M    M   1 1      21 190
 7  89  68  79   0   0  14 0.74  0.0    0  8.7 26 310   M    M   4 13     37 310
 8  87  70  79   0   0  14 0.24  0.0    0  5.7 13  20   M    M   4 13     17 350
 9  87  67  77  -2   0  12    T  0.0    0  3.4 12 330   M    M   2        16 320
10  90  68  79   0   0  14 0.00  0.0    0  6.1 15 250   M    M   2        19 290
11  85  64  75  -4   0  10 0.00  0.0    0 10.3 18 350   M    M   5 1      22 340
12  82  59  71  -8   0   6 0.00  0.0    0  7.7 20 330   M    M   0        25 330
13  84  55  70  -8   0   5 0.00  0.0    0  2.1  9  90   M    M   0        12  30
14  89  59  74  -4   0   9 0.00  0.0    0  3.2  9 110   M    M   0        16 200
15  89  64  77  -1   0  12 0.00  0.0    0  8.8 17 170   M    M   0        22 180
16  92  70  81   3   0  16 0.05  0.0    0 12.0 23 200   M    M   4 1      28 200
17  89  68  79   1   0  14 0.00  0.0    0  6.6 14  30   M    M   3 12     18 330
18  94  64  79   1   0  14 0.00  0.0    0  3.9 13 240   M    M   1        17 240
19  96  69  83   5   0  18 0.00  0.0    0  7.3 14 250   M    M   0        20 230
20  96  71  84   6   0  19 0.00  0.0    0 11.8 23 210   M    M   1        31 220
21  98  73  86   8   0  21 0.00  0.0    0 12.7 22 200   M    M   0        27 200
22 100  73  87  10   0  22 0.00  0.0    0 11.0 18 240   M    M   0        23 220
23 100  73  87  10   0  22 0.00  0.0    0  8.2 16 220   M    M   0        20 210
24 100  68  84   7   0  19 0.00  0.0    0  6.9 15 180   M    M   0        18 150
25 101  71  86   9   0  21 0.00  0.0    0  6.4 17 150   M    M   0        24 150
26  99  73  86   9   0  21 0.01  0.0    0  5.3 25  50   M    M   1 3      32  80
27  98  71  85   9   0  20    T  0.0    0  6.2 22  40   M    M   2        27  30
28  94  73  84   8   0  19 0.00  0.0    0  9.3 20 200   M    M   1        23 210
29  89  71  80   4   0  15 0.05  0.0    0 11.5 21 260   M    M   3 13     27 260
30  91  69  80   4   0  15 0.73  0.0    0 10.4 24 320   M    M   4 138    31 300
31  93  69  81   6   0  16 0.00  0.0    0 11.5 20 150   M    M   1 1      26 150
================================================================================
SM 2851 2095         0 467  1.96     0.0 232.1          M       50
================================================================================
AV 92.0 67.6                               7.5 FASTST   M    M   2    MAX(MPH)
                                 MISC ---->  # 26 310               # 37  310
================================================================================
NOTES:
# LAST OF SEVERAL OCCURRENCES

COLUMN 17 PEAK WIND IN M.P.H.

PRELIMINARY LOCAL CLIMATOLOGICAL DATA (WS FORM: F-6) , PAGE 2

                                          STATION:  SPRINGFIELD MO
                                          MONTH:    AUGUST
                                          YEAR:     2014
                                          LATITUDE:   37 13 N
                                          LONGITUDE:  93 23 W

[TEMPERATURE DATA]      [PRECIPITATION DATA]       SYMBOLS USED IN COLUMN 16

AVERAGE MONTHLY: 79.8   TOTAL FOR MONTH:   1.96    1 = FOG OR MIST
DPTR FM NORMAL:   2.0   DPTR FM NORMAL:   -1.59    2 = FOG REDUCING VISIBILITY
HIGHEST:   101 ON 25    GRTST 24HR  0.81 ON  7- 8      TO 1/4 MILE OR LESS
LOWEST:     55 ON 13                               3 = THUNDER
                        SNOW, ICE PELLETS, HAIL    4 = ICE PELLETS
                        TOTAL MONTH:   0.0 INCH    5 = HAIL
                        GRTST 24HR     0.0         6 = FREEZING RAIN OR DRIZZLE
                        GRTST DEPTH:   0           7 = DUSTSTORM OR SANDSTORM:
                                                       VSBY 1/2 MILE OR LESS
                                                   8 = SMOKE OR HAZE
[NO. OF DAYS WITH]      [WEATHER - DAYS WITH]      9 = BLOWING SNOW
                                                   X = TORNADO
MAX 32 OR BELOW:   0    0.01 INCH OR MORE:   7
MAX 90 OR ABOVE:  19    0.10 INCH OR MORE:   4
MIN 32 OR BELOW:   0    0.50 INCH OR MORE:   2
MIN  0 OR BELOW:   0    1.00 INCH OR MORE:   0

[HDD (BASE 65) ]
TOTAL THIS MO.     0    CLEAR  (SCALE 0-3)  25
DPTR FM NORMAL    -2    PTCLDY (SCALE 4-7)   6
TOTAL FM JUL 1     0    CLOUDY (SCALE 8-10)  0
DPTR FM NORMAL    -2

[CDD (BASE 65) ]
TOTAL THIS MO.   467
DPTR FM NORMAL    69    [PRESSURE DATA]
TOTAL FM JAN 1  1246    HIGHEST SLP M ON M
DPTR FM NORMAL    60    LOWEST  SLP 29.78 ON 19

[REMARKS]
#FINAL-08-14#




U.S. Dept. of Commerce
NOAA National Weather Service
1325 East West Highway
Silver Spring, MD 20910
E-mail: w-nws.webmaster@noaa.gov
Page last modified: May 16, 2007
NATIONAL WEATHER SERVICE: for Safety, for Work, for Fun - FOR LIFE