048
CXUS53 KSGF 010800
CF6SGF
PRELIMINARY LOCAL CLIMATOLOGICAL DATA (WS FORM: F-6)

                                          STATION:   SPRINGFIELD MO
                                          MONTH:     NOVEMBER
                                          YEAR:      2014
                                          LATITUDE:   37 13 N
                                          LONGITUDE:  93 23 W

  TEMPERATURE IN F:       :PCPN:    SNOW:  WIND      :SUNSHINE: SKY     :PK WND
================================================================================
1   2   3   4   5  6A  6B    7    8   9   10  11  12  13   14  15   16   17  18
                                     12Z  AVG MX 2MIN
DY MAX MIN AVG DEP HDD CDD  WTR  SNW DPTH SPD SPD DIR MIN PSBL S-S WX    SPD DR
================================================================================

 1  54  22  38 -14  27   0 0.00  0.0    0  5.8 15 160   M    M   1        19 170
 2  60  44  52   0  13   0    T  0.0    0 18.1 24 160   M    M   4        32 160
 3  68  46  57   5   8   0    T    M    0 15.6 28 190   M    M   6        33 190
 4  61  43  52   1  13   0 1.48    M    0  5.3 22 320   M    M   7 1      26 330
 5  58  39  49  -2  16   0 0.00  0.0    0  5.7 16 260   M    M   0 12     21 250
 6  55  31  43  -7  22   0 0.00  0.0    0 11.0 28 340   M    M   0        32 340
 7  61  29  45  -5  20   0 0.00  0.0    0  9.7 20 180   M    M   0        24 150
 8  55  32  44  -6  21   0 0.00  0.0    0 10.2 26 340   M    M   1        31 330
 9  65  30  48  -1  17   0 0.00  0.0    0 10.7 18 180   M    M   0        23 190
10  75  49  62  13   3   0 0.00  0.0    0 17.6 38 190   M    M   1        49 190
11  53  25  39  -9  26   0    T  0.0    0 16.1 24 330   M    M   7 1      29 330
12  32  21  27 -21  38   0 0.00  0.0    0 13.4 23 350   M    M   7        27 350
13  32  18  25 -22  40   0 0.00    T    0  9.6 18 320   M    M   2        24 330
14  36  14  25 -22  40   0 0.00  0.0    0  3.4  9  60   M    M   0        14  40
15  34  26  30 -16  35   0    T    T    0  9.6 18 150   M    M   6        21 160
16  33  21  27 -19  38   0 0.13  1.5    0  6.4 16 330   M    M  10 12     20 320
17  25  13  19 -26  46   0 0.00  0.0    0 10.1 24 280   M    M   1        31 280
18  38   9  24 -21  41   0 0.00  0.0    0  8.4 16 180   M    M   0        20 180
19  50  27  39  -5  26   0 0.00  0.0    0 11.8 23 230   M    M   0        31 230
20  50  19  35  -9  30   0 0.00  0.0    0  6.7 12  40   M    M   0        15 100
21  50  34  42  -1  23   0 0.00  0.0    0 16.2 24 150   M    M   8 1      30 150
22  57  46  52   9  13   0 0.12  0.0    0 14.7 21 160   M    M   8 1      26 170
23  59  41  50   8  15   0 0.54  0.0    0 12.7 32 330   M    M   8 13     38 330
24  49  32  41  -1  24   0 0.02  0.0    0 15.0 26 260   M    M   3        36 320
25  45  24  35  -7  30   0 0.00  0.0    0  5.8 12 150   M    M   0        13 260
26  46  30  38  -3  27   0 0.01  0.2    0 14.1 28 320   M    M   8 1      37 320
27  42  29  36  -5  29   0 0.00  0.0    0  7.8 24 330   M    M   5        31 340
28  63  32  48   8  17   0 0.00  0.0    0 16.2 28 180   M    M   0        35 180
29  72  44  58  18   7   0 0.00  0.0    0 16.4 28 210   M    M   0        34 220
30  72  31  52  13  13   0    T  0.0    0 18.7 32 210   M    M   5 68     40 210
================================================================================
SM 1550  901       718   0  2.30     1.7 342.8          M       98
================================================================================
AV 51.7 30.0                              11.4 FASTST   M    M   3    MAX(MPH)
                                 MISC ---->  # 38 190               # 49  190
================================================================================
NOTES:
# LAST OF SEVERAL OCCURRENCES

COLUMN 17 PEAK WIND IN M.P.H.

PRELIMINARY LOCAL CLIMATOLOGICAL DATA (WS FORM: F-6) , PAGE 2

                                          STATION:  SPRINGFIELD MO
                                          MONTH:    NOVEMBER
                                          YEAR:     2014
                                          LATITUDE:   37 13 N
                                          LONGITUDE:  93 23 W

[TEMPERATURE DATA]      [PRECIPITATION DATA]       SYMBOLS USED IN COLUMN 16

AVERAGE MONTHLY: 40.8   TOTAL FOR MONTH:   2.30    1 = FOG OR MIST
DPTR FM NORMAL:  -5.2   DPTR FM NORMAL:   -1.92    2 = FOG REDUCING VISIBILITY
HIGHEST:    75 ON 10    GRTST 24HR  1.48 ON  4- 4      TO 1/4 MILE OR LESS
LOWEST:      9 ON 18                               3 = THUNDER
                        SNOW, ICE PELLETS, HAIL    4 = ICE PELLETS
                        TOTAL MONTH:   1.7 INCHES  5 = HAIL
                        GRTST 24HR   1.5 ON 16-16  6 = FREEZING RAIN OR DRIZZLE
                        GRTST DEPTH:   0           7 = DUSTSTORM OR SANDSTORM:
                                                       VSBY 1/2 MILE OR LESS
                                                   8 = SMOKE OR HAZE
[NO. OF DAYS WITH]      [WEATHER - DAYS WITH]      9 = BLOWING SNOW
                                                   X = TORNADO
MAX 32 OR BELOW:   3    0.01 INCH OR MORE:   6
MAX 90 OR ABOVE:   0    0.10 INCH OR MORE:   4
MIN 32 OR BELOW:  21    0.50 INCH OR MORE:   2
MIN  0 OR BELOW:   0    1.00 INCH OR MORE:   1

[HDD (BASE 65) ]
TOTAL THIS MO.   718    CLEAR  (SCALE 0-3)  17
DPTR FM NORMAL   147    PTCLDY (SCALE 4-7)  11
TOTAL FM JUL 1   950    CLOUDY (SCALE 8-10)  2
DPTR FM NORMAL    71

[CDD (BASE 65) ]
TOTAL THIS MO.     0
DPTR FM NORMAL    -2    [PRESSURE DATA]
TOTAL FM JAN 1  1470    HIGHEST SLP M ON M
DPTR FM NORMAL    81    LOWEST  SLP 29.26 ON 23

[REMARKS]
#FINAL-11-14#




U.S. Dept. of Commerce
NOAA National Weather Service
1325 East West Highway
Silver Spring, MD 20910
E-mail: w-nws.webmaster@noaa.gov
Page last modified: May 16, 2007
NATIONAL WEATHER SERVICE: for Safety, for Work, for Fun - FOR LIFE