024
CXUS53 KSGF 300800
CF6SGF
PRELIMINARY LOCAL CLIMATOLOGICAL DATA (WS FORM: F-6)

                                          STATION:   SPRINGFIELD MO
                                          MONTH:     SEPTEMBER
                                          YEAR:      2014
                                          LATITUDE:   37 13 N
                                          LONGITUDE:  93 23 W

  TEMPERATURE IN F:       :PCPN:    SNOW:  WIND      :SUNSHINE: SKY     :PK WND
================================================================================
1   2   3   4   5  6A  6B    7    8   9   10  11  12  13   14  15   16   17  18
                                     12Z  AVG MX 2MIN
DY MAX MIN AVG DEP HDD CDD  WTR  SNW DPTH SPD SPD DIR MIN PSBL S-S WX    SPD DR
================================================================================

 1  86  64  75   0   0  10 0.96  0.0    0 14.4 38 320   M    M   5 13     47 320
 2  82  67  75   1   0  10 0.52  0.0    0  7.9 22 190   M    M   2 13     28 190
 3  91  69  80   6   0  15 0.11  0.0    0 11.1 23  20   M    M   2 13     30  20
 4  92  74  83   9   0  18 0.00  0.0    0 11.9 20 220   M    M   0        26 230
 5  92  69  81   8   0  16 0.00  0.0    0 10.5 25 320   M    M   0        31 320
 6  71  58  65  -8   0   0 0.08  0.0    0  9.2 20 340   M    M   6 1      25 340
 7  80  54  67  -6   0   2 0.00  0.0    0  6.2 15 100   M    M   0        18 100
 8  84  63  74   2   0   9 0.00  0.0    0  9.2 16 180   M    M   4        21 190
 9  90  70  80   8   0  15 0.00  0.0    0 13.9 23 170   M    M   2        28 180
10  86  67  77   6   0  12 0.05  0.0    0 15.5 25 230   M    M   6 1      31 220
11  67  57  62  -9   3   0    T  0.0    0 12.6 17  40   M    M  10 1      22 360
12  60  50  55 -16  10   0    T  0.0    0 11.9 22  10   M    M  10 1      28  30
13  67  45  56 -14   9   0    T  0.0    0  7.4 18  40   M    M   3 1      23  10
14  76  48  62  -8   3   0 0.00  0.0    0  7.6 14 170   M    M   2        18 160
15  86  63  75   6   0  10 0.00  0.0    0 13.0 20 250   M    M   5        25 240
16  77  63  70   1   0   5 0.00  0.0    0  7.1 13 160   M    M   8        15 160
17  70  64  67  -1   0   2 3.23  0.0    0  9.2 30  80   M    M   7 13     36  30
18  74  62  68   0   0   3 0.04  0.0    0  7.7 17 180   M    M   6 13     20 140
19  79  60  70   2   0   5 0.00  0.0    0  7.8 14 170   M    M   3 1      18 170
20  85  63  74   7   0   9 0.00  0.0    0  8.3 16 230   M    M   1 1      21 140
21  78  57  68   1   0   3 0.01  0.0    0  9.9 20  30   M    M   2        24  30
22  75  48  62  -4   3   0 0.00  0.0    0  3.9 12  70   M    M   0 18     17  80
23  75  50  63  -3   2   0 0.00  0.0    0  7.6 14 130   M    M   0        17 130
24  77  50  64  -1   1   0 0.00  0.0    0  6.2 14 150   M    M   0        17 150
25  80  57  69   4   0   4 0.00  0.0    0  5.2 12 150   M    M   1        15 140
26  81  59  70   6   0   5 0.00  0.0    0  4.6 12 150   M    M   1        14 150
27  82  58  70   6   0   5 0.00  0.0    0  5.2 12 100   M    M   0        16 120
28  84  58  71   7   0   6 0.00  0.0    0  2.7 10  70   M    M   4 1      12  70
29  86  59  73  10   0   8 0.00  0.0    0  2.5 10  30   M    M   1        13  50
================================================================================
SM 2313 1726        31 172  5.00     0.0 250.2          M       91
================================================================================
AV 79.8 59.5                               8.6 FASTST   M    M   3    MAX(MPH)
                                 MISC ---->  # 38 320               # 47  320
================================================================================
NOTES:
# LAST OF SEVERAL OCCURRENCES

COLUMN 17 PEAK WIND IN M.P.H.

PRELIMINARY LOCAL CLIMATOLOGICAL DATA (WS FORM: F-6) , PAGE 2

                                          STATION:  SPRINGFIELD MO
                                          MONTH:    SEPTEMBER
                                          YEAR:     2014
                                          LATITUDE:   37 13 N
                                          LONGITUDE:  93 23 W

[TEMPERATURE DATA]      [PRECIPITATION DATA]       SYMBOLS USED IN COLUMN 16

AVERAGE MONTHLY: 69.6   TOTAL FOR MONTH:   5.00    1 = FOG OR MIST
DPTR FM NORMAL:   0.5   DPTR FM NORMAL:    0.53    2 = FOG REDUCING VISIBILITY
HIGHEST:    92 ON  5, 4 GRTST 24HR  3.26 ON 17-18      TO 1/4 MILE OR LESS
LOWEST:     45 ON 13                               3 = THUNDER
                        SNOW, ICE PELLETS, HAIL    4 = ICE PELLETS
                        TOTAL MONTH:   0.0 INCH    5 = HAIL
                        GRTST 24HR     0.0         6 = FREEZING RAIN OR DRIZZLE
                        GRTST DEPTH:   0           7 = DUSTSTORM OR SANDSTORM:
                                                       VSBY 1/2 MILE OR LESS
                                                   8 = SMOKE OR HAZE
[NO. OF DAYS WITH]      [WEATHER - DAYS WITH]      9 = BLOWING SNOW
                                                   X = TORNADO
MAX 32 OR BELOW:   0    0.01 INCH OR MORE:   8
MAX 90 OR ABOVE:   4    0.10 INCH OR MORE:   4
MIN 32 OR BELOW:   0    0.50 INCH OR MORE:   3
MIN  0 OR BELOW:   0    1.00 INCH OR MORE:   1

[HDD (BASE 65) ]
TOTAL THIS MO.    31    CLEAR  (SCALE 0-3)  18
DPTR FM NORMAL   -17    PTCLDY (SCALE 4-7)   8
TOTAL FM JUL 1    31    CLOUDY (SCALE 8-10)  3
DPTR FM NORMAL   -19

[CDD (BASE 65) ]
TOTAL THIS MO.   172
DPTR FM NORMAL     2    [PRESSURE DATA]
TOTAL FM JAN 1  1418    HIGHEST SLP M ON M
DPTR FM NORMAL    62    LOWEST  SLP 29.66 ON 10

[REMARKS]




U.S. Dept. of Commerce
NOAA National Weather Service
1325 East West Highway
Silver Spring, MD 20910
E-mail: w-nws.webmaster@noaa.gov
Page last modified: May 16, 2007
NATIONAL WEATHER SERVICE: for Safety, for Work, for Fun - FOR LIFE