769
CXUS53 KSGF 270800
CF6SGF
PRELIMINARY LOCAL CLIMATOLOGICAL DATA (WS FORM: F-6)

                                          STATION:   SPRINGFIELD MO
                                          MONTH:     JULY
                                          YEAR:      2014
                                          LATITUDE:   37 13 N
                                          LONGITUDE:  93 23 W

  TEMPERATURE IN F:       :PCPN:    SNOW:  WIND      :SUNSHINE: SKY     :PK WND
================================================================================
1   2   3   4   5  6A  6B    7    8   9   10  11  12  13   14  15   16   17  18
                                     12Z  AVG MX 2MIN
DY MAX MIN AVG DEP HDD CDD  WTR  SNW DPTH SPD SPD DIR MIN PSBL S-S WX    SPD DR
================================================================================

 1  85  70  78   1   0  13    T  0.0    0  8.1 18 320   M    M   2        23 330
 2  79  59  69  -8   0   4    T  0.0    0 10.1 20 350   M    M   1        24 340
 3  79  52  66 -11   0   1 0.00  0.0    0  5.9 15  20   M    M   0        19  20
 4  82  57  70  -7   0   5 0.00  0.0    0  6.1 13 160   M    M   1        17 190
 5  82  66  74  -4   0   9 0.00  0.0    0 12.1 20 170   M    M   2        24 160
 6  81  68  75  -3   0  10 0.27  0.0    0 10.7 22 180   M    M   2 13     27 220
 7  91  71  81   3   0  16 0.00  0.0    0 12.8 22 230   M    M   0        27 220
 8  84  66  75  -3   0  10 1.45  0.0    0 11.0 40 360   M    M   3 13     53  10
 9  84  62  73  -5   0   8 0.00  0.0    0  3.7 12 330   M    M   0        14 310
10  81  64  73  -5   0   8    T  0.0    0  8.4 20 140   M    M   2        25 140
11  90  68  79   1   0  14 0.00  0.0    0  9.9 16 190   M    M   1        20 150
12  91  71  81   3   0  16 0.00  0.0    0 10.1 18 220   M    M   0        23 210
13  92  70  81   3   0  16 0.01  0.0    0  7.6 17 190   M    M   2 3      22 210
14  86  63  75  -3   0  10 0.52  0.0    0  7.2 24 350   M    M   3 123    27 350
15  75  54  65 -13   0   0 0.00  0.0    0  7.7 18 340   M    M   1        22 320
16  77  54  66 -12   0   1 0.00  0.0    0  3.3 10  50   M    M   3        13  40
17  75  58  67 -11   0   2    T  0.0    0  5.9 15 170   M    M   2        19 180
18  78  60  69  -9   0   4 0.00  0.0    0  5.4 17 100   M    M   3        23 100
19  82  57  70  -8   0   5 0.00  0.0    0  2.2  8 160   M    M   2 1      10  70
20  82  60  71  -8   0   6 0.00  0.0    0  6.9 13 190   M    M   1 1      16 180
21  88  65  77  -2   0  12 0.00  0.0    0  8.0 13 160   M    M   0        16 150
22  93  70  82   3   0  17 0.00  0.0    0  6.2 13 160   M    M   1        16 160
23  93  72  83   4   0  18 0.00  0.0    0  7.8 23 360   M    M   2 18     29 340
24  84  66  75  -4   0  10 0.00  0.0    0  7.4 14  80   M    M   0        19 110
25  92  66  79   0   0  14 0.00  0.0    0 12.7 18 190   M    M   1        24 170
26  97  73  85   6   0  20 0.00  0.0    0 12.7 21 230   M    M   0 18     26 210
================================================================================
SM 2203 1662         0 249  2.25     0.0 209.9          M       35
================================================================================
AV 84.7 63.9                               8.1 FASTST   M    M   1    MAX(MPH)
                                 MISC ---->  # 40 360               # 53   10
================================================================================
NOTES:
# LAST OF SEVERAL OCCURRENCES

COLUMN 17 PEAK WIND IN M.P.H.

PRELIMINARY LOCAL CLIMATOLOGICAL DATA (WS FORM: F-6) , PAGE 2

                                          STATION:  SPRINGFIELD MO
                                          MONTH:    JULY
                                          YEAR:     2014
                                          LATITUDE:   37 13 N
                                          LONGITUDE:  93 23 W

[TEMPERATURE DATA]      [PRECIPITATION DATA]       SYMBOLS USED IN COLUMN 16

AVERAGE MONTHLY: 74.3   TOTAL FOR MONTH:   2.25    1 = FOG OR MIST
DPTR FM NORMAL:  -3.8   DPTR FM NORMAL:   -0.94    2 = FOG REDUCING VISIBILITY
HIGHEST:    97 ON 26    GRTST 24HR  1.45 ON  8- 8      TO 1/4 MILE OR LESS
LOWEST:     52 ON  3                               3 = THUNDER
                        SNOW, ICE PELLETS, HAIL    4 = ICE PELLETS
                        TOTAL MONTH:   0.0 INCH    5 = HAIL
                        GRTST 24HR     0.0         6 = FREEZING RAIN OR DRIZZLE
                        GRTST DEPTH:   0           7 = DUSTSTORM OR SANDSTORM:
                                                       VSBY 1/2 MILE OR LESS
                                                   8 = SMOKE OR HAZE
[NO. OF DAYS WITH]      [WEATHER - DAYS WITH]      9 = BLOWING SNOW
                                                   X = TORNADO
MAX 32 OR BELOW:   0    0.01 INCH OR MORE:   4
MAX 90 OR ABOVE:   8    0.10 INCH OR MORE:   3
MIN 32 OR BELOW:   0    0.50 INCH OR MORE:   2
MIN  0 OR BELOW:   0    1.00 INCH OR MORE:   1

[HDD (BASE 65) ]
TOTAL THIS MO.     0    CLEAR  (SCALE 0-3)  25
DPTR FM NORMAL     0    PTCLDY (SCALE 4-7)   1
TOTAL FM JUL 1     0    CLOUDY (SCALE 8-10)  0
DPTR FM NORMAL     0

[CDD (BASE 65) ]
TOTAL THIS MO.   249
DPTR FM NORMAL   -92    [PRESSURE DATA]
TOTAL FM JAN 1   736    HIGHEST SLP M ON M
DPTR FM NORMAL    17    LOWEST  SLP 29.76 ON  7

[REMARKS]




U.S. Dept. of Commerce
NOAA National Weather Service
1325 East West Highway
Silver Spring, MD 20910
E-mail: w-nws.webmaster@noaa.gov
Page last modified: May 16, 2007
NATIONAL WEATHER SERVICE: for Safety, for Work, for Fun - FOR LIFE