336
CXUS56 KMTR 301000
CF6SFO
PRELIMINARY LOCAL CLIMATOLOGICAL DATA (WS FORM: F-6)

                                          STATION:   SAN FRANCISCO AIRPORT
                                          MONTH:     JULY
                                          YEAR:      2014
                                          LATITUDE:   37 37 N
                                          LONGITUDE: 122 23 W

  TEMPERATURE IN F:       :PCPN:    SNOW:  WIND      :SUNSHINE: SKY     :PK WND
================================================================================
1   2   3   4   5  6A  6B    7    8   9   10  11  12  13   14  15   16   17  18
                                     12Z  AVG MX 2MIN
DY MAX MIN AVG DEP HDD CDD  WTR  SNW DPTH SPD SPD DIR MIN PSBL S-S WX    SPD DR
================================================================================

 1  76  58  67   4   0   2 0.00  0.0    0  8.2 21 250   M    M   3        24 240
 2  76  58  67   4   0   2 0.00  0.0    0 12.5 26 260   M    M   5        33 260
 3  73  57  65   2   0   0 0.00  0.0    0 12.0 21 290   M    M   2        25 280
 4  68  55  62  -1   3   0 0.00  0.0    0 12.4 26 290   M    M   2 1      32 290
 5  71  53  62  -2   3   0 0.00  0.0    0 13.4 25 290   M    M   3        30 290
 6  69  53  61  -3   4   0 0.00  0.0    0 16.2 29 290   M    M   2        32 290
 7  72  54  63  -1   2   0 0.00  0.0    0 12.5 25 290   M    M   6        29 300
 8  76  56  66   2   0   1 0.00  0.0    0  8.7 20 290   M    M   3        25 290
 9  75  59  67   3   0   2 0.00  0.0    0  8.1 18 230   M    M   5        22 270
10  74  61  68   4   0   3 0.00  0.0    0 11.5 23 200   M    M   5        30 200
11  72  60  66   2   0   1 0.00  0.0    0 13.1 22 260   M    M   4        26 240
12  69  54  62  -2   3   0 0.00  0.0    0 14.3 28 270   M    M   7        33 280
13  68  53  61  -3   4   0 0.00  0.0    0 15.9 25 290   M    M   7        30 290
14  76  58  67   3   0   2 0.00  0.0    0 10.1 22 300   M    M   6        24 300
15  81  59  70   6   0   5 0.00  0.0    0  8.9 18 310   M    M   8        23 300
16  78  62  70   6   0   5 0.00  0.0    0 10.3 22 240   M    M   6        29 250
17  74  63  69   5   0   4 0.00  0.0    0 10.2 23 230   M    M   4        30 230
18  74  62  68   4   0   3 0.00  0.0    0 10.4 18 280   M    M   5        28 220
19  74  61  68   4   0   3 0.00  0.0    0 10.9 21 280   M    M   6        23 290
20  78  58  68   4   0   3 0.00  0.0    0 10.3 20 230   M    M   7        31 260
21  76  65  71   7   0   6 0.00  0.0    0 10.7 22 240   M    M   5        28 240
22  77  64  71   7   0   6    T  0.0    0  9.4 22 220   M    M   6 3      29 230
23  76  64  70   6   0   5 0.00  0.0    0 11.8 24 270   M    M   6        30 270
24  83  60  72   8   0   7 0.00  0.0    0 14.1 26 280   M    M   2        31 270
25  90  62  76  12   0  11 0.00  0.0    0 10.3 26 290   M    M   1        29 290
26  77  61  69   5   0   4 0.00  0.0    M 13.6 26 290   M    M   4        31 300
27  77  61  69   5   0   4    T  0.0    0 12.8 25 290   M    M   4        31 290
28  74  60  67   3   0   2 0.00  0.0    0 13.4 26 290   M    M   7        31 290
29  73  60  67   3   0   2 0.00  0.0    0 14.9 25 290   M    M   3        29 290
================================================================================
SM 2177 1711        19  83    T      0.0 340.9          M      134
================================================================================
AV 75.1 59.0                              11.8 FASTST   M    M   5    MAX(MPH)
                                 MISC ---->  # 29 290               # 33  260
================================================================================
NOTES:
# LAST OF SEVERAL OCCURRENCES

COLUMN 17 PEAK WIND IN M.P.H.

PRELIMINARY LOCAL CLIMATOLOGICAL DATA (WS FORM: F-6) , PAGE 2

                                          STATION:  SAN FRANCISCO AIRPORT
                                          MONTH:    JULY
                                          YEAR:     2014
                                          LATITUDE:   37 37 N
                                          LONGITUDE: 122 23 W

[TEMPERATURE DATA]      [PRECIPITATION DATA]       SYMBOLS USED IN COLUMN 16

AVERAGE MONTHLY: 67.0   TOTAL FOR MONTH:      T    1 = FOG OR MIST
DPTR FM NORMAL:   3.2   DPTR FM NORMAL:   -0.00    2 = FOG REDUCING VISIBILITY
HIGHEST:    90 ON 25    GRTST 24HR    T  ON 27-27      TO 1/4 MILE OR LESS
LOWEST:     53 ON 13, 6                            3 = THUNDER
                        SNOW, ICE PELLETS, HAIL    4 = ICE PELLETS
                        TOTAL MONTH:   0.0 INCH    5 = HAIL
                        GRTST 24HR     0.0         6 = FREEZING RAIN OR DRIZZLE
                        GRTST DEPTH:   0           7 = DUSTSTORM OR SANDSTORM:
                                                       VSBY 1/2 MILE OR LESS
                                                   8 = SMOKE OR HAZE
[NO. OF DAYS WITH]      [WEATHER - DAYS WITH]      9 = BLOWING SNOW
                                                   X = TORNADO
MAX 32 OR BELOW:   0    0.01 INCH OR MORE:   0
MAX 90 OR ABOVE:   1    0.10 INCH OR MORE:   0
MIN 32 OR BELOW:   0    0.50 INCH OR MORE:   0
MIN  0 OR BELOW:   0    1.00 INCH OR MORE:   0

[HDD (BASE 65) ]
TOTAL THIS MO.    19    CLEAR  (SCALE 0-3)   7
DPTR FM NORMAL   -39    PTCLDY (SCALE 4-7)  22
TOTAL FM JUL 1    19    CLOUDY (SCALE 8-10)  0
DPTR FM NORMAL   -39

[CDD (BASE 65) ]
TOTAL THIS MO.    83
DPTR FM NORMAL    54    [PRESSURE DATA]
TOTAL FM JAN 1   181    HIGHEST SLP M ON M
DPTR FM NORMAL   112    LOWEST  SLP 29.80 ON  1

[REMARKS]




U.S. Dept. of Commerce
NOAA National Weather Service
1325 East West Highway
Silver Spring, MD 20910
E-mail: w-nws.webmaster@noaa.gov
Page last modified: May 16, 2007
NATIONAL WEATHER SERVICE: for Safety, for Work, for Fun - FOR LIFE