141
CXUS56 KMTR 281000
CF6SFO
PRELIMINARY LOCAL CLIMATOLOGICAL DATA (WS FORM: F-6)

                                          STATION:   SAN FRANCISCO AIRPORT
                                          MONTH:     NOVEMBER
                                          YEAR:      2014
                                          LATITUDE:   37 37 N
                                          LONGITUDE: 122 23 W

  TEMPERATURE IN F:       :PCPN:    SNOW:  WIND      :SUNSHINE: SKY     :PK WND
================================================================================
1   2   3   4   5  6A  6B    7    8   9   10  11  12  13   14  15   16   17  18
                                     12Z  AVG MX 2MIN
DY MAX MIN AVG DEP HDD CDD  WTR  SNW DPTH SPD SPD DIR MIN PSBL S-S WX    SPD DR
================================================================================

 1  65  55  60   1   5   0    T  0.0    0 10.2 25 280   M    M   5        31 280
 2  66  49  58  -1   7   0 0.00  0.0    0  5.8 22 290   M    M   2        25 290
 3  69  50  60   1   5   0 0.00  0.0    0  6.5 21 280   M    M   5        23 280
 4  72  50  61   3   4   0 0.00  0.0    0  3.6 16 280   M    M   3        20 280
 5  76  54  65   7   0   0 0.00  0.0    0  2.1 12 290   M    M   3        14 280
 6  74  56  65   7   0   0 0.00  0.0    0  9.4 23 280   M    M   4 8      28 280
 7  70  54  62   4   3   0 0.00  0.0    0  6.3 21 280   M    M   3 18     24 280
 8  75  54  65   7   0   0 0.00  0.0    0  2.8 18 290   M    M   4 1      22 290
 9  69  53  61   4   4   0 0.00  0.0    0  8.4 24 290   M    M   3 128    28 290
10  68  53  61   4   4   0 0.00  0.0    0  4.9 15 200   M    M   4 128    18 190
11  67  54  61   4   4   0 0.00  0.0    0  6.8 17 190   M    M   7        21 190
12  67  57  62   5   3   0 0.15  0.0    0  4.8 15 270   M    M   9 1      18 270
13  67  56  62   6   3   0 0.25  0.0    0  9.2 15 260   M    M   8 1      31  20
14  66  56  61   5   4   0 0.00  0.0    0  9.5 18 270   M    M   5        22 270
15  66  54  60   4   5   0 0.00  0.0    0  9.2 18 280   M    M   3        23 280
16  63  56  60   4   5   0 0.00  0.0    0  8.6 24  10   M    M   6        26 360
17  66  50  58   3   7   0 0.00  0.0    0  6.1 17  60   M    M   5        18  60
18  64  51  58   3   7   0 0.00  0.0    0  1.8 10  50   M    M   7        14 330
19  64  56  60   5   5   0 0.12  0.0    0  6.7 21 170   M    M   9 1      28 170
20  60  53  57   2   8   0 0.20  0.0    0  3.5 14 130   M    M   8 1      25 330
21  61  54  58   4   7   0 0.00  0.0    0  3.6 12  50   M    M   8 1      20 120
22  65  55  60   6   5   0 0.15  0.0    0 11.9 26 270   M    M   7 1      33 240
23  66  49  58   4   7   0 0.00  0.0    0  4.2 14 280   M    M   3        24 270
24  66  47  57   3   8   0 0.00  0.0    0  2.3 13 280   M    M   1        23 270
25  65  49  57   3   8   0 0.00  0.0    0  0.8  8  90   M    M   2        22 320
26  68  49  59   5   6   0 0.00  0.0    0  2.3 10  60   M    M   2 18     17  70
27  64  50  57   4   8   0 0.00  0.0    0  3.6 15 270   M    M   4 18     17 270
================================================================================
SM 1809 1424       132   0  0.87     0.0 154.9          M      130
================================================================================
AV 67.0 52.7                               5.7 FASTST   M    M   5    MAX(MPH)
                                 MISC ---->  # 26 270               # 33  240
================================================================================
NOTES:
# LAST OF SEVERAL OCCURRENCES

COLUMN 17 PEAK WIND IN M.P.H.

PRELIMINARY LOCAL CLIMATOLOGICAL DATA (WS FORM: F-6) , PAGE 2

                                          STATION:  SAN FRANCISCO AIRPORT
                                          MONTH:    NOVEMBER
                                          YEAR:     2014
                                          LATITUDE:   37 37 N
                                          LONGITUDE: 122 23 W

[TEMPERATURE DATA]      [PRECIPITATION DATA]       SYMBOLS USED IN COLUMN 16

AVERAGE MONTHLY: 59.9   TOTAL FOR MONTH:   0.87    1 = FOG OR MIST
DPTR FM NORMAL:   3.7   DPTR FM NORMAL:   -1.21    2 = FOG REDUCING VISIBILITY
HIGHEST:    76 ON  5    GRTST 24HR  0.40 ON 12-13      TO 1/4 MILE OR LESS
LOWEST:     47 ON 24                               3 = THUNDER
                        SNOW, ICE PELLETS, HAIL    4 = ICE PELLETS
                        TOTAL MONTH:   0.0 INCH    5 = HAIL
                        GRTST 24HR     0.0         6 = FREEZING RAIN OR DRIZZLE
                        GRTST DEPTH:   0           7 = DUSTSTORM OR SANDSTORM:
                                                       VSBY 1/2 MILE OR LESS
                                                   8 = SMOKE OR HAZE
[NO. OF DAYS WITH]      [WEATHER - DAYS WITH]      9 = BLOWING SNOW
                                                   X = TORNADO
MAX 32 OR BELOW:   0    0.01 INCH OR MORE:   5
MAX 90 OR ABOVE:   0    0.10 INCH OR MORE:   5
MIN 32 OR BELOW:   0    0.50 INCH OR MORE:   0
MIN  0 OR BELOW:   0    1.00 INCH OR MORE:   0

[HDD (BASE 65) ]
TOTAL THIS MO.   132    CLEAR  (SCALE 0-3)   7
DPTR FM NORMAL  -109    PTCLDY (SCALE 4-7)  16
TOTAL FM JUL 1   167    CLOUDY (SCALE 8-10)  4
DPTR FM NORMAL  -361

[CDD (BASE 65) ]
TOTAL THIS MO.     0
DPTR FM NORMAL     0    [PRESSURE DATA]
TOTAL FM JAN 1   497    HIGHEST SLP M ON M
DPTR FM NORMAL   334    LOWEST  SLP 29.75 ON  1

[REMARKS]




U.S. Dept. of Commerce
NOAA National Weather Service
1325 East West Highway
Silver Spring, MD 20910
E-mail: w-nws.webmaster@noaa.gov
Page last modified: May 16, 2007
NATIONAL WEATHER SERVICE: for Safety, for Work, for Fun - FOR LIFE