731
CXUS56 KMTR 281000
CF6SFO
PRELIMINARY LOCAL CLIMATOLOGICAL DATA (WS FORM: F-6)

                                          STATION:   SAN FRANCISCO AIRPORT
                                          MONTH:     AUGUST
                                          YEAR:      2014
                                          LATITUDE:   37 37 N
                                          LONGITUDE: 122 23 W

  TEMPERATURE IN F:       :PCPN:    SNOW:  WIND      :SUNSHINE: SKY     :PK WND
================================================================================
1   2   3   4   5  6A  6B    7    8   9   10  11  12  13   14  15   16   17  18
                                     12Z  AVG MX 2MIN
DY MAX MIN AVG DEP HDD CDD  WTR  SNW DPTH SPD SPD DIR MIN PSBL S-S WX    SPD DR
================================================================================

 1  72  59  66   2   0   1 0.00  0.0    0 15.1 24 300   M    M   4        29 290
 2  69  59  64   0   1   0 0.00  0.0    0 15.5 27 290   M    M   4        33 290
 3  70  60  65   1   0   0 0.00  0.0    0 11.3 22 270   M    M   8        28 280
 4  75  60  68   4   0   3 0.00  0.0    0  8.7 16 290   M    M   8        22 230
 5  74  62  68   4   0   3 0.00  0.0    0 10.7 23 290   M    M   7        26 280
 6  77  60  69   5   0   4    T  0.0    0 12.9 23 280   M    M   7        28 290
 7  70  60  65   1   0   0 0.00  0.0    0 11.5 26 290   M    M   5        30 290
 8  74  60  67   3   0   2 0.00  0.0    0 11.1 22 290   M    M   3        25 300
 9  70  59  65   1   0   0 0.00  0.0    0 13.8 25 270   M    M   6        29 260
10  77  60  69   5   0   4 0.00  0.0    0  7.5 18 270   M    M   7        22 270
11  79  61  70   6   0   5 0.00  0.0    0  8.1 20 330   M    M   5        26 310
12  77  62  70   6   0   5 0.00  0.0    0 10.8 22 270   M    M   6        26 260
13  77  61  69   5   0   4 0.00  0.0    0 12.7 28 270   M    M   5        32 280
14  74  60  67   3   0   2 0.00  0.0    0 11.6 24 290   M    M   5        28 280
15  74  60  67   3   0   2 0.00  0.0    M 10.8 24 290   M    M   3        28 290
16  73  59  66   2   0   1 0.00  0.0    0 10.7 25 290   M    M   4        29 290
17  72  57  65   1   0   0 0.00  0.0    0 11.7 28 280   M    M   6         M  M
18  70  60  65   0   0   0 0.00  0.0    0 11.2 24 260   M    M   8        32 260
19  75  60  68   3   0   3 0.00  0.0    0  7.0 17 170   M    M   6 1      25 220
20  73  62  68   3   0   3 0.00  0.0    0  9.2 24 210   M    M   4        29 190
21  74  61  68   3   0   3 0.00  0.0    0 10.3 25 280   M    M   3        30 290
22  77  59  68   3   0   3 0.00  0.0    0  8.5 25 270   M    M   3        30 270
23  75  57  66   1   0   1 0.00  0.0    0  5.9 14 250   M    M   2        24 250
24  75  58  67   2   0   2 0.00  0.0    0 10.2 22 290   M    M   4        25 290
25  74  61  68   3   0   3 0.00  0.0    0  8.2 20 230   M    M   6        25 240
26  74  59  67   2   0   2 0.00  0.0    0 10.5 23 280   M    M   2        28 290
27  74  60  67   2   0   2 0.00  0.0    0 11.8 26 290   M    M   2        30 290
================================================================================
SM 1995 1616         1  58    T      0.0 287.3          M      133
================================================================================
AV 73.9 59.9                              10.6 FASTST   M    M   5    MAX(MPH)
                                 MISC ---->  # 28 270                 33    M
================================================================================
NOTES:
# LAST OF SEVERAL OCCURRENCES

COLUMN 17 PEAK WIND IN M.P.H.

PRELIMINARY LOCAL CLIMATOLOGICAL DATA (WS FORM: F-6) , PAGE 2

                                          STATION:  SAN FRANCISCO AIRPORT
                                          MONTH:    AUGUST
                                          YEAR:     2014
                                          LATITUDE:   37 37 N
                                          LONGITUDE: 122 23 W

[TEMPERATURE DATA]      [PRECIPITATION DATA]       SYMBOLS USED IN COLUMN 16

AVERAGE MONTHLY: 66.9   TOTAL FOR MONTH:      T    1 = FOG OR MIST
DPTR FM NORMAL:   2.5   DPTR FM NORMAL:   -0.03    2 = FOG REDUCING VISIBILITY
HIGHEST:    79 ON 11    GRTST 24HR    T  ON  6- 6      TO 1/4 MILE OR LESS
LOWEST:     57 ON 23,17                            3 = THUNDER
                        SNOW, ICE PELLETS, HAIL    4 = ICE PELLETS
                        TOTAL MONTH:   0.0 INCH    5 = HAIL
                        GRTST 24HR     0.0         6 = FREEZING RAIN OR DRIZZLE
                        GRTST DEPTH:   0           7 = DUSTSTORM OR SANDSTORM:
                                                       VSBY 1/2 MILE OR LESS
                                                   8 = SMOKE OR HAZE
[NO. OF DAYS WITH]      [WEATHER - DAYS WITH]      9 = BLOWING SNOW
                                                   X = TORNADO
MAX 32 OR BELOW:   0    0.01 INCH OR MORE:   0
MAX 90 OR ABOVE:   0    0.10 INCH OR MORE:   0
MIN 32 OR BELOW:   0    0.50 INCH OR MORE:   0
MIN  0 OR BELOW:   0    1.00 INCH OR MORE:   0

[HDD (BASE 65) ]
TOTAL THIS MO.     1    CLEAR  (SCALE 0-3)   6
DPTR FM NORMAL   -38    PTCLDY (SCALE 4-7)  21
TOTAL FM JUL 1    20    CLOUDY (SCALE 8-10)  0
DPTR FM NORMAL   -84

[CDD (BASE 65) ]
TOTAL THIS MO.    58
DPTR FM NORMAL    31    [PRESSURE DATA]
TOTAL FM JAN 1   239    HIGHEST SLP M ON M
DPTR FM NORMAL   148    LOWEST  SLP 29.80 ON 19

[REMARKS]




U.S. Dept. of Commerce
NOAA National Weather Service
1325 East West Highway
Silver Spring, MD 20910
E-mail: w-nws.webmaster@noaa.gov
Page last modified: May 16, 2007
NATIONAL WEATHER SERVICE: for Safety, for Work, for Fun - FOR LIFE