011
CXUS56 KMTR 011000
CF6SFO
PRELIMINARY LOCAL CLIMATOLOGICAL DATA (WS FORM: F-6)

                                          STATION:   SAN FRANCISCO AIRPORT
                                          MONTH:     SEPTEMBER
                                          YEAR:      2014
                                          LATITUDE:   37 37 N
                                          LONGITUDE: 122 23 W

  TEMPERATURE IN F:       :PCPN:    SNOW:  WIND      :SUNSHINE: SKY     :PK WND
================================================================================
1   2   3   4   5  6A  6B    7    8   9   10  11  12  13   14  15   16   17  18
                                     12Z  AVG MX 2MIN
DY MAX MIN AVG DEP HDD CDD  WTR  SNW DPTH SPD SPD DIR MIN PSBL S-S WX    SPD DR
================================================================================

 1  83  60  72   7   0   7 0.00  0.0    0 10.3 24 290   M    M   1        29 290
 2  74  60  67   2   0   2 0.00  0.0    0 11.0 23 280   M    M   2        26 270
 3  76  60  68   3   0   3 0.00  0.0    0  8.5 21 290   M    M   5         M  M
 4  76  60  68   3   0   3 0.00  0.0    0  6.9 17 320   M    M   5        20 320
 5  75  60  68   3   0   3 0.00  0.0    0  7.8 20 280   M    M   5        23 290
 6  72  59  66   1   0   1 0.00  0.0    0  9.3 21 290   M    M   5        25 280
 7  71  57  64  -1   1   0 0.00  0.0    0 11.8 25 280   M    M   3        30 270
 8  68  58  63  -2   2   0 0.00  0.0    0 12.4 24 280   M    M   4        29 280
 9  71  59  65   0   0   0 0.00  0.0    0 10.7 23 290   M    M   5        28 300
10  82  56  69   4   0   4 0.00  0.0    0  8.8 24 290   M    M   2 18     29 300
11  79  59  69   4   0   4 0.00  0.0    0 11.6 28 290   M    M   2        31 290
12  75  58  67   2   0   2 0.00  0.0    0 12.9 29 290   M    M   3        32 290
13  75  60  68   3   0   3 0.00  0.0    0 12.7 26 290   M    M   4        32 270
14  74  59  67   2   0   2 0.00  0.0    0 12.4 22 300   M    M   3        25 300
15  78  62  70   5   0   5 0.00  0.0    0 11.9 21 280   M    M   3        25 280
16  81  62  72   7   0   7 0.00  0.0    0  9.6 23 270   M    M   5        28 280
17  82  62  72   7   0   7    T  0.0    0 10.0 25 200   M    M   4        32 200
18  80  64  72   7   0   7 0.01  0.0    0  7.0 18 210   M    M   6 1      22 220
19  74  63  69   4   0   4 0.00  0.0    0 10.7 22 280   M    M   5        28 280
20  77  64  71   6   0   6 0.00  0.0    0  8.2 21 270   M    M   6        24 280
21  72  65  69   4   0   4 0.00  0.0    0  9.0 20 270   M    M   9        24 260
22  78  65  72   8   0   7 0.00  0.0    0 12.9 26 280   M    M   6        31 280
23  77  65  71   7   0   6    T  0.0    0 10.8 23 260   M    M   5 1      26 270
24  80  64  72   8   0   7    T  0.0    0  8.9 21 280   M    M   8 1      25 270
25  74  61  68   4   0   3 0.41  0.0    0  6.3 17 290   M    M   7 1      26 340
26  74  62  68   4   0   3 0.00  0.0    0 12.6 28 270   M    M   4        33 270
27  73  63  68   4   0   3 0.00  0.0    0 12.8 26 250   M    M   5        32 260
28  76  61  69   5   0   4 0.00  0.0    0  7.9 18 280   M    M   6        24 270
29  71  60  66   2   0   1 0.00  0.0    0 12.0 24 280   M    M   5        30 270
30  75  62  69   5   0   4 0.00  0.0    0 11.5 22 280   M    M   5 1      24 270
================================================================================
SM 2273 1830         3 112  0.42     0.0 309.2          M      138
================================================================================
AV 75.8 61.0                              10.3 FASTST   M    M   5    MAX(MPH)
                                 MISC ---->  # 29 290               # 33  270
================================================================================
NOTES:
# LAST OF SEVERAL OCCURRENCES

COLUMN 17 PEAK WIND IN M.P.H.

PRELIMINARY LOCAL CLIMATOLOGICAL DATA (WS FORM: F-6) , PAGE 2

                                          STATION:  SAN FRANCISCO AIRPORT
                                          MONTH:    SEPTEMBER
                                          YEAR:     2014
                                          LATITUDE:   37 37 N
                                          LONGITUDE: 122 23 W

[TEMPERATURE DATA]      [PRECIPITATION DATA]       SYMBOLS USED IN COLUMN 16

AVERAGE MONTHLY: 68.4   TOTAL FOR MONTH:   0.42    1 = FOG OR MIST
DPTR FM NORMAL:   3.7   DPTR FM NORMAL:    0.25    2 = FOG REDUCING VISIBILITY
HIGHEST:    83 ON  1    GRTST 24HR  0.41 ON 24-25      TO 1/4 MILE OR LESS
LOWEST:     56 ON 10                               3 = THUNDER
                        SNOW, ICE PELLETS, HAIL    4 = ICE PELLETS
                        TOTAL MONTH:   0.0 INCH    5 = HAIL
                        GRTST 24HR     0.0         6 = FREEZING RAIN OR DRIZZLE
                        GRTST DEPTH:   0           7 = DUSTSTORM OR SANDSTORM:
                                                       VSBY 1/2 MILE OR LESS
                                                   8 = SMOKE OR HAZE
[NO. OF DAYS WITH]      [WEATHER - DAYS WITH]      9 = BLOWING SNOW
                                                   X = TORNADO
MAX 32 OR BELOW:   0    0.01 INCH OR MORE:   2
MAX 90 OR ABOVE:   0    0.10 INCH OR MORE:   1
MIN 32 OR BELOW:   0    0.50 INCH OR MORE:   0
MIN  0 OR BELOW:   0    1.00 INCH OR MORE:   0

[HDD (BASE 65) ]
TOTAL THIS MO.     3    CLEAR  (SCALE 0-3)   8
DPTR FM NORMAL   -50    PTCLDY (SCALE 4-7)  20
TOTAL FM JUL 1    23    CLOUDY (SCALE 8-10)  2
DPTR FM NORMAL  -143

[CDD (BASE 65) ]
TOTAL THIS MO.   112
DPTR FM NORMAL    68    [PRESSURE DATA]
TOTAL FM JAN 1   365    HIGHEST SLP M ON M
DPTR FM NORMAL   224    LOWEST  SLP 29.70 ON  3

[REMARKS]
#FINAL-09-14#




U.S. Dept. of Commerce
NOAA National Weather Service
1325 East West Highway
Silver Spring, MD 20910
E-mail: w-nws.webmaster@noaa.gov
Page last modified: May 16, 2007
NATIONAL WEATHER SERVICE: for Safety, for Work, for Fun - FOR LIFE