070
CXUS56 KOTX 290900
CF6SFF
PRELIMINARY LOCAL CLIMATOLOGICAL DATA (WS FORM: F-6)

                                          STATION:   SPOKANE WA FELTS AIRPORT
                                          MONTH:     JANUARY
                                          YEAR:      2015
                                          LATITUDE:   47 40 N
                                          LONGITUDE: 117 20 W

  TEMPERATURE IN F:       :PCPN:    SNOW:  WIND      :SUNSHINE: SKY     :PK WND
================================================================================
1   2   3   4   5  6A  6B    7    8   9   10  11  12  13   14  15   16   17  18
                                     12Z  AVG MX 2MIN
DY MAX MIN AVG DEP HDD CDD  WTR  SNW DPTH SPD SPD DIR MIN PSBL S-S WX    SPD DR
================================================================================

 1  21   9  15 -14  50   0 0.00    M    M  2.0  6  60   M    M   7 1       6  50
 2  25  20  23  -7  42   0 0.05    M    M  0.1  6 190   M    M  10 18      9 360
 3  27  12  20 -10  45   0 0.03    M    M  0.2  5  10   M    M   9 128     7  40
 4  39  25  32   2  33   0 0.43    M    M  1.2 12 240   M    M  10 168    15 230
 5  41  34  38   8  27   0 0.14    M    M  2.3 15 240   M    M  10 12     21 240
 6  42  33  38   8  27   0 0.00    M    M  0.7 10 160   M    M   6 128    12 170
 7  38  31  35   5  30   0 0.00    M    M  2.2  9  70   M    M  10 128    12 330
 8  38  29  34   4  31   0 0.00    M    M  1.6  8 340   M    M   7 1      11 340
 9  36  25  31   1  34   0 0.00    M    M  0.6  9  80   M    M   1        10  80
10  33  30  32   1  33   0 0.04    M    M  0.1  3  50   M    M  10 18      5  20
11  33  28  31   0  34   0 0.00    M    M  0.3  6  20   M    M   9 18      8  20
12  34  26  30  -1  35   0 0.00    M    M  1.1  8 200   M    M   9         9 200
13  34  32  33   2  32   0 0.00    M    M  1.4  7 350   M    M  10 18     10 330
14  36  23  30  -1  35   0 0.00    M    M  1.0  9  10   M    M   7 1      12 340
15  35  24  30  -1  35   0 0.02    M    M  2.0 10  90   M    M   9 1      13  90
16  39  26  33   1  32   0 0.20    M    M  4.0 15 230   M    M   8 12     17 240
17  37  27  32   0  33   0 0.53    M    M  1.0  7  50   M    M  10 12      8  60
18  48  35  42  10  23   0 0.30    M    M  9.9 24 220   M    M   5 1      32 230
19  44  28  36   4  29   0 0.00    M    M  3.5 14 220   M    M   5 12     17 200
20  32  26  29  -3  36   0 0.00    M    M  1.0  5 350   M    M  10 12      8  50
21  37  26  32   0  33   0 0.00    M    M  2.5  9  80   M    M   5        12  80
22  35  25  30  -2  35   0 0.13    M    M  0.4  6  60   M    M   9 18      6  50
23  43  33  38   6  27   0    T    M    M  0.6 14 230   M    M  10 1      17 230
24  43  37  40   8  25   0    T    M    M  1.2  7 340   M    M  10 128    10 340
25  57  38  48  16  17   0 0.00    M    M  0.9  6 200   M    M   7 12      9  20
26  52  33  43  11  22   0 0.00    M    M  0.9  8 110   M    M   6 18     10  60
27  40  31  36   3  29   0 0.00    M    M  3.5 13 250   M    M   7 1      17 240
28  41  30  36   3  29   0 0.00    M    M  1.5  7  10   M    M   9 128     9  10
================================================================================
SM 1060  776       893   0  1.87    M     47.7          M      225
================================================================================
AV 37.9 27.7                               1.7 FASTST   M    M   8    MAX(MPH)
                                 MISC ---->  # 24 220               # 32  230
================================================================================
NOTES:
# LAST OF SEVERAL OCCURRENCES

COLUMN 17 PEAK WIND IN M.P.H.

PRELIMINARY LOCAL CLIMATOLOGICAL DATA (WS FORM: F-6) , PAGE 2

                                          STATION:  SPOKANE WA FELTS AIRPORT
                                          MONTH:    JANUARY
                                          YEAR:     2015
                                          LATITUDE:   47 40 N
                                          LONGITUDE: 117 20 W

[TEMPERATURE DATA]      [PRECIPITATION DATA]       SYMBOLS USED IN COLUMN 16

AVERAGE MONTHLY: 32.8   TOTAL FOR MONTH:   1.87    1 = FOG OR MIST
DPTR FM NORMAL:   1.6   DPTR FM NORMAL:    0.08    2 = FOG REDUCING VISIBILITY
HIGHEST:    57 ON 25    GRTST 24HR  0.83 ON 17-18      TO 1/4 MILE OR LESS
LOWEST:      9 ON  1                               3 = THUNDER
                        SNOW, ICE PELLETS, HAIL    4 = ICE PELLETS
                        TOTAL MONTH:    M          5 = HAIL
                        GRTST 24HR    M  ON   M    6 = FREEZING RAIN OR DRIZZLE
                        GRTST DEPTH:  M  ON   M    7 = DUSTSTORM OR SANDSTORM:
                                                       VSBY 1/2 MILE OR LESS
                                                   8 = SMOKE OR HAZE
[NO. OF DAYS WITH]      [WEATHER - DAYS WITH]      9 = BLOWING SNOW
                                                   X = TORNADO
MAX 32 OR BELOW:   4    0.01 INCH OR MORE:  10
MAX 90 OR ABOVE:   0    0.10 INCH OR MORE:   6
MIN 32 OR BELOW:  21    0.50 INCH OR MORE:   1
MIN  0 OR BELOW:   0    1.00 INCH OR MORE:   0

[HDD (BASE 65) ]
TOTAL THIS MO.   893    CLEAR  (SCALE 0-3)   1
DPTR FM NORMAL   -54    PTCLDY (SCALE 4-7)  11
TOTAL FM JUL 1  3078    CLOUDY (SCALE 8-10) 16
DPTR FM NORMAL  -538

[CDD (BASE 65) ]
TOTAL THIS MO.     0
DPTR FM NORMAL     0    [PRESSURE DATA]
TOTAL FM JAN 1     0    HIGHEST SLP M ON M
DPTR FM NORMAL     0    LOWEST  SLP  0.00 ON M

[REMARKS]




U.S. Dept. of Commerce
NOAA National Weather Service
1325 East West Highway
Silver Spring, MD 20910
E-mail: w-nws.webmaster@noaa.gov
Page last modified: May 16, 2007
NATIONAL WEATHER SERVICE: for Safety, for Work, for Fun - FOR LIFE