453
CXUS56 KOTX 011500
CF6SFF
PRELIMINARY LOCAL CLIMATOLOGICAL DATA (WS FORM: F-6)

                                          STATION:   SPOKANE WA FELTS AIRPORT
                                          MONTH:     JULY
                                          YEAR:      2014
                                          LATITUDE:   47 40 N
                                          LONGITUDE: 117 20 W

  TEMPERATURE IN F:       :PCPN:    SNOW:  WIND      :SUNSHINE: SKY     :PK WND
================================================================================
1   2   3   4   5  6A  6B    7    8   9   10  11  12  13   14  15   16   17  18
                                     12Z  AVG MX 2MIN
DY MAX MIN AVG DEP HDD CDD  WTR  SNW DPTH SPD SPD DIR MIN PSBL S-S WX    SPD DR
================================================================================

 1  90  52  71   5   0   6 0.00    M    M  3.5 15  90   M    M   0        20  60
 2  92  56  74   7   0   9 0.00    M    M  1.6  9 340   M    M   0        11 290
 3  88  65  77  10   0  12 0.00    M    M  7.3 17 220   M    M   0        22 200
 4  83  63  73   6   0   8 0.00    M    M  5.5 16 180   M    M   0        19 190
 5  87  60  74   6   0   9 0.00    M    M  6.2 17 220   M    M   1        25 220
 6  92  63  78  10   0  13 0.00    M    M  5.4 18 220   M    M   1        23  10
 7  92  61  77   9   0  12 0.00    M    M  4.0 14 340   M    M   0 8      18 360
 8  95  58  77   9   0  12 0.00    M    M  3.5 10 200   M    M   0 8      15 210
 9  95  61  78   9   0  13 0.00    M    M  5.7 18 220   M    M   0 8      26 200
10  93  60  77   8   0  12 0.00    M    M  5.4 14 190   M    M   0 8      17 210
11  94  57  76   7   0  11 0.00    M    M  2.4 12 240   M    M   0 8      16 290
12  98  57  78   9   0  13 0.00    M    M  2.0 10  70   M    M   0 8      13  80
13  99  61  80  10   0  15 0.00    M    M  2.3  9 350   M    M   0        13  10
14  97  65  81  11   0  16 0.37    M    M  4.5 26 210   M    M   2 138    34 210
15  94  62  78   8   0  13 0.00    M    M  1.9  9 280   M    M   0        14 290
16 101  64  83  13   0  18 0.00    M    M  3.2 13 240   M    M   0 8      17 240
17  92  68  80  10   0  15 0.00    M    M  7.0 21 230   M    M   3 8      26 230
18  86  65  76   5   0  11 0.00    M    M  5.3 15 200   M    M   9 8      20 190
19  91  66  79   8   0  14 0.00    M    M 11.8 28 230   M    M   4 8      47 230
20  84  63  74   3   0   9 0.00    M    M  7.7 21 220   M    M   4 8      26 200
21  81  58  70  -1   0   5 0.00    M    M  5.6 15 220   M    M   0 8      21 200
22  81  60  71   0   0   6 0.07    M    M  5.0 14 100   M    M   5 18     17  90
23  90  58  74   3   0   9    T    M    M  8.5 39 230   M    M   3 38     53 230
24  70  52  61 -10   4   0 0.00    M    M 12.0 25 230   M    M   6        33 220
25  80  51  66  -6   0   1 0.00    M    M  5.3 14 240   M    M   0        17 260
26  88  49  69  -3   0   4 0.00    M    M  3.1 13  70   M    M   0 8      15  70
27  95  54  75   3   0  10 0.00    M    M  2.2 10 130   M    M   0        13 120
28 100  64  82  10   0  17 0.00    M    M  2.8 10 140   M    M   0        14 130
29 102  60  81   9   0  16 0.00    M    M  3.5 12  80   M    M   0 8      15 290
30 101  64  83  11   0  18 0.00    M    M  4.7 13 240   M    M   0        16 220
31 101  62  82  10   0  17 0.00    M    M  5.0 21 230   M    M   0        25 220
================================================================================
SM 2832 1859         4 344  0.44    M    153.9          M       38
================================================================================
AV 91.4 60.0                               5.0 FASTST   M    M   1    MAX(MPH)
                                 MISC ---->  # 39 230               # 53  230
================================================================================
NOTES:
# LAST OF SEVERAL OCCURRENCES

COLUMN 17 PEAK WIND IN M.P.H.

PRELIMINARY LOCAL CLIMATOLOGICAL DATA (WS FORM: F-6) , PAGE 2

                                          STATION:  SPOKANE WA FELTS AIRPORT
                                          MONTH:    JULY
                                          YEAR:     2014
                                          LATITUDE:   47 40 N
                                          LONGITUDE: 117 20 W

[TEMPERATURE DATA]      [PRECIPITATION DATA]       SYMBOLS USED IN COLUMN 16

AVERAGE MONTHLY: 75.7   TOTAL FOR MONTH:   0.44    1 = FOG OR MIST
DPTR FM NORMAL:   5.9   DPTR FM NORMAL:   -0.38    2 = FOG REDUCING VISIBILITY
HIGHEST:   102 ON 29    GRTST 24HR  0.37 ON 13-14      TO 1/4 MILE OR LESS
LOWEST:     49 ON 26                               3 = THUNDER
                        SNOW, ICE PELLETS, HAIL    4 = ICE PELLETS
                        TOTAL MONTH:    M          5 = HAIL
                        GRTST 24HR    M  ON   M    6 = FREEZING RAIN OR DRIZZLE
                        GRTST DEPTH:  M  ON   M    7 = DUSTSTORM OR SANDSTORM:
                                                       VSBY 1/2 MILE OR LESS
                                                   8 = SMOKE OR HAZE
[NO. OF DAYS WITH]      [WEATHER - DAYS WITH]      9 = BLOWING SNOW
                                                   X = TORNADO
MAX 32 OR BELOW:   0    0.01 INCH OR MORE:   2
MAX 90 OR ABOVE:  21    0.10 INCH OR MORE:   1
MIN 32 OR BELOW:   0    0.50 INCH OR MORE:   0
MIN  0 OR BELOW:   0    1.00 INCH OR MORE:   0

[HDD (BASE 65) ]
TOTAL THIS MO.     4    CLEAR  (SCALE 0-3)  26
DPTR FM NORMAL   -17    PTCLDY (SCALE 4-7)   4
TOTAL FM JUL 1     4    CLOUDY (SCALE 8-10)  1
DPTR FM NORMAL   -17

[CDD (BASE 65) ]
TOTAL THIS MO.   344
DPTR FM NORMAL   173    [PRESSURE DATA]
TOTAL FM JAN 1   364    HIGHEST SLP 30.14 ON 27
DPTR FM NORMAL   146    LOWEST  SLP 29.67 ON 17

[REMARKS]
#FINAL-07-14#




U.S. Dept. of Commerce
NOAA National Weather Service
1325 East West Highway
Silver Spring, MD 20910
E-mail: w-nws.webmaster@noaa.gov
Page last modified: May 16, 2007
NATIONAL WEATHER SERVICE: for Safety, for Work, for Fun - FOR LIFE