781
CXUS56 KOTX 011500
CF6SFF
PRELIMINARY LOCAL CLIMATOLOGICAL DATA (WS FORM: F-6)

                                          STATION:   SPOKANE WA FELTS AIRPORT
                                          MONTH:     NOVEMBER
                                          YEAR:      2014
                                          LATITUDE:   47 40 N
                                          LONGITUDE: 117 20 W

  TEMPERATURE IN F:       :PCPN:    SNOW:  WIND      :SUNSHINE: SKY     :PK WND
================================================================================
1   2   3   4   5  6A  6B    7    8   9   10  11  12  13   14  15   16   17  18
                                     12Z  AVG MX 2MIN
DY MAX MIN AVG DEP HDD CDD  WTR  SNW DPTH SPD SPD DIR MIN PSBL S-S WX    SPD DR
================================================================================

 1  50  44  47   5  18   0 0.07    M    M  4.1  9 280   M    M  10 1      13 290
 2  53  35  44   2  21   0 0.00    M    M  5.7 16 230   M    M   1        20 220
 3  53  40  47   6  18   0 0.07    M    M  3.8 13 210   M    M   9 1      17 190
 4  55  47  51  10  14   0 0.28    M    M  9.2 23 220   M    M   8 1      28 220
 5  58  47  53  12  12   0    T    M    M  2.4 12 210   M    M   7        16 210
 6  61  49  55  15  10   0 0.08    M    M  6.3 20 230   M    M   8 1      27 230
 7  55  34  45   5  20   0 0.00    M    M  4.7 13 240   M    M   2 1      15 230
 8  51  34  43   3  22   0 0.00    M    M  1.1  7  60   M    M   4 128     7  50
 9  49  40  45   6  20   0 0.37    M    M  3.0 14 200   M    M   7 13     20 200
10  44  29  37  -2  28   0 0.01    M    M  5.8 20  50   M    M   5        30  50
11  30  21  26 -13  39   0 0.00    M    M 15.9 26  70   M    M   2        37  80
12  32  18  25 -13  40   0 0.00    M    M  9.2 18  60   M    M   0        25  60
13  35  14  25 -13  40   0 0.00    M    M  3.2 17  90   M    M   0        20  90
14  36  13  25 -13  40   0 0.00    M    M  2.7 15  80   M    M   0        18  90
15  34  11  23 -14  42   0 0.00    M    M  1.5  7 250   M    M   0 18     11 200
16  34  15  25 -12  40   0 0.00    M    M  1.0  8 290   M    M   0 18     13 290
17  35  14  25 -12  40   0 0.00    M    M  0.4  7 250   M    M   0 18      9 260
18  33  17  25 -11  40   0 0.00    M    M  0.4  6 220   M    M   2 18      7  50
19  39  21  30  -6  35   0 0.00    M    M  0.8  9 120   M    M   2 8      11 130
20  34  27  31  -5  34   0 0.04    M    M  0.3  7 230   M    M   9 18      8 220
21  45  32  39   4  26   0 0.22    M    M  3.1 20 210   M    M  10 18     32 200
22  46  28  37   2  28   0 0.00    M    M  7.0 17 230   M    M   4 1      25 220
23  44  27  36   1  29   0 0.01    M    M  5.3 22 220   M    M   5 1      33 220
24  43  25  34   0  31   0 0.02    M    M  4.6 16 220   M    M   6 1      22 180
25  44  35  40   6  25   0 0.19    M    M  2.2  9 230   M    M  10 1      13 230
26  44  35  40   6  25   0 0.01    M    M  1.9  8 240   M    M   9 1       9 240
27  59  42  51  18  14   0 0.00    M    M 11.7 26 230   M    M   7        36 220
28  55  47  51  18  14   0 0.13    M    M 21.1 36 230   M    M   6 1      49 220
29  47  16  32  -1  33   0    T    M    M  5.9 18 250   M    M   6 8      24 240
30  27  13  20 -12  45   0 0.00    M    M  1.1  7 340   M    M   0         9 290
================================================================================
SM 1325  870       843   0  1.50    M    145.4          M      139
================================================================================
AV 44.2 29.0                               4.8 FASTST   M    M   5    MAX(MPH)
                                 MISC ---->  # 36 230               # 49  220
================================================================================
NOTES:
# LAST OF SEVERAL OCCURRENCES

COLUMN 17 PEAK WIND IN M.P.H.

PRELIMINARY LOCAL CLIMATOLOGICAL DATA (WS FORM: F-6) , PAGE 2

                                          STATION:  SPOKANE WA FELTS AIRPORT
                                          MONTH:    NOVEMBER
                                          YEAR:     2014
                                          LATITUDE:   47 40 N
                                          LONGITUDE: 117 20 W

[TEMPERATURE DATA]      [PRECIPITATION DATA]       SYMBOLS USED IN COLUMN 16

AVERAGE MONTHLY: 36.6   TOTAL FOR MONTH:   1.50    1 = FOG OR MIST
DPTR FM NORMAL:  -0.5   DPTR FM NORMAL:   -0.77    2 = FOG REDUCING VISIBILITY
HIGHEST:    61 ON  6    GRTST 24HR  0.38 ON  9-10      TO 1/4 MILE OR LESS
LOWEST:     11 ON 15                               3 = THUNDER
                        SNOW, ICE PELLETS, HAIL    4 = ICE PELLETS
                        TOTAL MONTH:    M          5 = HAIL
                        GRTST 24HR    M  ON   M    6 = FREEZING RAIN OR DRIZZLE
                        GRTST DEPTH:  M  ON   M    7 = DUSTSTORM OR SANDSTORM:
                                                       VSBY 1/2 MILE OR LESS
                                                   8 = SMOKE OR HAZE
[NO. OF DAYS WITH]      [WEATHER - DAYS WITH]      9 = BLOWING SNOW
                                                   X = TORNADO
MAX 32 OR BELOW:   3    0.01 INCH OR MORE:  13
MAX 90 OR ABOVE:   0    0.10 INCH OR MORE:   5
MIN 32 OR BELOW:  17    0.50 INCH OR MORE:   0
MIN  0 OR BELOW:   0    1.00 INCH OR MORE:   0

[HDD (BASE 65) ]
TOTAL THIS MO.   843    CLEAR  (SCALE 0-3)  12
DPTR FM NORMAL     6    PTCLDY (SCALE 4-7)  11
TOTAL FM JUL 1  1255    CLOUDY (SCALE 8-10)  7
DPTR FM NORMAL  -319

[CDD (BASE 65) ]
TOTAL THIS MO.     0
DPTR FM NORMAL     0    [PRESSURE DATA]
TOTAL FM JAN 1   639    HIGHEST SLP 30.74 ON 16
DPTR FM NORMAL   233    LOWEST  SLP 29.23 ON 28

[REMARKS]
#FINAL-11-14#




U.S. Dept. of Commerce
NOAA National Weather Service
1325 East West Highway
Silver Spring, MD 20910
E-mail: w-nws.webmaster@noaa.gov
Page last modified: May 16, 2007
NATIONAL WEATHER SERVICE: for Safety, for Work, for Fun - FOR LIFE