932
CXUS52 KMLB 011118
CF6SFB
PRELIMINARY LOCAL CLIMATOLOGICAL DATA (WS FORM: F-6)

                                          STATION:   SANFORD
                                          MONTH:     SEPTEMBER
                                          YEAR:      2014
                                          LATITUDE:   28 46 N
                                          LONGITUDE:  81 15 W

  TEMPERATURE IN F:       :PCPN:    SNOW:  WIND      :SUNSHINE: SKY     :PK WND
================================================================================
1   2   3   4   5  6A  6B    7    8   9   10  11  12  13   14  15   16   17  18
                                     12Z  AVG MX 2MIN
DY MAX MIN AVG DEP HDD CDD  WTR  SNW DPTH SPD SPD DIR MIN PSBL S-S WX    SPD DR
================================================================================

 1  93  76  85   3   0  20 0.00  0.0    0  3.9 14 100   M    M   1        17 110
 2  93  76  85   3   0  20 0.00  0.0    0  4.7 16 100   M    M   1        20 100
 3  93  75  84   2   0  19 0.00  0.0    0  5.9 18 340   M    M   1        25 270
 4  89  75  82   0   0  17 0.18  0.0    0  3.3 17 190   M    M   3 13     22 180
 5  92  74  83   1   0  18 0.39  0.0    0  3.9 26 300   M    M   2 138    32 310
 6  87  73  80  -2   0  15 0.90  0.0    0  4.5 23 120   M    M   5 13     30 120
 7  90  73  82   0   0  17 0.57  0.0    0  3.4 22 260   M    M   4 138    27 270
 8  92  73  83   1   0  18 0.37  0.0    0  4.6 21  70   M    M   2 138    25  80
 9  92  73  83   1   0  18 1.69  0.0    0  4.6 20 180   M    M   2 13     29 160
10  90  74  82   0   0  17 0.21  0.0    0  4.8 18 100   M    M   2 1      22  90
11  92  74  83   1   0  18    T  0.0    0  5.1 17 110   M    M   1        20  40
12  90  76  83   2   0  18 0.07  0.0    0  8.1 18  80   M    M   2 1      24  80
13  93  76  85   4   0  20 0.00  0.0    0  7.5 17 120   M    M   0        22 120
14  92  75  84   3   0  19 0.00  0.0    0  6.9 17 120   M    M   2        20 170
15  92  73  83   2   0  18    T  0.0    0  3.9 17 330   M    M   5 8      23 340
16  91  76  84   3   0  19 0.01  0.0    0  6.8 20 300   M    M   2        24 310
17  85  76  81   0   0  16 0.00  0.0    0  6.0 13 260   M    M   4        19 260
18  92  72  82   1   0  17 0.00  0.0    0  4.4 16  80   M    M   2        19  80
19  86  71  79  -2   0  14 0.14  0.0    0  5.7 20  90   M    M   3 1      23  80
20  85  70  78  -3   0  13 0.13  0.0    0  6.4 17 360   M    M   7 18     21  10
21  90  70  80   0   0  15 0.00  0.0    0  5.4 15  90   M    M   3 12     18 100
22  87  72  80   0   0  15 0.77  0.0    0  5.1 18 160   M    M   5 138    23 170
23  88  71  80   0   0  15 1.16  0.0    0  5.0 21 130   M    M   7 13     28 100
24  82  71  77  -3   0  12 0.04  0.0    0  9.1 16  20   M    M   6 8      19  20
25  87  69  78  -2   0  13 0.00  0.0    0  9.6 16  50   M    M   6 1      21  40
26  87  73  80   0   0  15 0.70  0.0    0  4.6 17  90   M    M   4 13     23  90
27  89  73  81   1   0  16 1.11  0.0    0  6.6 21  50   M    M   4 138    25 110
28  88  75  82   2   0  17 0.05  0.0    0  6.2 20 140   M    M   3 18     23 140
29  89  74  82   3   0  17 0.85  0.0    0  4.4 15  20   M    M   5 13     19  10
30  87  73  80   1   0  15 0.70  0.0    0  4.6 16 250   M    M   5 13     18 240
================================================================================
SM 2683 2202         0 501 10.04     0.0 165.0          M       99
================================================================================
AV 89.4 73.4                               5.5 FASTST   M    M   3    MAX(MPH)
                                 MISC ---->  # 26 300               # 32  310
================================================================================
NOTES:
# LAST OF SEVERAL OCCURRENCES

COLUMN 17 PEAK WIND IN M.P.H.

PRELIMINARY LOCAL CLIMATOLOGICAL DATA (WS FORM: F-6) , PAGE 2

                                          STATION:  SANFORD
                                          MONTH:    SEPTEMBER
                                          YEAR:     2014
                                          LATITUDE:   28 46 N
                                          LONGITUDE:  81 15 W

[TEMPERATURE DATA]      [PRECIPITATION DATA]       SYMBOLS USED IN COLUMN 16

AVERAGE MONTHLY: 81.4   TOTAL FOR MONTH:  10.04    1 = FOG OR MIST
DPTR FM NORMAL:   0.5   DPTR FM NORMAL:    3.86    2 = FOG REDUCING VISIBILITY
HIGHEST:    93 ON 13, 3 GRTST 24HR  1.90 ON  9-10      TO 1/4 MILE OR LESS
LOWEST:     69 ON 25                               3 = THUNDER
                        SNOW, ICE PELLETS, HAIL    4 = ICE PELLETS
                        TOTAL MONTH:   0.0 INCH    5 = HAIL
                        GRTST 24HR     0.0         6 = FREEZING RAIN OR DRIZZLE
                        GRTST DEPTH:   0           7 = DUSTSTORM OR SANDSTORM:
                                                       VSBY 1/2 MILE OR LESS
                                                   8 = SMOKE OR HAZE
[NO. OF DAYS WITH]      [WEATHER - DAYS WITH]      9 = BLOWING SNOW
                                                   X = TORNADO
MAX 32 OR BELOW:   0    0.01 INCH OR MORE:  19
MAX 90 OR ABOVE:  16    0.10 INCH OR MORE:  15
MIN 32 OR BELOW:   0    0.50 INCH OR MORE:   9
MIN  0 OR BELOW:   0    1.00 INCH OR MORE:   3

[HDD (BASE 65) ]
TOTAL THIS MO.     0    CLEAR  (SCALE 0-3)  17
DPTR FM NORMAL     0    PTCLDY (SCALE 4-7)  13
TOTAL FM JUL 1     0    CLOUDY (SCALE 8-10)  0
DPTR FM NORMAL     0

[CDD (BASE 65) ]
TOTAL THIS MO.   501
DPTR FM NORMAL    23    [PRESSURE DATA]
TOTAL FM JAN 1  3017    HIGHEST SLP 30.17 ON 15
DPTR FM NORMAL   123    LOWEST  SLP 29.80 ON 30

[REMARKS]
#FINAL-09-14#




U.S. Dept. of Commerce
NOAA National Weather Service
1325 East West Highway
Silver Spring, MD 20910
E-mail: w-nws.webmaster@noaa.gov
Page last modified: May 16, 2007
NATIONAL WEATHER SERVICE: for Safety, for Work, for Fun - FOR LIFE