371
CXUS53 KLSX 011600
CF6SET
PRELIMINARY LOCAL CLIMATOLOGICAL DATA (WS FORM: F-6)

                                          STATION:   ST_CHARLES MO
                                          MONTH:     AUGUST
                                          YEAR:      2014
                                          LATITUDE:   38 55 N
                                          LONGITUDE:  90 26 W

  TEMPERATURE IN F:       :PCPN:    SNOW:  WIND      :SUNSHINE: SKY     :PK WND
================================================================================
1   2   3   4   5  6A  6B    7    8   9   10  11  12  13   14  15   16   17  18
                                     12Z  AVG MX 2MIN
DY MAX MIN AVG DEP HDD CDD  WTR  SNW DPTH SPD SPD DIR MIN PSBL S-S WX    SPD DR
================================================================================

 1  83  61  72  -6   0   7 0.00  0.0    0  2.7 13 280   M    M   3 13     17 270
 2  85  57  71  -7   0   6 0.00  0.0    0  2.9  9  70   M    M   1 12     12  30
 3  86  58  72  -6   0   7 0.00  0.0    0  1.6  8  80   M    M   2 12     15  60
 4  90  63  77  -1   0  12 0.00  0.0    0  3.5 10 110   M    M   2 18     13 200
 5  87  69  78   0   0  13 0.34  0.0    0  4.1 10 360   M    M   4 138    13 210
 6  86  66  76  -2   0  11 0.16  0.0    0  5.7 17 170   M    M   3 138    22 170
 7  74  70  72  -6   0   7 3.57  0.0    0 10.7 20 130   M    M  10 13     24 110
 8  79  71  75  -3   0  10 0.42  0.0    0  6.2 12  60   M    M  10 18     15 130
 9  78  69  74  -4   0   9 0.00  0.0    0  4.3  9  40   M    M   9 18     14  30
10  80  70  75  -3   0  10 0.00  0.0    0  3.0  8 350   M    M   6 18     11 350
11  85  67  76  -2   0  11 0.00  0.0    0  7.2 15 300   M    M   3 1       M  M
12  80  59  70  -7   0   5 0.00  0.0    0  7.9 18 350   M    M   1        23 350
13  81  55  68  -9   0   3 0.00  0.0    0  3.4 15 350   M    M   0        18 360
14  84  55  70  -7   0   5 0.00  0.0    0  1.9  9 350   M    M   2 1      13 340
15  83  62  73  -4   0   8 0.08  0.0    0  5.0 13  90   M    M   2 12     15  90
16  76  70  73  -4   0   8 1.33  0.0    0  5.8 17 180   M    M   8 13     23 170
17  79  71  75  -2   0  10 0.08  0.0    0  5.0 14 360   M    M   9 18     17 360
18  86  68  77   0   0  12 0.00  0.0    0  1.2  8  40   M    M   6 128    11 160
19  87  66  77   1   0  12 0.22  0.0    0  3.8 22 270   M    M   1 1238   27 260
20  86  68  77   1   0  12 0.01  0.0    0  4.7 23 250   M    M   2 13     32 270
21  94  67  81   5   0  16 0.00  0.0    0  5.0 14 200   M    M   1 12     19 220
22  93  71  82   6   0  17 0.00  0.0    0  3.9 13 190   M    M   0 1      15 200
23  96  75  86  10   0  21 0.00  0.0    0  3.8 12 290   M    M   0 12     14 280
24  95  72  84   8   0  19 0.00  0.0    0  5.4 10 100   M    M   0 18     14 110
25  97  75  86  11   0  21 0.00  0.0    0  4.2  9 160   M    M   0 18     11 170
26  95  73  84   9   0  19 0.02  0.0    0  3.7 26  70   M    M   1 13     35  70
27  92  71  82   7   0  17 0.23  0.0    0  4.5 16 280   M    M   1 13     22 280
28  91  70  81   6   0  16 1.00  0.0    0  6.3 32 230   M    M   1 1238   44 230
29  90  72  81   7   0  16 0.03  0.0    0  5.5 22 270   M    M   1 18     27 270
30  86  70  78   4   0  13 0.00  0.0    0  6.3 16 210   M    M   2         M  M
31  91  69  80   6   0  15 0.00  0.0    0  4.7 14 140   M    M   3 1      17 150
================================================================================
SM 2675 2080         0 368  7.49     0.0 143.9          M       94
================================================================================
AV 86.3 67.1                               4.6 FASTST   M    M   3    MAX(MPH)
                                 MISC ---->  # 32 230               # 44  230
================================================================================
NOTES:
# LAST OF SEVERAL OCCURRENCES

COLUMN 17 PEAK WIND IN M.P.H.

PRELIMINARY LOCAL CLIMATOLOGICAL DATA (WS FORM: F-6) , PAGE 2

                                          STATION:  ST_CHARLES MO
                                          MONTH:    AUGUST
                                          YEAR:     2014
                                          LATITUDE:   38 55 N
                                          LONGITUDE:  90 26 W

[TEMPERATURE DATA]      [PRECIPITATION DATA]       SYMBOLS USED IN COLUMN 16

AVERAGE MONTHLY: 76.7   TOTAL FOR MONTH:   7.49    1 = FOG OR MIST
DPTR FM NORMAL:   0.1   DPTR FM NORMAL:    4.34    2 = FOG REDUCING VISIBILITY
HIGHEST:    97 ON 25    GRTST 24HR  3.73 ON  6- 7      TO 1/4 MILE OR LESS
LOWEST:     55 ON 14,13                            3 = THUNDER
                        SNOW, ICE PELLETS, HAIL    4 = ICE PELLETS
                        TOTAL MONTH:   0.0 INCH    5 = HAIL
                        GRTST 24HR     0.0         6 = FREEZING RAIN OR DRIZZLE
                        GRTST DEPTH:   0           7 = DUSTSTORM OR SANDSTORM:
                                                       VSBY 1/2 MILE OR LESS
                                                   8 = SMOKE OR HAZE
[NO. OF DAYS WITH]      [WEATHER - DAYS WITH]      9 = BLOWING SNOW
                                                   X = TORNADO
MAX 32 OR BELOW:   0    0.01 INCH OR MORE:  13
MAX 90 OR ABOVE:  11    0.10 INCH OR MORE:   8
MIN 32 OR BELOW:   0    0.50 INCH OR MORE:   3
MIN  0 OR BELOW:   0    1.00 INCH OR MORE:   3

[HDD (BASE 65) ]
TOTAL THIS MO.     0    CLEAR  (SCALE 0-3)  21
DPTR FM NORMAL    -2    PTCLDY (SCALE 4-7)   6
TOTAL FM JUL 1     0    CLOUDY (SCALE 8-10)  4
DPTR FM NORMAL    -2

[CDD (BASE 65) ]
TOTAL THIS MO.   368
DPTR FM NORMAL     7    [PRESSURE DATA]
TOTAL FM JAN 1  1111    HIGHEST SLP 30.17 ON  3
DPTR FM NORMAL   -67    LOWEST  SLP 29.74 ON 19

[REMARKS]
#FINAL-08-14#




U.S. Dept. of Commerce
NOAA National Weather Service
1325 East West Highway
Silver Spring, MD 20910
E-mail: w-nws.webmaster@noaa.gov
Page last modified: May 16, 2007
NATIONAL WEATHER SERVICE: for Safety, for Work, for Fun - FOR LIFE