394
CXUS53 KLSX 211147
CF6SET
PRELIMINARY LOCAL CLIMATOLOGICAL DATA (WS FORM: F-6)

                                          STATION:   ST_CHARLES MO
                                          MONTH:     NOVEMBER
                                          YEAR:      2014
                                          LATITUDE:   38 55 N
                                          LONGITUDE:  90 26 W

  TEMPERATURE IN F:       :PCPN:    SNOW:  WIND      :SUNSHINE: SKY     :PK WND
================================================================================
1   2   3   4   5  6A  6B    7    8   9   10  11  12  13   14  15   16   17  18
                                     12Z  AVG MX 2MIN
DY MAX MIN AVG DEP HDD CDD  WTR  SNW DPTH SPD SPD DIR MIN PSBL S-S WX    SPD DR
================================================================================

 1  49  30  40 -11  25   0 0.00  0.0    0  6.1 15  10   M    M   0 18     19 360
 2  51  27  39 -12  26   0 0.00  0.0    0  9.5 20 160   M    M   5 1      23 160
 3  71  43  57   7   8   0    T  0.0    0 11.7 22 190   M    M   2        28 180
 4  60  43  52   2  13   0 0.50  0.0    0  6.3 17 210   M    M   7 1      22 200
 5  61  39  50   0  15   0 0.00  0.0    0  4.0 13 160   M    M   0 1      15 190
 6  51  32  42  -7  23   0 0.00  0.0    0 13.9 35 320   M    M   4        46 310
 7  54  27  41  -8  24   0 0.00  0.0    0  5.5 14 150   M    M   0 1      18 140
 8  52  31  42  -6  23   0 0.00  0.0    0  9.0 24 340   M    M   3        29 340
 9  62  27  45  -3  20   0 0.00  0.0    0  6.4 15 210   M    M   0        20 210
10  72  39  56   8   9   0 0.00  0.0    0 12.9 24 190   M    M   1        32 190
11  60  32  46  -1  19   0    T  0.0    0 15.0 23 320   M    M  10 18     30 300
12  34  26  30 -17  35   0 0.00  0.0    0 12.5 18 310   M    M   7        24 320
13  30  22  26 -20  39   0    T    M    0 11.5 20 290   M    M   7 18     24 310
14  34  17  26 -20  39   0 0.00  0.0    0  4.9 12 270   M    M   0        15 270
15  38  18  28 -18  37   0    T    M    0  4.8 13 150   M    M   4 18     20 160
16  33  23  28 -17  37   0    M    M    M  5.3 18 340   M    M   9 1      22 340
17  26  18  22 -23  43   0    T    T    M 15.2 28 280   M    M   4 8      35 280
18  27  13  20 -24  45   0 0.00  0.0    M 11.3 23 270   M    M   2        30 270
19  40  15  28 -16  37   0 0.00  0.0    M 10.7 26 280   M    M   4        34 280
20  38  16  27 -16  38   0 0.00  0.0    0  4.3 14 300   M    M   3        18 270
================================================================================
SM  943  538       555   0  0.50    T    180.8          M       72
================================================================================
AV 47.2 26.9                               9.0 FASTST   M    M   4    MAX(MPH)
                                 MISC ---->  # 35 320               # 46  310
================================================================================
NOTES:
# LAST OF SEVERAL OCCURRENCES

COLUMN 17 PEAK WIND IN M.P.H.

PRELIMINARY LOCAL CLIMATOLOGICAL DATA (WS FORM: F-6) , PAGE 2

                                          STATION:  ST_CHARLES MO
                                          MONTH:    NOVEMBER
                                          YEAR:     2014
                                          LATITUDE:   38 55 N
                                          LONGITUDE:  90 26 W

[TEMPERATURE DATA]      [PRECIPITATION DATA]       SYMBOLS USED IN COLUMN 16

AVERAGE MONTHLY: 37.0   TOTAL FOR MONTH:   0.50    1 = FOG OR MIST
DPTR FM NORMAL: -10.3   DPTR FM NORMAL:   -2.28    2 = FOG REDUCING VISIBILITY
HIGHEST:    72 ON 10    GRTST 24HR  0.50 ON  4- 4      TO 1/4 MILE OR LESS
LOWEST:     13 ON 18                               3 = THUNDER
                        SNOW, ICE PELLETS, HAIL    4 = ICE PELLETS
                        TOTAL MONTH:    T          5 = HAIL
                        GRTST 24HR    T  ON 17-17  6 = FREEZING RAIN OR DRIZZLE
                        GRTST DEPTH:   0           7 = DUSTSTORM OR SANDSTORM:
                                                       VSBY 1/2 MILE OR LESS
                                                   8 = SMOKE OR HAZE
[NO. OF DAYS WITH]      [WEATHER - DAYS WITH]      9 = BLOWING SNOW
                                                   X = TORNADO
MAX 32 OR BELOW:   3    0.01 INCH OR MORE:   1
MAX 90 OR ABOVE:   0    0.10 INCH OR MORE:   1
MIN 32 OR BELOW:  16    0.50 INCH OR MORE:   1
MIN  0 OR BELOW:   0    1.00 INCH OR MORE:   0

[HDD (BASE 65) ]
TOTAL THIS MO.   555    CLEAR  (SCALE 0-3)  10
DPTR FM NORMAL   201    PTCLDY (SCALE 4-7)   8
TOTAL FM JUL 1   889    CLOUDY (SCALE 8-10)  2
DPTR FM NORMAL   193

[CDD (BASE 65) ]
TOTAL THIS MO.     0
DPTR FM NORMAL     0    [PRESSURE DATA]
TOTAL FM JAN 1  1259    HIGHEST SLP M ON M
DPTR FM NORMAL   -85    LOWEST  SLP 29.51 ON 10

[REMARKS]




U.S. Dept. of Commerce
NOAA National Weather Service
1325 East West Highway
Silver Spring, MD 20910
E-mail: w-nws.webmaster@noaa.gov
Page last modified: May 16, 2007
NATIONAL WEATHER SERVICE: for Safety, for Work, for Fun - FOR LIFE