013
CXUS53 KLSX 181600
CF6SET
PRELIMINARY LOCAL CLIMATOLOGICAL DATA (WS FORM: F-6)

                                          STATION:   ST_CHARLES MO
                                          MONTH:     APRIL
                                          YEAR:      2014
                                          LATITUDE:   38 55 N
                                          LONGITUDE:  90 26 W

  TEMPERATURE IN F:       :PCPN:    SNOW:  WIND      :SUNSHINE: SKY     :PK WND
================================================================================
1   2   3   4   5  6A  6B    7    8   9   10  11  12  13   14  15   16   17  18
                                     12Z  AVG MX 2MIN
DY MAX MIN AVG DEP HDD CDD  WTR  SNW DPTH SPD SPD DIR MIN PSBL S-S WX    SPD DR
================================================================================

 1  61  38  50  -1  15   0    M  0.0    0 11.5 22 280   M    M   3 3      27 290
 2  53  44  49  -2  16   0 2.03  0.0    0 10.4 29 100   M    M   9 13     33 100
 3  63  53  58   6   7   0 1.85  0.0    0 10.5 38 290   M    M   8 13     49 280
 4  58  41  50  -2  15   0    T  0.0    0 18.8 37 270   M    M   9        46 270
 5  54  35  45  -7  20   0 0.00  0.0    0  5.8 10 110   M    M   2        13 100
 6  59  36  48  -5  17   0 0.00  0.0    0  7.2 18 130   M    M   0 1      22 130
 7  53  45  49  -4  16   0 0.25  0.0    0  5.7 16  90   M    M   9 1      20 360
 8  64  46  55   2  10   0 0.04  0.0    0 11.2 26 360   M    M   4 1      31 360
 9  66  38  52  -2  13   0 0.00  0.0    0  8.3 16 230   M    M   0        22 210
10  81  46  64  10   1   0 0.00  0.0    0 11.0 22 350   M    M   1        29 280
11  72  49  61   7   4   0 0.00  0.0    0  7.1 13 180   M    M   3        18 130
12  83  50  67  12   0   2 0.00  0.0    0 15.3 28 170   M    M   1 1      33 160
13  74  58  66  11   0   1 1.29  0.0    0 14.1 36 170   M    M   5 13     44 170
14  59  34  47  -9  18   0 0.06    M    0 14.2 22 330   M    M   8 18     29 320
15  48  32  40 -16  25   0 0.00  0.0    0  9.1 21 310   M    M   1        27 290
16  58  34  46 -10  19   0 0.00  0.0    0 15.8 28 150   M    M   0        35 160
17  63  37  50  -6  15   0 0.00  0.0    0  5.5 12  10   M    M   1        14 210
================================================================================
SM 1069  716       211   3  5.52     0.0 181.5          M       64
================================================================================
AV 62.9 42.1                              10.7 FASTST   M    M   4    MAX(MPH)
                                 MISC ---->  # 38 290               # 49  280
================================================================================
NOTES:
# LAST OF SEVERAL OCCURRENCES

COLUMN 17 PEAK WIND IN M.P.H.

PRELIMINARY LOCAL CLIMATOLOGICAL DATA (WS FORM: F-6) , PAGE 2

                                          STATION:  ST_CHARLES MO
                                          MONTH:    APRIL
                                          YEAR:     2014
                                          LATITUDE:   38 55 N
                                          LONGITUDE:  90 26 W

[TEMPERATURE DATA]      [PRECIPITATION DATA]       SYMBOLS USED IN COLUMN 16

AVERAGE MONTHLY: 52.5   TOTAL FOR MONTH:   5.52    1 = FOG OR MIST
DPTR FM NORMAL:  -1.2   DPTR FM NORMAL:    3.46    2 = FOG REDUCING VISIBILITY
HIGHEST:    83 ON 12    GRTST 24HR  2.03 ON  2- 2      TO 1/4 MILE OR LESS
LOWEST:     32 ON 15                               3 = THUNDER
                        SNOW, ICE PELLETS, HAIL    4 = ICE PELLETS
                        TOTAL MONTH:   0.0 INCH    5 = HAIL
                        GRTST 24HR     0.0         6 = FREEZING RAIN OR DRIZZLE
                        GRTST DEPTH:   0           7 = DUSTSTORM OR SANDSTORM:
                                                       VSBY 1/2 MILE OR LESS
                                                   8 = SMOKE OR HAZE
[NO. OF DAYS WITH]      [WEATHER - DAYS WITH]      9 = BLOWING SNOW
                                                   X = TORNADO
MAX 32 OR BELOW:   0    0.01 INCH OR MORE:   6
MAX 90 OR ABOVE:   0    0.10 INCH OR MORE:   4
MIN 32 OR BELOW:   1    0.50 INCH OR MORE:   3
MIN  0 OR BELOW:   0    1.00 INCH OR MORE:   3

[HDD (BASE 65) ]
TOTAL THIS MO.   211    CLEAR  (SCALE 0-3)   9
DPTR FM NORMAL     9    PTCLDY (SCALE 4-7)   4
TOTAL FM JUL 1  5414    CLOUDY (SCALE 8-10)  4
DPTR FM NORMAL   745

[CDD (BASE 65) ]
TOTAL THIS MO.     3
DPTR FM NORMAL    -7    [PRESSURE DATA]
TOTAL FM JAN 1     3    HIGHEST SLP M ON M
DPTR FM NORMAL    -9    LOWEST  SLP 29.45 ON 13

[REMARKS]




U.S. Dept. of Commerce
NOAA National Weather Service
1325 East West Highway
Silver Spring, MD 20910
E-mail: w-nws.webmaster@noaa.gov
Page last modified: May 16, 2007
NATIONAL WEATHER SERVICE: for Safety, for Work, for Fun - FOR LIFE