567
CXUS54 KFWD 010730
CF6SEP
PRELIMINARY LOCAL CLIMATOLOGICAL DATA (WS FORM: F-6)

                                          STATION:   STEPHENVILLE
                                          MONTH:     JULY
                                          YEAR:      2014
                                          LATITUDE:   32 13 N
                                          LONGITUDE:  98 11 W

  TEMPERATURE IN F:       :PCPN:    SNOW:  WIND      :SUNSHINE: SKY     :PK WND
================================================================================
1   2   3   4   5  6A  6B    7    8   9   10  11  12  13   14  15   16   17  18
                                     12Z  AVG MX 2MIN
DY MAX MIN AVG DEP HDD CDD  WTR  SNW DPTH SPD SPD DIR MIN PSBL S-S WX    SPD DR
================================================================================

 1  93  71  82   1   0  17 0.00  0.0    0  8.9 17 180   M    M   0        27 180
 2  91  71  81   0   0  16 0.00  0.0    0  4.6  9  20   M    M   1        17  20
 3  84  72  78  -3   0  13 0.00  0.0    0  6.5 14 360   M    M   1        23 360
 4  91  69  80  -1   0  15 0.00  0.0    0  5.0 12 120   M    M   1        16 120
 5  92  68  80  -2   0  15 0.00  0.0    0  5.8 13 160   M    M   1        22 180
 6  92  68  80  -2   0  15 0.00  0.0    0  6.1  9 180   M    M   0         M  M
 7  97  70  84   2   0  19 0.00  0.0    0  7.2 14 160   M    M   1        18 250
 8  96  71  84   2   0  19 0.00  0.0    0  6.4 12 130   M    M   0        17 180
 9  96  71  84   2   0  19 0.00  0.0    0  6.0 13 220   M    M   1        20 140
10  95  70  83   1   0  18 0.00  0.0    0  7.0 13 160   M    M   0        20 170
11  92  69  81  -1   0  16 0.00  0.0    0  8.0 16 160   M    M   1        22 180
12  96  66  81  -1   0  16 0.00  0.0    0  5.3 13 140   M    M   0        21 150
13  97  70  84   2   0  19 0.00  0.0    0  4.1 10 210   M    M   1         M  M
14 100  71  86   4   0  21 0.14  0.0    0  3.8 12 230   M    M   2        17 240
15  90  74  82   0   0  17 0.00  0.0    0  6.7 15  50   M    M   3        21  50
16  89  67  78  -4   0  13 0.02  0.0    0  5.9 14 150   M    M   2        23 150
17  79  69  74  -8   0   9 0.88  0.0    0  5.4 12 210   M    M   7         M  M
18  75  65  70 -12   0   5 0.00  0.0    0  6.0 13 350   M    M   9         M  M
19  85  64  75  -8   0  10 0.00  0.0    0  2.9 10 110   M    M   4         M  M
20  92  67  80  -3   0  15 0.00  0.0    0  6.7 10 130   M    M   5         M  M
21  95  75  85   2   0  20 0.00  0.0    0  6.3 10 180   M    M   3         M  M
22  96  75  86   3   0  21 0.00  0.0    0  3.5 10 100   M    M   1        21 100
23  94  74  84   1   0  19 0.00  0.0    0  3.7 17  90   M    M   1        22  90
24  94  73  84   1   0  19 0.00  0.0    0  3.9 10 130   M    M   1         M  M
25  96  70  83   0   0  18 0.00  0.0    0  5.5 12 150   M    M   0         M  M
26  98  73  86   3   0  21 0.00  0.0    0  7.6 14 170   M    M   0        18 170
27 100  74  87   4   0  22 0.00  0.0    0  6.7  9 130   M    M   0         M  M
28  96  74  85   2   0  20 0.00  0.0    0  5.8 16  70   M    M   2        24  70
29  90  73  82  -1   0  17 0.00  0.0    0  6.7 15  90   M    M   3        22  90
30  96  74  85   2   0  20 0.00  0.0    0  9.6 15 170   M    M   0        21 170
31  82  68  75  -8   0  10 0.00  0.0    0  8.7 14 340   M    M   7        20 330
================================================================================
SM 2859 2186         0 514  1.04     0.0 186.3          M       58
================================================================================
AV 92.2 70.5                               6.0 FASTST   M    M   2    MAX(MPH)
                                 MISC ---->    17   M               # 27  180
================================================================================
NOTES:
# LAST OF SEVERAL OCCURRENCES

COLUMN 17 PEAK WIND IN M.P.H.

PRELIMINARY LOCAL CLIMATOLOGICAL DATA (WS FORM: F-6) , PAGE 2

                                          STATION:  STEPHENVILLE
                                          MONTH:    JULY
                                          YEAR:     2014
                                          LATITUDE:   32 13 N
                                          LONGITUDE:  98 11 W

[TEMPERATURE DATA]      [PRECIPITATION DATA]       SYMBOLS USED IN COLUMN 16

AVERAGE MONTHLY: 81.4   TOTAL FOR MONTH:   1.04    1 = FOG OR MIST
DPTR FM NORMAL:  -0.9   DPTR FM NORMAL:   -0.52    2 = FOG REDUCING VISIBILITY
HIGHEST:   100 ON 27,14 GRTST 24HR  0.88 ON 17-17      TO 1/4 MILE OR LESS
LOWEST:     64 ON 19                               3 = THUNDER
                        SNOW, ICE PELLETS, HAIL    4 = ICE PELLETS
                        TOTAL MONTH:   0.0 INCH    5 = HAIL
                        GRTST 24HR     0.0         6 = FREEZING RAIN OR DRIZZLE
                        GRTST DEPTH:   0           7 = DUSTSTORM OR SANDSTORM:
                                                       VSBY 1/2 MILE OR LESS
                                                   8 = SMOKE OR HAZE
[NO. OF DAYS WITH]      [WEATHER - DAYS WITH]      9 = BLOWING SNOW
                                                   X = TORNADO
MAX 32 OR BELOW:   0    0.01 INCH OR MORE:   3
MAX 90 OR ABOVE:  25    0.10 INCH OR MORE:   2
MIN 32 OR BELOW:   0    0.50 INCH OR MORE:   1
MIN  0 OR BELOW:   0    1.00 INCH OR MORE:   0

[HDD (BASE 65) ]
TOTAL THIS MO.     0    CLEAR  (SCALE 0-3)  25
DPTR FM NORMAL     0    PTCLDY (SCALE 4-7)   5
TOTAL FM JUL 1     0    CLOUDY (SCALE 8-10)  1
DPTR FM NORMAL     0

[CDD (BASE 65) ]
TOTAL THIS MO.   514
DPTR FM NORMAL   -22    [PRESSURE DATA]
TOTAL FM JAN 1  1327    HIGHEST SLP M ON M
DPTR FM NORMAL    59    LOWEST  SLP M ON M

[REMARKS]
#FINAL-07-14#




U.S. Dept. of Commerce
NOAA National Weather Service
1325 East West Highway
Silver Spring, MD 20910
E-mail: w-nws.webmaster@noaa.gov
Page last modified: May 16, 2007
NATIONAL WEATHER SERVICE: for Safety, for Work, for Fun - FOR LIFE