737
CXUS55 KSEW 220945
CF6SEA

PRELIMINARY LOCAL CLIMATOLOGICAL DATA (WS FORM: F-6)

                                          STATION:   SEATTLE-TACOMA WA AIRPORT
                                          MONTH:     AUGUST
                                          YEAR:      2014
                                          LATITUDE:   47 27 N
                                          LONGITUDE: 122 18 W

  TEMPERATURE IN F:       :PCPN:    SNOW:  WIND      :SUNSHINE: SKY     :PK WND
================================================================================
1   2   3   4   5  6A  6B    7    8   9   10  11  12  13   14  15   16   17  18
                                     12Z  AVG MX 2MIN
DY MAX MIN AVG DEP HDD CDD  WTR  SNW DPTH SPD SPD DIR MIN PSBL S-S WX    SPD DR
================================================================================

 1  84  59  72   5   0   7    T  0.0    0  7.3  M   M   M    M   6         M  M
 2  85  60  73   6   0   8 0.02  0.0    0  3.8 10  20   M    M   6 35      M  M
 3  89  58  74   7   0   9 0.00  0.0    0  5.9 12 360   M    M   1        16 330
 4  91  61  76   9   0  11 0.00  0.0    0  5.8 13 350   M    M   1        15  10
 5  77  57  67   0   0   2 0.00  0.0    0  6.1 13 240   M    M   4        16 210
 6  79  59  69   2   0   4 0.00  0.0    0  4.8 10 250   M    M   6 1      12 320
 7  78  56  67   0   0   2 0.00  0.0    0  5.3  9 190   M    M   5 1      14 210
 8  78  56  67   0   0   2 0.00  0.0    0  6.5 17  40   M    M   5        22 230
 9  81  60  71   4   0   6 0.00  0.0    0  9.1 16  40   M    M   4        21 340
10  87  57  72   5   0   7 0.00  0.0    0  7.7 14 360   M    M   1        21 350
11  96  64  80  13   0  15 0.02  0.0    0  5.8 18  70   M    M   4 3      22  70
12  81  63  72   5   0   7 0.50  0.0    0  7.0 18  60   M    M   9 1      33 350
13  74  59  67   1   0   2 0.85  0.0    0  6.1  8 220   M    M   9 1       8 220
14  70  63  67   1   0   2    T  0.0    0  1.4  5  90   M    M   9 12      7  80
15  76  62  69   3   0   4 0.04  0.0    0  3.4  9 280   M    M   9 1      16 180
16  78  60  69   3   0   4 0.00  0.0    0  4.9 15 290   M    M   7        17 320
17  82  59  71   5   0   6 0.00  0.0    0  6.2 13 360   M    M   3         M  M
18  85  60  73   7   0   8 0.00  0.0    0  7.4 15 340   M    M   2         M  M
19  81  60  71   5   0   6 0.00  0.0    0  5.4 16 210   M    M   5        20 210
20  71  57  64  -2   1   0 0.00  0.0    0  8.1 13 230   M    M   7        17 220
21  70  52  61  -5   4   0 0.00  0.0    0  3.9 10 220   M    M   5        15 220
================================================================================
SM 1693 1242         5 112  1.43     0.0 121.9          M      108
================================================================================
AV 80.6 59.1                               5.8 FASTST   M    M   5    MAX(MPH)
                                 MISC ---->  # 18  70               # 33  350
================================================================================
NOTES:
# LAST OF SEVERAL OCCURRENCES

COLUMN 17 PEAK WIND IN M.P.H.

PRELIMINARY LOCAL CLIMATOLOGICAL DATA (WS FORM: F-6) , PAGE 2

                                          STATION:  SEATTLE-TACOMA WA AIRPORT
                                          MONTH:    AUGUST
                                          YEAR:     2014
                                          LATITUDE:   47 27 N
                                          LONGITUDE: 122 18 W

[TEMPERATURE DATA]      [PRECIPITATION DATA]       SYMBOLS USED IN COLUMN 16

AVERAGE MONTHLY: 69.9   TOTAL FOR MONTH:   1.43    1 = FOG OR MIST
DPTR FM NORMAL:   3.3   DPTR FM NORMAL:    0.91    2 = FOG REDUCING VISIBILITY
HIGHEST:    96 ON 11    GRTST 24HR  1.35 ON 12-13      TO 1/4 MILE OR LESS
LOWEST:     52 ON 21                               3 = THUNDER
                        SNOW, ICE PELLETS, HAIL    4 = ICE PELLETS
                        TOTAL MONTH:   0.0 INCH    5 = HAIL
                        GRTST 24HR     0.0         6 = FREEZING RAIN OR DRIZZLE
                        GRTST DEPTH:   0           7 = DUSTSTORM OR SANDSTORM:
                                                       VSBY 1/2 MILE OR LESS
                                                   8 = SMOKE OR HAZE
[NO. OF DAYS WITH]      [WEATHER - DAYS WITH]      9 = BLOWING SNOW
                                                   X = TORNADO
MAX 32 OR BELOW:   0    0.01 INCH OR MORE:   5
MAX 90 OR ABOVE:   2    0.10 INCH OR MORE:   2
MIN 32 OR BELOW:   0    0.50 INCH OR MORE:   2
MIN  0 OR BELOW:   0    1.00 INCH OR MORE:   0

[HDD (BASE 65) ]
TOTAL THIS MO.     5    CLEAR  (SCALE 0-3)   5
DPTR FM NORMAL   -16    PTCLDY (SCALE 4-7)  12
TOTAL FM JUL 1    19    CLOUDY (SCALE 8-10)  4
DPTR FM NORMAL   -51

[CDD (BASE 65) ]
TOTAL THIS MO.   112
DPTR FM NORMAL    56    [PRESSURE DATA]
TOTAL FM JAN 1   290    HIGHEST SLP M ON M
DPTR FM NORMAL   136    LOWEST  SLP 29.79 ON 11

[REMARKS]




U.S. Dept. of Commerce
NOAA National Weather Service
1325 East West Highway
Silver Spring, MD 20910
E-mail: w-nws.webmaster@noaa.gov
Page last modified: May 16, 2007
NATIONAL WEATHER SERVICE: for Safety, for Work, for Fun - FOR LIFE