478
CXUS55 KSEW 240945
CF6SEA

PRELIMINARY LOCAL CLIMATOLOGICAL DATA (WS FORM: F-6)

                                          STATION:   SEATTLE-TACOMA WA AIRPORT
                                          MONTH:     NOVEMBER
                                          YEAR:      2014
                                          LATITUDE:   47 27 N
                                          LONGITUDE: 122 18 W

  TEMPERATURE IN F:       :PCPN:    SNOW:  WIND      :SUNSHINE: SKY     :PK WND
================================================================================
1   2   3   4   5  6A  6B    7    8   9   10  11  12  13   14  15   16   17  18
                                     12Z  AVG MX 2MIN
DY MAX MIN AVG DEP HDD CDD  WTR  SNW DPTH SPD SPD DIR MIN PSBL S-S WX    SPD DR
================================================================================

 1  52  45  49   0  16   0 0.00  0.0    0  2.6 31  90   M    M  10 12     32  90
 2  56  45  51   3  14   0 0.07  0.0    0  6.5 13 180   M    M   9 1      16 150
 3  57  52  55   7  10   0 0.43  0.0    0 10.8 20 170   M    M  10 1      25 170
 4  58  51  55   7  10   0 0.16  0.0    0  7.3 21 200   M    M   9 1      29 210
 5  59  51  55   7  10   0 0.19  0.0    0  4.6 10 100   M    M   9 1      13 100
 6  62  51  57   9   8   0 0.16  0.0    0 15.0 33 210   M    M   6 1      43 200
 7  58  45  52   5  13   0 0.00  0.0    0  5.1 10 350   M    M   5        17 240
 8  55  39  47   0  18   0 0.00  0.0    0  1.8  7 150   M    M   6 12      9 280
 9  56  46  51   4  14   0 0.20  0.0    0  6.8 18  30   M    M   9 1      23 190
10  52  42  47   0  18   0 0.00  0.0    0  8.7 15  20   M    M   4        18  30
11  46  34  40  -6  25   0 0.00  0.0    0 17.2 31 100   M    M   2        43 100
12  44  32  38  -8  27   0 0.00  0.0    0 16.9 29  80   M    M   1        39  80
13  45  33  39  -7  26   0 0.00  0.0    0 10.6 21 110   M    M   3        31 110
14  45  28  37  -9  28   0 0.00  0.0    0 10.0 17  10   M    M   1        20  10
15  47  29  38  -8  27   0 0.00  0.0    0  9.4 30  90   M    M   0        33  90
16  49  28  39  -6  26   0 0.00  0.0    0  9.3 17  10   M    M   0        21  10
17  51  28  40  -5  25   0 0.00  0.0    0  4.2 18 230   M    M   2        31 210
18  45  31  38  -7  27   0 0.00  0.0    0  2.0 10  20   M    M   7        12  10
19  52  36  44  -1  21   0    T  0.0    0  4.2 10  10   M    M   9        13 130
20  52  42  47   3  18   0 0.14  0.0    0  4.6 12 100   M    M   9 1      15 140
21  52  47  50   6  15   0 0.60  0.0    0 10.6 28 210   M    M   9 1      36 200
22  49  44  47   3  18   0 0.02  0.0    0 10.6 28 210   M    M   8        37 210
23  55  42  49   5  16   0 0.47  0.0    0 11.4 25 220   M    M   7 1      38 220
================================================================================
SM 1197  921       430   0  2.44     0.0 190.2          M      135
================================================================================
AV 52.0 40.0                               8.3 FASTST   M    M   6    MAX(MPH)
                                 MISC ---->  # 33 210               # 43  200
================================================================================
NOTES:
# LAST OF SEVERAL OCCURRENCES

COLUMN 17 PEAK WIND IN M.P.H.

PRELIMINARY LOCAL CLIMATOLOGICAL DATA (WS FORM: F-6) , PAGE 2

                                          STATION:  SEATTLE-TACOMA WA AIRPORT
                                          MONTH:    NOVEMBER
                                          YEAR:     2014
                                          LATITUDE:   47 27 N
                                          LONGITUDE: 122 18 W

[TEMPERATURE DATA]      [PRECIPITATION DATA]       SYMBOLS USED IN COLUMN 16

AVERAGE MONTHLY: 46.0   TOTAL FOR MONTH:   2.44    1 = FOG OR MIST
DPTR FM NORMAL:  -0.2   DPTR FM NORMAL:   -2.58    2 = FOG REDUCING VISIBILITY
HIGHEST:    62 ON  6    GRTST 24HR  0.60 ON 21-21      TO 1/4 MILE OR LESS
LOWEST:     28 ON 17,16                            3 = THUNDER
                        SNOW, ICE PELLETS, HAIL    4 = ICE PELLETS
                        TOTAL MONTH:   0.0 INCH    5 = HAIL
                        GRTST 24HR     0.0         6 = FREEZING RAIN OR DRIZZLE
                        GRTST DEPTH:   0           7 = DUSTSTORM OR SANDSTORM:
                                                       VSBY 1/2 MILE OR LESS
                                                   8 = SMOKE OR HAZE
[NO. OF DAYS WITH]      [WEATHER - DAYS WITH]      9 = BLOWING SNOW
                                                   X = TORNADO
MAX 32 OR BELOW:   0    0.01 INCH OR MORE:  10
MAX 90 OR ABOVE:   0    0.10 INCH OR MORE:   8
MIN 32 OR BELOW:   6    0.50 INCH OR MORE:   1
MIN  0 OR BELOW:   0    1.00 INCH OR MORE:   0

[HDD (BASE 65) ]
TOTAL THIS MO.   430    CLEAR  (SCALE 0-3)   6
DPTR FM NORMAL    -2    PTCLDY (SCALE 4-7)   8
TOTAL FM JUL 1   707    CLOUDY (SCALE 8-10)  9
DPTR FM NORMAL  -322

[CDD (BASE 65) ]
TOTAL THIS MO.     0
DPTR FM NORMAL     0    [PRESSURE DATA]
TOTAL FM JAN 1   369    HIGHEST SLP M ON M
DPTR FM NORMAL   180    LOWEST  SLP 29.31 ON 21

[REMARKS]




U.S. Dept. of Commerce
NOAA National Weather Service
1325 East West Highway
Silver Spring, MD 20910
E-mail: w-nws.webmaster@noaa.gov
Page last modified: May 16, 2007
NATIONAL WEATHER SERVICE: for Safety, for Work, for Fun - FOR LIFE