983
CXUS56 KSGX 311445
CF6SDM
PRELIMINARY LOCAL CLIMATOLOGICAL DATA (WS FORM: F-6)

                                          STATION:   SAN DIEGO/BROWN
                                          MONTH:     JULY
                                          YEAR:      2014
                                          LATITUDE:   32 34 N
                                          LONGITUDE: 116 59 W

  TEMPERATURE IN F:       :PCPN:    SNOW:  WIND      :SUNSHINE: SKY     :PK WND
================================================================================
1   2   3   4   5  6A  6B    7    8   9   10  11  12  13   14  15   16   17  18
                                     12Z  AVG MX 2MIN
DY MAX MIN AVG DEP HDD CDD  WTR  SNW DPTH SPD SPD DIR MIN PSBL S-S WX    SPD DR
================================================================================

 1  76  61  69   1   0   4 0.00  0.0    0  4.3 12 270   M    M   2 8       M  M
 2  77  63  70   2   0   5 0.00  0.0    0  4.2 10 290   M    M   3 18      M  M
 3  79  63  71   3   0   6 0.00  0.0    0  4.8 12 290   M    M   4 18      M  M
 4  81  64  73   5   0   8 0.00  0.0    0  3.7 12 290   M    M   1 1      17 290
 5  85  66  76   8   0  11 0.00  0.0    0  4.2 12 270   M    M   0        20 270
 6  86  67  77   9   0  12 0.00  0.0    0  4.6 12 270   M    M   0        17 270
 7  84  64  74   6   0   9 0.00  0.0    0  5.2 12 270   M    M   0 1      17 280
 8  80  63  72   4   0   7 0.00  0.0    0  4.5 13 270   M    M   2 18     16 270
 9  79  63  71   3   0   6 0.00  0.0    0  4.4 10 290   M    M   3         M  M
10  80  64  72   3   0   7 0.00  0.0    0  4.8 13 280   M    M   4        18 300
11  78  64  71   2   0   6 0.00  0.0    0  5.9 14 280   M    M   3        22 280
12  78  63  71   2   0   6 0.00  0.0    0  5.3 14 270   M    M   3        19 280
13  76  64  70   1   0   5 0.00  0.0    0  4.4 14 260   M    M   1        19 260
14  78  64  71   2   0   6 0.06  0.0    0  3.1 14 250   M    M   6 18     19 240
15  70  66  68  -1   0   3 0.00  0.0    0  5.1 10 260   M    M  10 18     15 240
16  78  64  71   2   0   6 0.00  0.0    0  5.1 14 280   M    M   4        19 280
17  77  65  71   2   0   6 0.00  0.0    0  5.8 13 290   M    M   4        20 310
18  78  61  70   1   0   5 0.00  0.0    0  5.1 13 280   M    M   2        20 280
19  73  64  69   0   0   4    T  0.0    0  4.7 12 260   M    M   7        18 290
20  77  67  72   2   0   7 0.00  0.0    0  5.3 12 280   M    M   6        18 270
21  79  66  73   3   0   8 0.00  0.0    0  6.3 17 280   M    M   4        23 290
22  79  64  72   2   0   7 0.00  0.0    0  6.5 16 270   M    M   2        22 270
23  84  59  72   2   0   7 0.00  0.0    0  5.1 15 270   M    M   0 18     20 280
24  84  64  74   4   0   9 0.00  0.0    0  3.8 13 270   M    M   2 12     17 310
25  82  65  74   4   0   9 0.00  0.0    0  3.7 13 280   M    M   2 18     16 270
26  82  66  74   4   0   9 0.00  0.0    0  4.6 13 260   M    M   3 18     18 270
27  85  66  76   6   0  11    T  0.0    0  3.6 12 280   M    M   2 18     16 280
28  86  67  77   7   0  12 0.00  0.0    0  4.9 14 270   M    M   1 1      18 280
29  89  66  78   8   0  13 0.00  0.0    0  4.5 15 260   M    M   0 8      20 260
30  83  65  74   4   0   9 0.00  0.0    0  4.7 14 280   M    M   2 12     18 300
================================================================================
SM 2403 1928         0 223  0.06     0.0 142.2          M       83
================================================================================
AV 80.1 64.3                               4.7 FASTST   M    M   3    MAX(MPH)
                                 MISC ---->  # 17 280               # 23  290
================================================================================
NOTES:
# LAST OF SEVERAL OCCURRENCES

COLUMN 17 PEAK WIND IN M.P.H.

PRELIMINARY LOCAL CLIMATOLOGICAL DATA (WS FORM: F-6) , PAGE 2

                                          STATION:  SAN DIEGO/BROWN
                                          MONTH:    JULY
                                          YEAR:     2014
                                          LATITUDE:   32 34 N
                                          LONGITUDE: 116 59 W

[TEMPERATURE DATA]      [PRECIPITATION DATA]       SYMBOLS USED IN COLUMN 16

AVERAGE MONTHLY: 72.2   TOTAL FOR MONTH:   0.06    1 = FOG OR MIST
DPTR FM NORMAL:   3.1   DPTR FM NORMAL:   -0.03    2 = FOG REDUCING VISIBILITY
HIGHEST:    89 ON 29    GRTST 24HR  0.06 ON 14-14      TO 1/4 MILE OR LESS
LOWEST:     59 ON 23                               3 = THUNDER
                        SNOW, ICE PELLETS, HAIL    4 = ICE PELLETS
                        TOTAL MONTH:   0.0 INCH    5 = HAIL
                        GRTST 24HR     0.0         6 = FREEZING RAIN OR DRIZZLE
                        GRTST DEPTH:   0           7 = DUSTSTORM OR SANDSTORM:
                                                       VSBY 1/2 MILE OR LESS
                                                   8 = SMOKE OR HAZE
[NO. OF DAYS WITH]      [WEATHER - DAYS WITH]      9 = BLOWING SNOW
                                                   X = TORNADO
MAX 32 OR BELOW:   0    0.01 INCH OR MORE:   1
MAX 90 OR ABOVE:   0    0.10 INCH OR MORE:   0
MIN 32 OR BELOW:   0    0.50 INCH OR MORE:   0
MIN  0 OR BELOW:   0    1.00 INCH OR MORE:   0

[HDD (BASE 65) ]
TOTAL THIS MO.     0    CLEAR  (SCALE 0-3)  20
DPTR FM NORMAL     0    PTCLDY (SCALE 4-7)   9
TOTAL FM JUL 1     0    CLOUDY (SCALE 8-10)  1
DPTR FM NORMAL     0

[CDD (BASE 65) ]
TOTAL THIS MO.   223
DPTR FM NORMAL    99    [PRESSURE DATA]
TOTAL FM JAN 1   479    HIGHEST SLP M ON M
DPTR FM NORMAL   270    LOWEST  SLP 29.74 ON 24

[REMARKS]




U.S. Dept. of Commerce
NOAA National Weather Service
1325 East West Highway
Silver Spring, MD 20910
E-mail: w-nws.webmaster@noaa.gov
Page last modified: May 16, 2007
NATIONAL WEATHER SERVICE: for Safety, for Work, for Fun - FOR LIFE