868
CXUS56 KSGX 251445
CF6SDM
PRELIMINARY LOCAL CLIMATOLOGICAL DATA (WS FORM: F-6)

                                          STATION:   SAN DIEGO/BROWN
                                          MONTH:     NOVEMBER
                                          YEAR:      2014
                                          LATITUDE:   32 34 N
                                          LONGITUDE: 116 59 W

  TEMPERATURE IN F:       :PCPN:    SNOW:  WIND      :SUNSHINE: SKY     :PK WND
================================================================================
1   2   3   4   5  6A  6B    7    8   9   10  11  12  13   14  15   16   17  18
                                     12Z  AVG MX 2MIN
DY MAX MIN AVG DEP HDD CDD  WTR  SNW DPTH SPD SPD DIR MIN PSBL S-S WX    SPD DR
================================================================================

 1  68  54  61  -1   4   0 0.26  0.0    0  8.4 20 240   M    M   6 1      28 240
 2  68  51  60  -2   5   0    T  0.0    0  5.0 13 240   M    M   3        16 250
 3  73  47  60  -2   5   0 0.00  0.0    0  6.0 15 280   M    M   0        20 280
 4  76  45  61   0   4   0 0.00  0.0    0  5.5 13 270   M    M   0        18 270
 5  86  48  67   6   0   2 0.00  0.0    0  4.8 10 250   M    M   0        13 300
 6  91  53  72  11   0   7 0.00  0.0    0  4.3 12 280   M    M   0        16 280
 7  91  57  74  13   0   9 0.00  0.0    0  5.7 13 280   M    M   0 8      18 280
 8  87  52  70  10   0   5 0.00  0.0    0  4.1 12 280   M    M   0        15 280
 9  76  52  64   4   1   0 0.00  0.0    0  3.4 12 270   M    M   2 18     15 280
10  70  59  65   5   0   0 0.00  0.0    0  3.6 13 280   M    M   7 18     17 280
11  67  62  65   5   0   0 0.00  0.0    0  4.3 10 270   M    M  10        14 280
12  69  54  62   3   3   0 0.00  0.0    0  3.2 12 280   M    M   5 8      16 270
13  69  57  63   4   2   0 0.00  0.0    0  4.1 15 280   M    M   6        18 270
14  70  54  62   3   3   0 0.00  0.0    0  5.5 13 260   M    M   3 18     17 270
15  69  53  61   2   4   0 0.00  0.0    0  5.4 14 260   M    M   5 18     17 270
16  76  53  65   7   0   0 0.00  0.0    0  5.8 15 120   M    M   2        19 120
17  77  45  61   3   4   0 0.00  0.0    0  5.8 16 120   M    M   0        21 120
18  81  47  64   6   1   0 0.00  0.0    0  5.3 17 130   M    M   0        22 130
19  73  45  59   1   6   0 0.00  0.0    0  4.9 13 270   M    M   0 8      17 270
20  71  43  57  -1   8   0    T    M    0  6.1 16 280   M    M   2        21 280
21  68  51  60   3   5   0 0.03  0.0    0  4.9 13 280   M    M   4 1      17 280
22  72  48  60   3   5   0 0.00  0.0    0  5.7 14 280   M    M   0        16 280
23  73  47  60   3   5   0 0.00  0.0    0  5.0 12 270   M    M   0        16 280
24  80  47  64   7   1   0 0.00  0.0    0  4.6 12 280   M    M   0        15 280
================================================================================
SM 1801 1224        66  23  0.29     0.0 121.4          M       55
================================================================================
AV 75.0 51.0                               5.1 FASTST   M    M   2    MAX(MPH)
                                 MISC ---->  # 20 240               # 28  240
================================================================================
NOTES:
# LAST OF SEVERAL OCCURRENCES

COLUMN 17 PEAK WIND IN M.P.H.

PRELIMINARY LOCAL CLIMATOLOGICAL DATA (WS FORM: F-6) , PAGE 2

                                          STATION:  SAN DIEGO/BROWN
                                          MONTH:    NOVEMBER
                                          YEAR:     2014
                                          LATITUDE:   32 34 N
                                          LONGITUDE: 116 59 W

[TEMPERATURE DATA]      [PRECIPITATION DATA]       SYMBOLS USED IN COLUMN 16

AVERAGE MONTHLY: 63.0   TOTAL FOR MONTH:   0.29    1 = FOG OR MIST
DPTR FM NORMAL:   3.7   DPTR FM NORMAL:   -0.55    2 = FOG REDUCING VISIBILITY
HIGHEST:    91 ON  7, 6 GRTST 24HR  0.26 ON  1- 1      TO 1/4 MILE OR LESS
LOWEST:     43 ON 20                               3 = THUNDER
                        SNOW, ICE PELLETS, HAIL    4 = ICE PELLETS
                        TOTAL MONTH:   0.0 INCH    5 = HAIL
                        GRTST 24HR     0.0         6 = FREEZING RAIN OR DRIZZLE
                        GRTST DEPTH:   0           7 = DUSTSTORM OR SANDSTORM:
                                                       VSBY 1/2 MILE OR LESS
                                                   8 = SMOKE OR HAZE
[NO. OF DAYS WITH]      [WEATHER - DAYS WITH]      9 = BLOWING SNOW
                                                   X = TORNADO
MAX 32 OR BELOW:   0    0.01 INCH OR MORE:   2
MAX 90 OR ABOVE:   2    0.10 INCH OR MORE:   1
MIN 32 OR BELOW:   0    0.50 INCH OR MORE:   0
MIN  0 OR BELOW:   0    1.00 INCH OR MORE:   0

[HDD (BASE 65) ]
TOTAL THIS MO.    66    CLEAR  (SCALE 0-3)  16
DPTR FM NORMAL   -84    PTCLDY (SCALE 4-7)   7
TOTAL FM JUL 1    69    CLOUDY (SCALE 8-10)  1
DPTR FM NORMAL  -146

[CDD (BASE 65) ]
TOTAL THIS MO.    23
DPTR FM NORMAL    11    [PRESSURE DATA]
TOTAL FM JAN 1  1218    HIGHEST SLP M ON M
DPTR FM NORMAL   598    LOWEST  SLP 29.81 ON  9

[REMARKS]




U.S. Dept. of Commerce
NOAA National Weather Service
1325 East West Highway
Silver Spring, MD 20910
E-mail: w-nws.webmaster@noaa.gov
Page last modified: May 16, 2007
NATIONAL WEATHER SERVICE: for Safety, for Work, for Fun - FOR LIFE