002
CXUS56 KSGX 171445
CF6SDM
PRELIMINARY LOCAL CLIMATOLOGICAL DATA (WS FORM: F-6)

                                          STATION:   SAN DIEGO/BROWN
                                          MONTH:     APRIL
                                          YEAR:      2014
                                          LATITUDE:   32 34 N
                                          LONGITUDE: 116 59 W

  TEMPERATURE IN F:       :PCPN:    SNOW:  WIND      :SUNSHINE: SKY     :PK WND
================================================================================
1   2   3   4   5  6A  6B    7    8   9   10  11  12  13   14  15   16   17  18
                                     12Z  AVG MX 2MIN
DY MAX MIN AVG DEP HDD CDD  WTR  SNW DPTH SPD SPD DIR MIN PSBL S-S WX    SPD DR
================================================================================

 1  62  51  57   0   8   0 0.19  0.0    0  8.1 13 270   M    M   5 1      23 270
 2  62  46  54  -3  11   0 0.13  0.0    0  7.9 17 280   M    M   4 1      27 280
 3  66  41  54  -4  11   0 0.00  0.0    0  6.7 16 270   M    M   0 8      24 260
 4  65  42  54  -4  11   0 0.00  0.0    0  5.7 14 280   M    M   1        19 270
 5  65  49  57  -1   8   0 0.04    M    0  5.9 15 280   M    M   5        20 280
 6  75  45  60   2   5   0 0.00  0.0    0  5.5 17 280   M    M   0        23 280
 7  84  49  67   9   0   2 0.00  0.0    0  6.7 14 270   M    M   0         M  M
 8  87  55  71  13   0   6 0.00  0.0    0  6.2 14 270   M    M   0        21  50
 9  88  52  70  12   0   5 0.00  0.0    0  3.5 12 290   M    M   0        16 280
10  83  51  67   9   0   2 0.00  0.0    0  3.6 12 280   M    M   0        15 270
11  79  51  65   7   0   0 0.00  0.0    0  6.2 14 280   M    M   1 18     18 280
12  67  55  61   2   4   0 0.00  0.0    0  6.1 13 250   M    M   8        22 250
13  66  56  61   2   4   0 0.00  0.0    0  5.2 15 260   M    M  10 8      19 270
14  76  52  64   5   1   0 0.00  0.0    0  5.6 13 270   M    M   2        17 290
15  69  53  61   2   4   0 0.00  0.0    0  4.4 13 280   M    M   4 128    16 270
16  70  53  62   3   3   0 0.00  0.0    0  4.1 14 250   M    M   4 18     19 280
================================================================================
SM 1164  801        70  15  0.36     0.0  91.4          M       44
================================================================================
AV 72.8 50.1                               5.7 FASTST   M    M   3    MAX(MPH)
                                 MISC ---->    17   M               # 27  280
================================================================================
NOTES:
# LAST OF SEVERAL OCCURRENCES

COLUMN 17 PEAK WIND IN M.P.H.

PRELIMINARY LOCAL CLIMATOLOGICAL DATA (WS FORM: F-6) , PAGE 2

                                          STATION:  SAN DIEGO/BROWN
                                          MONTH:    APRIL
                                          YEAR:     2014
                                          LATITUDE:   32 34 N
                                          LONGITUDE: 116 59 W

[TEMPERATURE DATA]      [PRECIPITATION DATA]       SYMBOLS USED IN COLUMN 16

AVERAGE MONTHLY: 61.4   TOTAL FOR MONTH:   0.36    1 = FOG OR MIST
DPTR FM NORMAL:   3.2   DPTR FM NORMAL:   -0.18    2 = FOG REDUCING VISIBILITY
HIGHEST:    88 ON  9    GRTST 24HR  0.19 ON  1- 1      TO 1/4 MILE OR LESS
LOWEST:     41 ON  3                               3 = THUNDER
                        SNOW, ICE PELLETS, HAIL    4 = ICE PELLETS
                        TOTAL MONTH:   0.0 INCH    5 = HAIL
                        GRTST 24HR     0.0         6 = FREEZING RAIN OR DRIZZLE
                        GRTST DEPTH:   0           7 = DUSTSTORM OR SANDSTORM:
                                                       VSBY 1/2 MILE OR LESS
                                                   8 = SMOKE OR HAZE
[NO. OF DAYS WITH]      [WEATHER - DAYS WITH]      9 = BLOWING SNOW
                                                   X = TORNADO
MAX 32 OR BELOW:   0    0.01 INCH OR MORE:   3
MAX 90 OR ABOVE:   0    0.10 INCH OR MORE:   2
MIN 32 OR BELOW:   0    0.50 INCH OR MORE:   0
MIN  0 OR BELOW:   0    1.00 INCH OR MORE:   0

[HDD (BASE 65) ]
TOTAL THIS MO.    70    CLEAR  (SCALE 0-3)   9
DPTR FM NORMAL   -43    PTCLDY (SCALE 4-7)   6
TOTAL FM JUL 1   995    CLOUDY (SCALE 8-10)  1
DPTR FM NORMAL  -549

[CDD (BASE 65) ]
TOTAL THIS MO.    15
DPTR FM NORMAL    15    [PRESSURE DATA]
TOTAL FM JAN 1    37    HIGHEST SLP M ON M
DPTR FM NORMAL    26    LOWEST  SLP 29.77 ON 16

[REMARKS]




U.S. Dept. of Commerce
NOAA National Weather Service
1325 East West Highway
Silver Spring, MD 20910
E-mail: w-nws.webmaster@noaa.gov
Page last modified: May 16, 2007
NATIONAL WEATHER SERVICE: for Safety, for Work, for Fun - FOR LIFE