115
CXUS56 KSGX 292137
CF6SDM
PRELIMINARY LOCAL CLIMATOLOGICAL DATA (WS FORM: F-6)

                                          STATION:   SAN DIEGO/BROWN
                                          MONTH:     JANUARY
                                          YEAR:      2015
                                          LATITUDE:   32 34 N
                                          LONGITUDE: 116 59 W

  TEMPERATURE IN F:       :PCPN:    SNOW:  WIND      :SUNSHINE: SKY     :PK WND
================================================================================
1   2   3   4   5  6A  6B    7    8   9   10  11  12  13   14  15   16   17  18
                                     12Z  AVG MX 2MIN
DY MAX MIN AVG DEP HDD CDD  WTR  SNW DPTH SPD SPD DIR MIN PSBL S-S WX    SPD DR
================================================================================

 1  57  35  46  -9  19   0 0.00  0.0    0  7.1 13 280   M    M   0 8      16 140
 2  59  34  47  -8  18   0 0.00  0.0    0  5.8 12 280   M    M   0 1      14 280
 3  61  38  50  -5  15   0 0.00  0.0    0  5.7 12 280   M    M   0 1      14 280
 4  67  38  53  -2  12   0 0.00  0.0    0  4.5 12 280   M    M   0 18     14 280
 5  83  44  64   9   1   0 0.00  0.0    0  8.0 18 140   M    M   0 18     23 180
 6  86  54  70  15   0   5 0.00  0.0    0  9.9 21 140   M    M   0        25 140
 7  80  47  64   9   1   0 0.00  0.0    0  4.7 13 250   M    M   0 8      15 260
 8  71  51  61   6   4   0 0.00  0.0    0  4.0 12 280   M    M   1 8      14 280
 9  66  51  59   4   6   0 0.00  0.0    0  3.0 10 280   M    M   1 128    14 280
10  71  47  59   4   6   0    T    M    0  4.4 12 280   M    M   4 128    14 270
11  60  54  57   2   8   0 0.31  0.0    0  2.5  8  60   M    M  10 1       9  60
12  67  56  62   7   3   0 0.01  0.0    0  3.0 14 280   M    M   7 1      17 290
13  67  51  59   4   6   0 0.00  0.0    0  2.2 12 280   M    M   4 18     14 280
14  69  42  56   1   9   0 0.00  0.0    0  5.0 10  90   M    M   0 8      12 270
15  72  46  59   4   6   0 0.00  0.0    0  4.3 12 280   M    M   0        15 290
16  76  43  60   5   5   0 0.00  0.0    0  4.3 12 300   M    M   0 8      16 310
17  72  46  59   4   6   0 0.00  0.0    0  5.3 10 120   M    M   0 18     12 150
18  75  44  60   5   5   0 0.00  0.0    0  4.9 10 280   M    M   0        14 280
19  69  44  57   2   8   0 0.00  0.0    0  4.1 10 280   M    M   2 128    14 280
20  62  49  56   1   9   0 0.00  0.0    0  3.4 13 270   M    M   7 128    18 280
21  68  49  59   4   6   0 0.00  0.0    0  5.1 10 280   M    M   4 18     13 260
22  75  43  59   4   6   0 0.00  0.0    0  5.6 12 280   M    M   0 18     15 280
23  74  45  60   5   5   0 0.00  0.0    0  5.4 17 120   M    M   0        22 120
24  77  41  59   4   6   0 0.00  0.0    0  4.8 12 110   M    M   0        17 290
25  79  50  65  10   0   0 0.00  0.0    0  4.4 14 120   M    M   0        17  80
26  76  51  64   9   1   0 0.01  0.0    0  8.4 23 190   M    M   6        29 100
27  74  50  62   7   3   0 0.00  0.0    0  5.7 14 270   M    M   2 1      16 290
28  77  48  63   8   2   0 0.00  0.0    0  4.9 17 140   M    M   0 8      20 140
================================================================================
SM 1990 1291       176   5  0.33     0.0 140.4          M       48
================================================================================
AV 71.1 46.1                               5.0 FASTST   M    M   2    MAX(MPH)
                                 MISC ---->  # 23 190               # 29  100
================================================================================
NOTES:
# LAST OF SEVERAL OCCURRENCES

COLUMN 17 PEAK WIND IN M.P.H.

PRELIMINARY LOCAL CLIMATOLOGICAL DATA (WS FORM: F-6) , PAGE 2

                                          STATION:  SAN DIEGO/BROWN
                                          MONTH:    JANUARY
                                          YEAR:     2015
                                          LATITUDE:   32 34 N
                                          LONGITUDE: 116 59 W

[TEMPERATURE DATA]      [PRECIPITATION DATA]       SYMBOLS USED IN COLUMN 16

AVERAGE MONTHLY: 58.6   TOTAL FOR MONTH:   0.33    1 = FOG OR MIST
DPTR FM NORMAL:   3.6   DPTR FM NORMAL:   -1.95    2 = FOG REDUCING VISIBILITY
HIGHEST:    86 ON  6    GRTST 24HR  0.32 ON 11-12      TO 1/4 MILE OR LESS
LOWEST:     34 ON  2                               3 = THUNDER
                        SNOW, ICE PELLETS, HAIL    4 = ICE PELLETS
                        TOTAL MONTH:   0.0 INCH    5 = HAIL
                        GRTST 24HR     0.0         6 = FREEZING RAIN OR DRIZZLE
                        GRTST DEPTH:   0           7 = DUSTSTORM OR SANDSTORM:
                                                       VSBY 1/2 MILE OR LESS
                                                   8 = SMOKE OR HAZE
[NO. OF DAYS WITH]      [WEATHER - DAYS WITH]      9 = BLOWING SNOW
                                                   X = TORNADO
MAX 32 OR BELOW:   0    0.01 INCH OR MORE:   3
MAX 90 OR ABOVE:   0    0.10 INCH OR MORE:   1
MIN 32 OR BELOW:   0    0.50 INCH OR MORE:   0
MIN  0 OR BELOW:   0    1.00 INCH OR MORE:   0

[HDD (BASE 65) ]
TOTAL THIS MO.   176    CLEAR  (SCALE 0-3)  21
DPTR FM NORMAL  -104    PTCLDY (SCALE 4-7)   6
TOTAL FM JUL 1   464    CLOUDY (SCALE 8-10)  1
DPTR FM NORMAL  -402

[CDD (BASE 65) ]
TOTAL THIS MO.     5
DPTR FM NORMAL     5    [PRESSURE DATA]
TOTAL FM JAN 1     5    HIGHEST SLP M ON M
DPTR FM NORMAL     5    LOWEST  SLP 29.92 ON 25

[REMARKS]




U.S. Dept. of Commerce
NOAA National Weather Service
1325 East West Highway
Silver Spring, MD 20910
E-mail: w-nws.webmaster@noaa.gov
Page last modified: May 16, 2007
NATIONAL WEATHER SERVICE: for Safety, for Work, for Fun - FOR LIFE