994
CXUS55 KPSR 311005
CF6SDL
PRELIMINARY LOCAL CLIMATOLOGICAL DATA (WS FORM: F-6)

                                          STATION:   SCOTTSDALE AZ
                                          MONTH:     JANUARY
                                          YEAR:      2015
                                          LATITUDE:   33 37 N
                                          LONGITUDE: 111 55 W

  TEMPERATURE IN F:       :PCPN:    SNOW:  WIND      :SUNSHINE: SKY     :PK WND
================================================================================
1   2   3   4   5  6A  6B    7    8   9   10  11  12  13   14  15   16   17  18
                                     12Z  AVG MX 2MIN
DY MAX MIN AVG DEP HDD CDD  WTR  SNW DPTH SPD SPD DIR MIN PSBL S-S WX    SPD DR
================================================================================

 1  44  33  39 -15  26   0 0.00  0.0    0  0.9  7  10   M    M   7        16  90
 2  51  29  40 -14  25   0 0.00  0.0    0  1.5  8 240   M    M   0        10 230
 3  51  30  41 -13  24   0 0.00  0.0    0  0.7  8 150   M    M   0        10 200
 4  63  32  48  -6  17   0 0.00  0.0    0  1.0  6 330   M    M   0         8 330
 5  73  39  56   2   9   0 0.00  0.0    0  0.6  7  40   M    M   0         7  30
 6  76  42  59   5   6   0 0.00  0.0    0  0.7  7 170   M    M   0         8 160
 7  80  45  63   9   2   0 0.00  0.0    0  3.6 13  90   M    M   0        18  80
 8  70  50  60   6   5   0 0.00  0.0    0  3.1 13 130   M    M   0        17 130
 9  72  47  60   6   5   0 0.00  0.0    0  2.7 12 100   M    M   0        15 100
10  66  50  58   4   7   0 0.01  0.0    0  1.6  8 160   M    M   5        12 160
11  71  48  60   6   5   0 0.04    M    0  1.3  8 140   M    M   7        10 150
12  65  52  59   5   6   0 0.04  0.0    0  0.6  7 190   M    M   7 1      10 150
13  62  49  56   2   9   0 0.06    M    0  1.2 12  30   M    M   6 8      16  30
14  66  43  55   0  10   0 0.00  0.0    0  1.4 10  50   M    M   1        13  50
15  71  43  57   2   8   0 0.00  0.0    0  2.7 13  40   M    M   0        14  40
16  71  45  58   3   7   0 0.00  0.0    0  1.6 13 100   M    M   0        17 100
17  72  42  57   2   8   0 0.00  0.0    0  0.8  7 290   M    M   0        10 250
18  73  45  59   4   6   0 0.00  0.0    0  1.1  7 260   M    M   0        10 250
19  73  48  61   6   4   0 0.00  0.0    0  0.9  8 230   M    M   0        10 220
20  74  46  60   5   5   0 0.00  0.0    0  0.8  5  30   M    M   0         7 180
21  72  53  63   8   2   0    T  0.0    0  3.5 16  10   M    M   1        22  10
22  63  47  55   0  10   0 0.00  0.0    0  6.0 17  50   M    M   0 8      23  40
23  61  39  50  -5  15   0 0.00  0.0    0  1.5  6  20   M    M   0         9 360
24  76  45  61   6   4   0 0.00  0.0    0  2.7 15  90   M    M   0        20 110
25  77  43  60   5   5   0 0.00  0.0    0  1.9  8 180   M    M   0        12 180
26  71  51  61   6   4   0 0.05  0.0    0  1.9  8  60   M    M   4         9  60
27  73  53  63   8   2   0 0.03  0.0    0  1.0  9 260   M    M   5 1      12 160
28  74  51  63   8   2   0 0.00  0.0    0  0.8  8 260   M    M   0        13 200
29  70  56  63   8   2   0 0.16  0.0    0  0.9  7  70   M    M   4 1       9 220
30  59  55  57   1   8   0 0.45  0.0    0  2.7  9 100   M    M  10 1      16 340
================================================================================
SM 2040 1351       248   0  0.84     0.0  51.7          M       57
================================================================================
AV 68.0 45.0                               1.7 FASTST   M    M   2    MAX(MPH)
                                 MISC ---->  # 17  50               # 23   40
================================================================================
NOTES:
# LAST OF SEVERAL OCCURRENCES

COLUMN 17 PEAK WIND IN M.P.H.

PRELIMINARY LOCAL CLIMATOLOGICAL DATA (WS FORM: F-6) , PAGE 2

                                          STATION:  SCOTTSDALE AZ
                                          MONTH:    JANUARY
                                          YEAR:     2015
                                          LATITUDE:   33 37 N
                                          LONGITUDE: 111 55 W

[TEMPERATURE DATA]      [PRECIPITATION DATA]       SYMBOLS USED IN COLUMN 16

AVERAGE MONTHLY: 56.5   TOTAL FOR MONTH:   0.84    1 = FOG OR MIST
DPTR FM NORMAL:   1.9   DPTR FM NORMAL:   -0.36    2 = FOG REDUCING VISIBILITY
HIGHEST:    80 ON  7    GRTST 24HR  0.60 ON 29-30      TO 1/4 MILE OR LESS
LOWEST:     29 ON  2                               3 = THUNDER
                        SNOW, ICE PELLETS, HAIL    4 = ICE PELLETS
                        TOTAL MONTH:   0.0 INCH    5 = HAIL
                        GRTST 24HR     0.0         6 = FREEZING RAIN OR DRIZZLE
                        GRTST DEPTH:   0           7 = DUSTSTORM OR SANDSTORM:
                                                       VSBY 1/2 MILE OR LESS
                                                   8 = SMOKE OR HAZE
[NO. OF DAYS WITH]      [WEATHER - DAYS WITH]      9 = BLOWING SNOW
                                                   X = TORNADO
MAX 32 OR BELOW:   0    0.01 INCH OR MORE:   8
MAX 90 OR ABOVE:   0    0.10 INCH OR MORE:   2
MIN 32 OR BELOW:   3    0.50 INCH OR MORE:   0
MIN  0 OR BELOW:   0    1.00 INCH OR MORE:   0

[HDD (BASE 65) ]
TOTAL THIS MO.   248    CLEAR  (SCALE 0-3)  21
DPTR FM NORMAL   -65    PTCLDY (SCALE 4-7)   8
TOTAL FM JUL 1   637    CLOUDY (SCALE 8-10)  1
DPTR FM NORMAL  -175

[CDD (BASE 65) ]
TOTAL THIS MO.     0
DPTR FM NORMAL     0    [PRESSURE DATA]
TOTAL FM JAN 1     0    HIGHEST SLP M ON M
DPTR FM NORMAL     0    LOWEST  SLP 29.77 ON 21

[REMARKS]




U.S. Dept. of Commerce
NOAA National Weather Service
1325 East West Highway
Silver Spring, MD 20910
E-mail: w-nws.webmaster@noaa.gov
Page last modified: May 16, 2007
NATIONAL WEATHER SERVICE: for Safety, for Work, for Fun - FOR LIFE