468
CXUS55 KPSR 311005
CF6SDL
PRELIMINARY LOCAL CLIMATOLOGICAL DATA (WS FORM: F-6)

                                          STATION:   SCOTTSDALE AZ
                                          MONTH:     JULY
                                          YEAR:      2014
                                          LATITUDE:   33 37 N
                                          LONGITUDE: 111 55 W

  TEMPERATURE IN F:       :PCPN:    SNOW:  WIND      :SUNSHINE: SKY     :PK WND
================================================================================
1   2   3   4   5  6A  6B    7    8   9   10  11  12  13   14  15   16   17  18
                                     12Z  AVG MX 2MIN
DY MAX MIN AVG DEP HDD CDD  WTR  SNW DPTH SPD SPD DIR MIN PSBL S-S WX    SPD DR
================================================================================

 1 107  84  96   5   0  31 0.00  0.0    0  3.8 13 240   M    M   0 8      17 250
 2 106  85  96   4   0  31 0.00  0.0    0  3.9 13 260   M    M   0 8      18 250
 3 106  83  95   3   0  30    T  0.0    0  6.1 26 160   M    M   0 38     37 160
 4  97  78  88  -4   0  23    T  0.0    0  4.2 12 110   M    M   0        15 110
 5 101  83  92   0   0  27    T  0.0    0  5.7 24  50   M    M   1 3      30  50
 6 103  81  92   0   0  27 0.00  0.0    0  5.6 25  40   M    M   0        30  40
 7 105  86  96   4   0  31 0.00  0.0    0  5.5 18  60   M    M   0        24  60
 8 102  79  91  -1   0  26 0.06  0.0    0  5.4 15 110   M    M   1 38     26 110
 9  98  79  89  -3   0  24    T  0.0    0  3.9 10 240   M    M   0 8      15 240
10 102  85  94   2   0  29 0.00  0.0    0  3.7 14 220   M    M   0        18 220
11 104  85  95   3   0  30 0.00  0.0    0  5.5 14 230   M    M   0        21 250
12 106  86  96   4   0  31    T  0.0    0  4.7 16  60   M    M   1        22  50
13 107  81  94   2   0  29    T  0.0    0  4.5 28 160   M    M   0 38     40 160
14 100  80  90  -2   0  25    T  0.0    0  4.0 22  50   M    M   0 3      26  50
15 102  76  89  -3   0  24 0.23  0.0    0  3.4 29  70   M    M   1 3      37  70
16 104  81  93   1   0  28 0.00  0.0    0  3.8 16 270   M    M   0        22 330
17 102  85  94   2   0  29    T  0.0    0  3.7 15 260   M    M   0        20 240
18 103  81  92   0   0  27 0.00  0.0    0  4.6 14 260   M    M   0        20 250
19 102  86  94   2   0  29 0.00  0.0    0  4.2 12 250   M    M   1        17 240
20 104  80  92   0   0  27 0.00  0.0    0  2.5 10 240   M    M   0        15 190
21 104  80  92   0   0  27 0.00  0.0    0  3.2 13 250   M    M   0        18 280
22 111  82  97   5   0  32 0.00  0.0    0  3.0 14 240   M    M   0        22 250
23 110  85  98   6   0  33    T  0.0    0  5.8 26  40   M    M   1 3      32  40
24 111  86  99   7   0  34    M  0.0    0  6.0 24  40   M    M   1 3      28  40
25 106  87  97   5   0  32    T  0.0    0  5.2 21 180   M    M   1 78     31 190
26 106  80  93   1   0  28 0.02  0.0    0  6.1 31  90   M    M   0 378    43  80
27 101  79  90  -2   0  25 0.01  0.0    0  6.5 21 310   M    M   2 38     31 330
28 103  83  93   1   0  28 0.00  0.0    0  3.4 12 210   M    M   0        15 210
29 106  85  96   4   0  31 0.00  0.0    0  4.2 16 270   M    M   0        22 190
30 109  88  99   7   0  34 0.00  0.0    0  3.3 15 250   M    M   0        18 260
================================================================================
SM 3128 2479         0 862  0.32     0.0 135.4          M       10
================================================================================
AV104.3 82.6                               4.5 FASTST   M    M   0    MAX(MPH)
                                 MISC ---->  # 31  90               # 43   80
================================================================================
NOTES:
# LAST OF SEVERAL OCCURRENCES

COLUMN 17 PEAK WIND IN M.P.H.

PRELIMINARY LOCAL CLIMATOLOGICAL DATA (WS FORM: F-6) , PAGE 2

                                          STATION:  SCOTTSDALE AZ
                                          MONTH:    JULY
                                          YEAR:     2014
                                          LATITUDE:   33 37 N
                                          LONGITUDE: 111 55 W

[TEMPERATURE DATA]      [PRECIPITATION DATA]       SYMBOLS USED IN COLUMN 16

AVERAGE MONTHLY: 93.4   TOTAL FOR MONTH:   0.32    1 = FOG OR MIST
DPTR FM NORMAL:   1.5   DPTR FM NORMAL:   -0.66    2 = FOG REDUCING VISIBILITY
HIGHEST:   111 ON 24,22 GRTST 24HR  0.23 ON 15-15      TO 1/4 MILE OR LESS
LOWEST:     76 ON 15                               3 = THUNDER
                        SNOW, ICE PELLETS, HAIL    4 = ICE PELLETS
                        TOTAL MONTH:   0.0 INCH    5 = HAIL
                        GRTST 24HR     0.0         6 = FREEZING RAIN OR DRIZZLE
                        GRTST DEPTH:   0           7 = DUSTSTORM OR SANDSTORM:
                                                       VSBY 1/2 MILE OR LESS
                                                   8 = SMOKE OR HAZE
[NO. OF DAYS WITH]      [WEATHER - DAYS WITH]      9 = BLOWING SNOW
                                                   X = TORNADO
MAX 32 OR BELOW:   0    0.01 INCH OR MORE:   4
MAX 90 OR ABOVE:  30    0.10 INCH OR MORE:   1
MIN 32 OR BELOW:   0    0.50 INCH OR MORE:   0
MIN  0 OR BELOW:   0    1.00 INCH OR MORE:   0

[HDD (BASE 65) ]
TOTAL THIS MO.     0    CLEAR  (SCALE 0-3)  30
DPTR FM NORMAL     0    PTCLDY (SCALE 4-7)   0
TOTAL FM JUL 1     0    CLOUDY (SCALE 8-10)  0
DPTR FM NORMAL     0

[CDD (BASE 65) ]
TOTAL THIS MO.   862
DPTR FM NORMAL    53    [PRESSURE DATA]
TOTAL FM JAN 1  2392    HIGHEST SLP M ON M
DPTR FM NORMAL   240    LOWEST  SLP 29.61 ON 24

[REMARKS]




U.S. Dept. of Commerce
NOAA National Weather Service
1325 East West Highway
Silver Spring, MD 20910
E-mail: w-nws.webmaster@noaa.gov
Page last modified: May 16, 2007
NATIONAL WEATHER SERVICE: for Safety, for Work, for Fun - FOR LIFE