695
CXUS55 KPSR 011005
CF6SDL
PRELIMINARY LOCAL CLIMATOLOGICAL DATA (WS FORM: F-6)

                                          STATION:   SCOTTSDALE AZ
                                          MONTH:     AUGUST
                                          YEAR:      2014
                                          LATITUDE:   33 37 N
                                          LONGITUDE: 111 55 W

  TEMPERATURE IN F:       :PCPN:    SNOW:  WIND      :SUNSHINE: SKY     :PK WND
================================================================================
1   2   3   4   5  6A  6B    7    8   9   10  11  12  13   14  15   16   17  18
                                     12Z  AVG MX 2MIN
DY MAX MIN AVG DEP HDD CDD  WTR  SNW DPTH SPD SPD DIR MIN PSBL S-S WX    SPD DR
================================================================================

 1  99  82  91  -1   0  26 0.00  0.0    0  5.4 15 250   M    M   2 3      23 310
 2  96  76  86  -6   0  21    M  0.0    0  5.2 29  30   M    M   1 3      37  30
 3  98  78  88  -4   0  23 0.22  0.0    0  3.4 26 190   M    M   1 3      36 190
 4  99  77  88  -4   0  23 0.00  0.0    0  2.3 13 170   M    M   0        17 160
 5 102  80  91  -1   0  26 0.00  0.0    0  2.6 10 260   M    M   0        15 320
 6 104  77  91  -1   0  26 0.00  0.0    0  3.5 13 260   M    M   0        23 220
 7 102  78  90  -2   0  25 0.00  0.0    0  1.7 10 260   M    M   0        15 210
 8 102  82  92   0   0  27 0.00  0.0    0  4.2 16 260   M    M   0        23 270
 9 102  82  92   0   0  27 0.00  0.0    0  3.9 14 230   M    M   0        20 250
10 102  83  93   1   0  28 0.00  0.0    0  4.6 20  40   M    M   0        26  40
11 106  85  96   4   0  31 0.00  0.0    0  4.6 31  70   M    M   0 38     38  70
12  97  76  87  -4   0  22 0.05  0.0    0  5.9 23 130   M    M   2 3      30 140
13  94  71  83  -8   0  18 0.15  0.0    0  2.8 13 150   M    M   4 13     20 150
14 100  81  91   0   0  26 0.00  0.0    0  3.6 14 270   M    M   0        18 160
15 103  81  92   1   0  27 0.00  0.0    0  3.7 15 250   M    M   0        21 270
16 105  83  94   3   0  29 0.00  0.0    0  3.4 15 230   M    M   0        18 270
17 107  86  97   6   0  32 0.01  0.0    0  5.8 35  70   M    M   0 38     46  80
18  95  77  86  -5   0  21 0.06  0.0    0  4.9 13 250   M    M   1 3      18 240
19  88  69  79 -12   0  14 1.83  0.0    0  6.4 20  40   M    M   7 123    26 330
20  95  73  84  -7   0  19 0.00  0.0    0  2.7 12 330   M    M   0        16 340
21  88  70  79 -12   0  14 0.15  0.0    0  4.5 25 260   M    M   3 1      33 260
22  91  70  81 -10   0  16 0.00  0.0    0  2.3 12 260   M    M   2        15 240
23  95  73  84  -7   0  19 0.00  0.0    0  2.1 13 240   M    M   0        15 220
24 100  75  88  -3   0  23 0.00  0.0    0  2.5 12 240   M    M   0        18 190
25  98  81  90  -1   0  25 0.00  0.0    0  3.3 15 240   M    M   1        20 240
26  98  77  88  -3   0  23 0.00  0.0    0  4.5 16  40   M    M   1        18  50
27  99  81  90   0   0  25 0.00  0.0    0  2.3 13 240   M    M   1 3      17 230
28 104  79  92   2   0  27    T  0.0    0  3.1 15 160   M    M   1        23 220
29 106  77  92   2   0  27 0.00  0.0    0  3.6 10 250   M    M   0        15 310
30 106  78  92   2   0  27 0.00  0.0    0  2.3 13 220   M    M   0        16 220
31 105  79  92   2   0  27 0.00  0.0    0  3.6 14 240   M    M   0        20 240
================================================================================
SM 3086 2417         0 744  2.47     0.0 114.7          M       27
================================================================================
AV 99.5 78.0                               3.7 FASTST   M    M   1    MAX(MPH)
                                 MISC ---->  # 35  70               # 46   80
================================================================================
NOTES:
# LAST OF SEVERAL OCCURRENCES

COLUMN 17 PEAK WIND IN M.P.H.

PRELIMINARY LOCAL CLIMATOLOGICAL DATA (WS FORM: F-6) , PAGE 2

                                          STATION:  SCOTTSDALE AZ
                                          MONTH:    AUGUST
                                          YEAR:     2014
                                          LATITUDE:   33 37 N
                                          LONGITUDE: 111 55 W

[TEMPERATURE DATA]      [PRECIPITATION DATA]       SYMBOLS USED IN COLUMN 16

AVERAGE MONTHLY: 88.8   TOTAL FOR MONTH:   2.47    1 = FOG OR MIST
DPTR FM NORMAL:  -2.4   DPTR FM NORMAL:    1.30    2 = FOG REDUCING VISIBILITY
HIGHEST:   107 ON 17    GRTST 24HR  1.83 ON 19-19      TO 1/4 MILE OR LESS
LOWEST:     69 ON 19                               3 = THUNDER
                        SNOW, ICE PELLETS, HAIL    4 = ICE PELLETS
                        TOTAL MONTH:   0.0 INCH    5 = HAIL
                        GRTST 24HR     0.0         6 = FREEZING RAIN OR DRIZZLE
                        GRTST DEPTH:   0           7 = DUSTSTORM OR SANDSTORM:
                                                       VSBY 1/2 MILE OR LESS
                                                   8 = SMOKE OR HAZE
[NO. OF DAYS WITH]      [WEATHER - DAYS WITH]      9 = BLOWING SNOW
                                                   X = TORNADO
MAX 32 OR BELOW:   0    0.01 INCH OR MORE:   7
MAX 90 OR ABOVE:  29    0.10 INCH OR MORE:   4
MIN 32 OR BELOW:   0    0.50 INCH OR MORE:   1
MIN  0 OR BELOW:   0    1.00 INCH OR MORE:   1

[HDD (BASE 65) ]
TOTAL THIS MO.     0    CLEAR  (SCALE 0-3)  29
DPTR FM NORMAL     0    PTCLDY (SCALE 4-7)   2
TOTAL FM JUL 1     0    CLOUDY (SCALE 8-10)  0
DPTR FM NORMAL     0

[CDD (BASE 65) ]
TOTAL THIS MO.   744
DPTR FM NORMAL   -67    [PRESSURE DATA]
TOTAL FM JAN 1  3167    HIGHEST SLP 29.99 ON 27
DPTR FM NORMAL   172    LOWEST  SLP 29.65 ON 30

[REMARKS]
#FINAL-08-14#




U.S. Dept. of Commerce
NOAA National Weather Service
1325 East West Highway
Silver Spring, MD 20910
E-mail: w-nws.webmaster@noaa.gov
Page last modified: May 16, 2007
NATIONAL WEATHER SERVICE: for Safety, for Work, for Fun - FOR LIFE