341
CXUS53 KLMK 300800
CF6SDF
PRELIMINARY LOCAL CLIMATOLOGICAL DATA (WS FORM: F-6)

                                          STATION:   LOUISVILLE KY
                                          MONTH:     AUGUST
                                          YEAR:      2014
                                          LATITUDE:   38 10 N
                                          LONGITUDE:  85 44 W

  TEMPERATURE IN F:       :PCPN:    SNOW:  WIND      :SUNSHINE: SKY     :PK WND
================================================================================
1   2   3   4   5  6A  6B    7    8   9   10  11  12  13   14  15   16   17  18
                                     12Z  AVG MX 2MIN
DY MAX MIN AVG DEP HDD CDD  WTR  SNW DPTH SPD SPD DIR MIN PSBL S-S WX    SPD DR
================================================================================

 1  89  64  77  -2   0  12 0.00  0.0    0  2.3  9 230   M    M   3 8      12 130
 2  86  68  77  -2   0  12 0.00  0.0    0  6.0 16  20   M    M   5        23 300
 3  87  65  76  -3   0  11 0.00  0.0    0  3.0 12 360   M    M   1 18     16 360
 4  90  66  78  -1   0  13 0.00  0.0    0  2.8 10  30   M    M   1 8      13 330
 5  88  67  78  -1   0  13 0.00  0.0    0  4.1 13 270   M    M   7 18     16 180
 6  90  70  80   1   0  15 0.00  0.0    0  5.9 16 330   M    M   6 8      21 320
 7  84  72  78  -1   0  13    T  0.0    0  7.5 14  70   M    M   9        19 110
 8  76  68  72  -7   0   7 2.09  0.0    0  8.1 14  90   M    M  10 18     18  90
 9  85  72  79   0   0  14 0.39  0.0    0  5.5 13  20   M    M   9 18     15 100
10  89  74  82   3   0  17 0.04  0.0    0  5.0 13 280   M    M   8 18     18 260
11  88  73  81   2   0  16 0.59  0.0    0  6.6 25 250   M    M   5 138    30 250
12  81  65  73  -6   0   8 0.00  0.0    0 11.6 24 280   M    M   4 18     28 340
13  83  60  72  -7   0   7 0.00  0.0    0  5.4 14 290   M    M   2        18 290
14  85  63  74  -5   0   9    T  0.0    0  6.0 20 270   M    M   4 8      23 270
15  84  61  73  -6   0   8 0.00  0.0    0  5.9 16 310   M    M   7        25 290
16  83  65  74  -5   0   9 0.08  0.0    0  5.8 14 230   M    M   9 1      17 260
17  76  69  73  -6   0   8 0.55  0.0    0  6.9 16 170   M    M  10 13     32 360
18  83  72  78  -1   0  13 0.04  0.0    0  5.4 12 290   M    M   8 1      14 250
19  89  71  80   2   0  15 0.00  0.0    0  6.3 15 200   M    M   4 18     18 200
20  92  71  82   4   0  17 0.14  0.0    0  5.8 28 330   M    M   5 38     33 330
21  90  72  81   3   0  16 0.01  0.0    0  7.6 15 220   M    M   7        18 220
22  90  74  82   4   0  17 0.50  0.0    0  8.1 21  60   M    M   9 13     27  50
23  91  73  82   4   0  17 1.35  0.0    0  5.4 25 340   M    M   8 138    33 340
24  91  72  82   4   0  17 0.00  0.0    0  4.2 10 130   M    M   7        13  90
25  94  76  85   7   0  20 0.00  0.0    0  3.7 12  40   M    M   3        14  10
26  94  75  85   7   0  20 0.00  0.0    0  4.9 13 350   M    M   5 3      14 360
27  94  74  84   7   0  19 0.54  0.0    0  4.9 40  10   M    M   4 138    58 360
28  92  74  83   6   0  18 0.00  0.0    0  4.2 10  80   M    M   4 18     14  20
29  93  73  83   6   0  18 0.00  0.0    0  7.3 17 170   M    M   4        25 170
================================================================================
SM 2537 2019         0 399  6.32     0.0 166.2          M      168
================================================================================
AV 87.5 69.6                               5.7 FASTST   M    M   6    MAX(MPH)
                                 MISC ---->  # 40  10               # 58  360
================================================================================
NOTES:
# LAST OF SEVERAL OCCURRENCES

COLUMN 17 PEAK WIND IN M.P.H.

PRELIMINARY LOCAL CLIMATOLOGICAL DATA (WS FORM: F-6) , PAGE 2

                                          STATION:  LOUISVILLE KY
                                          MONTH:    AUGUST
                                          YEAR:     2014
                                          LATITUDE:   38 10 N
                                          LONGITUDE:  85 44 W

[TEMPERATURE DATA]      [PRECIPITATION DATA]       SYMBOLS USED IN COLUMN 16

AVERAGE MONTHLY: 78.6   TOTAL FOR MONTH:   6.32    1 = FOG OR MIST
DPTR FM NORMAL:   0.0   DPTR FM NORMAL:    3.17    2 = FOG REDUCING VISIBILITY
HIGHEST:    94 ON 27,26 GRTST 24HR  2.42 ON  8- 9      TO 1/4 MILE OR LESS
LOWEST:     60 ON 13                               3 = THUNDER
                        SNOW, ICE PELLETS, HAIL    4 = ICE PELLETS
                        TOTAL MONTH:   0.0 INCH    5 = HAIL
                        GRTST 24HR     0.0         6 = FREEZING RAIN OR DRIZZLE
                        GRTST DEPTH:   0           7 = DUSTSTORM OR SANDSTORM:
                                                       VSBY 1/2 MILE OR LESS
                                                   8 = SMOKE OR HAZE
[NO. OF DAYS WITH]      [WEATHER - DAYS WITH]      9 = BLOWING SNOW
                                                   X = TORNADO
MAX 32 OR BELOW:   0    0.01 INCH OR MORE:  12
MAX 90 OR ABOVE:  12    0.10 INCH OR MORE:   8
MIN 32 OR BELOW:   0    0.50 INCH OR MORE:   6
MIN  0 OR BELOW:   0    1.00 INCH OR MORE:   2

[HDD (BASE 65) ]
TOTAL THIS MO.     0    CLEAR  (SCALE 0-3)   5
DPTR FM NORMAL     0    PTCLDY (SCALE 4-7)  17
TOTAL FM JUL 1     0    CLOUDY (SCALE 8-10)  7
DPTR FM NORMAL     0

[CDD (BASE 65) ]
TOTAL THIS MO.   399
DPTR FM NORMAL     7    [PRESSURE DATA]
TOTAL FM JAN 1  1367    HIGHEST SLP M ON M
DPTR FM NORMAL    34    LOWEST  SLP 29.78 ON 18

[REMARKS]




U.S. Dept. of Commerce
NOAA National Weather Service
1325 East West Highway
Silver Spring, MD 20910
E-mail: w-nws.webmaster@noaa.gov
Page last modified: May 16, 2007
NATIONAL WEATHER SERVICE: for Safety, for Work, for Fun - FOR LIFE