906
CXUS53 KLMK 011129
CF6SDF
PRELIMINARY LOCAL CLIMATOLOGICAL DATA (WS FORM: F-6)

                                          STATION:   LOUISVILLE KY
                                          MONTH:     JULY
                                          YEAR:      2014
                                          LATITUDE:   38 10 N
                                          LONGITUDE:  85 44 W

  TEMPERATURE IN F:       :PCPN:    SNOW:  WIND      :SUNSHINE: SKY     :PK WND
================================================================================
1   2   3   4   5  6A  6B    7    8   9   10  11  12  13   14  15   16   17  18
                                     12Z  AVG MX 2MIN
DY MAX MIN AVG DEP HDD CDD  WTR  SNW DPTH SPD SPD DIR MIN PSBL S-S WX    SPD DR
================================================================================

 1  93  70  82   3   0  17 0.11  0.0    0  9.8 35 300   M    M   7 13     43 310
 2  88  68  78  -1   0  13 0.13  0.0    0  8.9 24 280   M    M   6 1      33 260
 3  77  61  69 -10   0   4 0.00  0.0    0  8.1 15 280   M    M   7        19 290
 4  82  58  70  -9   0   5 0.00  0.0    0  6.8 17 360   M    M   1        25 360
 5  84  59  72  -7   0   7 0.00  0.0    0  5.7 15 140   M    M   5 18     20 140
 6  88  65  77  -2   0  12 0.00  0.0    0  9.3 21 230   M    M   6        27 200
 7  92  72  82   3   0  17    T  0.0    0 11.7 24 200   M    M   7 3      31 230
 8  88  74  81   2   0  16 0.03  0.0    0 13.1 24 260   M    M   7 138    29 260
 9  89  70  80   1   0  15 0.00  0.0    0  7.4 16 280   M    M   4        24 250
10  89  69  79   0   0  14 0.00  0.0    0  6.5 17 360   M    M   4        22 350
11  91  65  78  -1   0  13 0.00  0.0    0  4.4 13 240   M    M   4        16 220
12  90  68  79   0   0  14 0.00  0.0    0  4.7 14 200   M    M   7 18     18 200
13  97  73  85   5   0  20 1.34  0.0    0 10.4 22 250   M    M   8 13     29 260
14  87  69  78  -2   0  13 0.17  0.0    0  8.1 23 350   M    M   9 13     27  10
15  79  63  71  -9   0   6 0.00  0.0    0 10.1 20 290   M    M   4        24 280
16  78  58  68 -12   0   3 0.00  0.0    0  5.5 15 330   M    M   3        20 320
17  81  60  71  -8   0   6 0.00  0.0    0  6.0 14  10   M    M   3        21  40
18  73  63  68 -11   0   3 0.01  0.0    0  5.6 10 150   M    M  10 1      13 100
19  77  65  71  -8   0   6    T  0.0    0  6.0 10  30   M    M   9 18     13  50
20  86  70  78  -1   0  13    T  0.0    0  5.5 12  30   M    M   7        16  20
21  90  69  80   1   0  15 0.00  0.0    0  3.4 13  80   M    M   2 18     20  60
22  94  70  82   3   0  17 0.00  0.0    0  4.2 12 220   M    M   3 18     16 220
23  88  73  81   2   0  16 0.01  0.0    0  6.8 20 350   M    M   8 8      22 360
24  82  68  75  -4   0  10    T  0.0    0 10.9 18  40   M    M   5        26  10
25  86  60  73  -6   0   8 0.00  0.0    0  5.1 15 200   M    M   6        19 210
26  94  67  81   2   0  16 0.99  0.0    0  8.3 40 290   M    M   7 13     51 290
27  91  70  81   2   0  16 0.82  0.0    0 11.9 25 300   M    M   7 13     37 300
28  79  63  71  -8   0   6 0.00  0.0    0 11.2 18 330   M    M   5        23 330
29  79  54  67 -12   0   2 0.00  0.0    0  6.9 15 320   M    M   2        20 310
30  83  62  73  -6   0   8 0.00  0.0    0  6.1 15 260   M    M   2 8      19 290
31  86  64  75  -4   0  10 0.00  0.0    0  3.5 12 220   M    M   4 8      17 240
================================================================================
SM 2661 2040         0 341  3.61     0.0 231.9          M      169
================================================================================
AV 85.8 65.8                               7.5 FASTST   M    M   5    MAX(MPH)
                                 MISC ---->  # 40 290               # 51  290
================================================================================
NOTES:
# LAST OF SEVERAL OCCURRENCES

COLUMN 17 PEAK WIND IN M.P.H.

PRELIMINARY LOCAL CLIMATOLOGICAL DATA (WS FORM: F-6) , PAGE 2

                                          STATION:  LOUISVILLE KY
                                          MONTH:    JULY
                                          YEAR:     2014
                                          LATITUDE:   38 10 N
                                          LONGITUDE:  85 44 W

[TEMPERATURE DATA]      [PRECIPITATION DATA]       SYMBOLS USED IN COLUMN 16

AVERAGE MONTHLY: 75.8   TOTAL FOR MONTH:   3.61    1 = FOG OR MIST
DPTR FM NORMAL:  -3.5   DPTR FM NORMAL:   -0.62    2 = FOG REDUCING VISIBILITY
HIGHEST:    97 ON 13    GRTST 24HR  1.81 ON 26-27      TO 1/4 MILE OR LESS
LOWEST:     54 ON 29                               3 = THUNDER
                        SNOW, ICE PELLETS, HAIL    4 = ICE PELLETS
                        TOTAL MONTH:   0.0 INCH    5 = HAIL
                        GRTST 24HR     0.0         6 = FREEZING RAIN OR DRIZZLE
                        GRTST DEPTH:   0           7 = DUSTSTORM OR SANDSTORM:
                                                       VSBY 1/2 MILE OR LESS
                                                   8 = SMOKE OR HAZE
[NO. OF DAYS WITH]      [WEATHER - DAYS WITH]      9 = BLOWING SNOW
                                                   X = TORNADO
MAX 32 OR BELOW:   0    0.01 INCH OR MORE:   9
MAX 90 OR ABOVE:   9    0.10 INCH OR MORE:   6
MIN 32 OR BELOW:   0    0.50 INCH OR MORE:   3
MIN  0 OR BELOW:   0    1.00 INCH OR MORE:   1

[HDD (BASE 65) ]
TOTAL THIS MO.     0    CLEAR  (SCALE 0-3)   7
DPTR FM NORMAL     0    PTCLDY (SCALE 4-7)  21
TOTAL FM JUL 1     0    CLOUDY (SCALE 8-10)  3
DPTR FM NORMAL     0

[CDD (BASE 65) ]
TOTAL THIS MO.   341
DPTR FM NORMAL  -102    [PRESSURE DATA]
TOTAL FM JAN 1   968    HIGHEST SLP 30.29 ON  5
DPTR FM NORMAL    27    LOWEST  SLP 29.72 ON 27

[REMARKS]
#FINAL-07-14#




U.S. Dept. of Commerce
NOAA National Weather Service
1325 East West Highway
Silver Spring, MD 20910
E-mail: w-nws.webmaster@noaa.gov
Page last modified: May 16, 2007
NATIONAL WEATHER SERVICE: for Safety, for Work, for Fun - FOR LIFE