703
CXUS55 KLOX 281655
CF6SDB
PRELIMINARY LOCAL CLIMATOLOGICAL DATA (WS FORM: F-6)

                                          STATION:   SANDBERG CA
                                          MONTH:     JULY
                                          YEAR:      2014
                                          LATITUDE:   34 45 N
                                          LONGITUDE: 118 44 W

  TEMPERATURE IN F:       :PCPN:    SNOW:  WIND      :SUNSHINE: SKY     :PK WND
================================================================================
1   2   3   4   5  6A  6B    7    8   9   10  11  12  13   14  15   16   17  18
                                     12Z  AVG MX 2MIN
DY MAX MIN AVG DEP HDD CDD  WTR  SNW DPTH SPD SPD DIR MIN PSBL S-S WX    SPD DR
================================================================================

 1  92  71  82  11   0  17 0.00  0.0    0 10.9 18 340   M    M   0        26 160
 2  91  69  80   8   0  15 0.00  0.0    0 11.7  M   M   M    M   0         M  M
 3  94  77  86  14   0  21 0.00  0.0    0 11.8 18 180   M    M   0        30 160
 4  90  68  79   7   0  14 0.00  0.0    0 12.6 24 170   M    M   0        34 180
 5  92  68  80   8   0  15 0.00  0.0    0 10.3  M   M   M    M   0         M  M
 6  90  71  81   8   0  16 0.00  0.0    0 16.0 31 340   M    M   1        38 330
 7  94  73  84  11   0  19 0.00  0.0    0 12.3 25 350   M    M   0        34 350
 8  93  70  82   9   0  17 0.00  0.0    0  8.6 18 170   M    M   0        25 210
 9  91  67  79   6   0  14 0.00  0.0    0 10.5 18 180   M    M   0        25 150
10  84  63  74   0   0   9 0.00  0.0    0 10.2 21 170   M    M   0        30 170
11  84  61  73  -1   0   8 0.00  0.0    0 11.5 23 340   M    M   0        29 340
12  94  65  80   6   0  15 0.00  0.0    0 14.2 25 330   M    M   0        32 340
13  99  70  85  11   0  20 0.00  0.0    0 12.8 29 340   M    M   0        45 330
14  89  70  80   6   0  15 0.00  0.0    0 11.4 26 180   M    M   1        34 170
15  87  63  75   1   0  10 0.00  0.0    0 10.3 23 180   M    M   1 8      29 170
16  83  63  73  -1   0   8 0.00  0.0    0 11.7 23 180   M    M   0        29 180
17  79  59  69  -6   0   4 0.00  0.0    0 10.5 20 180   M    M   0        28 170
18  83  58  71  -4   0   6 0.00  0.0    0 10.5 20 190   M    M   0        28 170
19  83  63  73  -2   0   8    T  0.0    0  8.9 18  80   M    M   2        23 180
20  81  62  72  -3   0   7    T  0.0    0 11.2 23 180   M    M   1        30 170
21  85  60  73  -2   0   8 0.00  0.0    0 10.4 20 150   M    M   0        28 160
22  89  64  77   2   0  12 0.00  0.0    0 11.5 21 330   M    M   0        28 150
23  88  66  77   2   0  12 0.00  0.0    0 14.8 25 330   M    M   0        29 350
24  96  63  80   5   0  15 0.00  0.0    0 13.5 28 340   M    M   0        33 340
25  93  69  81   6   0  16 0.00  0.0    0 14.4 26 180   M    M   0        35 180
26  94  71  83   8   0  18 0.00  0.0    M 11.3 23 160   M    M   0        30 170
27  90  75  83   8   0  18    T  0.0    0 11.9 26 330   M    M   1        31 340
================================================================================
SM 2408 1799         0 357    T      0.0 315.7          M        7
================================================================================
AV 89.2 66.6                              11.7 FASTST   M    M   0    MAX(MPH)
                                 MISC ---->  # 31 340               # 45  330
================================================================================
NOTES:
# LAST OF SEVERAL OCCURRENCES

COLUMN 17 PEAK WIND IN M.P.H.

PRELIMINARY LOCAL CLIMATOLOGICAL DATA (WS FORM: F-6) , PAGE 2

                                          STATION:  SANDBERG CA
                                          MONTH:    JULY
                                          YEAR:     2014
                                          LATITUDE:   34 45 N
                                          LONGITUDE: 118 44 W

[TEMPERATURE DATA]      [PRECIPITATION DATA]       SYMBOLS USED IN COLUMN 16

AVERAGE MONTHLY: 77.9   TOTAL FOR MONTH:      T    1 = FOG OR MIST
DPTR FM NORMAL:   4.1   DPTR FM NORMAL:   -0.02    2 = FOG REDUCING VISIBILITY
HIGHEST:    99 ON 13    GRTST 24HR    T  ON 27-27      TO 1/4 MILE OR LESS
LOWEST:     58 ON 18                               3 = THUNDER
                        SNOW, ICE PELLETS, HAIL    4 = ICE PELLETS
                        TOTAL MONTH:   0.0 INCH    5 = HAIL
                        GRTST 24HR     0.0         6 = FREEZING RAIN OR DRIZZLE
                        GRTST DEPTH:   0           7 = DUSTSTORM OR SANDSTORM:
                                                       VSBY 1/2 MILE OR LESS
                                                   8 = SMOKE OR HAZE
[NO. OF DAYS WITH]      [WEATHER - DAYS WITH]      9 = BLOWING SNOW
                                                   X = TORNADO
MAX 32 OR BELOW:   0    0.01 INCH OR MORE:   0
MAX 90 OR ABOVE:  15    0.10 INCH OR MORE:   0
MIN 32 OR BELOW:   0    0.50 INCH OR MORE:   0
MIN  0 OR BELOW:   0    1.00 INCH OR MORE:   0

[HDD (BASE 65) ]
TOTAL THIS MO.     0    CLEAR  (SCALE 0-3)  27
DPTR FM NORMAL    -4    PTCLDY (SCALE 4-7)   0
TOTAL FM JUL 1     0    CLOUDY (SCALE 8-10)  0
DPTR FM NORMAL    -4

[CDD (BASE 65) ]
TOTAL THIS MO.   357
DPTR FM NORMAL   112    [PRESSURE DATA]
TOTAL FM JAN 1   747    HIGHEST SLP M ON M
DPTR FM NORMAL   326    LOWEST  SLP 29.69 ON 24

[REMARKS]




U.S. Dept. of Commerce
NOAA National Weather Service
1325 East West Highway
Silver Spring, MD 20910
E-mail: w-nws.webmaster@noaa.gov
Page last modified: May 16, 2007
NATIONAL WEATHER SERVICE: for Safety, for Work, for Fun - FOR LIFE