451
CXUS55 KLOX 281655
CF6SDB
PRELIMINARY LOCAL CLIMATOLOGICAL DATA (WS FORM: F-6)

                                          STATION:   SANDBERG CA
                                          MONTH:     NOVEMBER
                                          YEAR:      2014
                                          LATITUDE:   34 45 N
                                          LONGITUDE: 118 44 W

  TEMPERATURE IN F:       :PCPN:    SNOW:  WIND      :SUNSHINE: SKY     :PK WND
================================================================================
1   2   3   4   5  6A  6B    7    8   9   10  11  12  13   14  15   16   17  18
                                     12Z  AVG MX 2MIN
DY MAX MIN AVG DEP HDD CDD  WTR  SNW DPTH SPD SPD DIR MIN PSBL S-S WX    SPD DR
================================================================================

 1  52  41  47  -7  18   0 0.01    M    0 10.0 23 210   M    M   9 128    28 210
 2  50  40  45  -9  20   0    T    M    0 19.1 30 330   M    M   5 128    35 350
 3  57  40  49  -5  16   0 0.00  0.0    0 11.5 23  80   M    M   0        30  70
 4  63  45  54   1  11   0 0.00  0.0    0 13.0 25  70   M    M   0        33  80
 5  69  51  60   7   5   0 0.00  0.0    0 16.7 25  80   M    M   0        35  80
 6  75  60  68  16   0   3 0.00  0.0    0 11.0 22  80   M    M   0        27  90
 7  79  59  69  17   0   4 0.00  0.0    0  7.6 16 350   M    M   0        22  30
 8  77  62  70  18   0   5 0.00  0.0    0 14.7 22  80   M    M   0        28  90
 9  81  60  71  20   0   6 0.00  0.0    0  9.2 20 330   M    M   0        24 330
10  68  49  59   8   6   0 0.00  0.0    0 10.3 23 210   M    M   0 8      29 200
11  57  45  51   0  14   0 0.00  0.0    0 13.5 23 200   M    M   6 128    31 210
12  63  44  54   4  11   0 0.00  0.0    0 10.6 17 290   M    M   3 128    22 200
13  65  45  55   5  10   0 0.00  0.0    0  9.4 26 320   M    M   5 128    31 320
14  56  45  51   1  14   0    T    M    0 16.4 37 340   M    M   4 128    46 340
15  56  44  50   1  15   0 0.00  0.0    0 13.2 25 350   M    M   3 18     33 350
16  54  41  48  -1  17   0 0.00  0.0    0 20.1 33  80   M    M   2 18     45  80
17  58  44  51   2  14   0 0.00  0.0    0 22.1 28  80   M    M   2        34  80
18  60  47  54   6  11   0 0.00  0.0    0 18.9 31  80   M    M   0        38  70
19  63  47  55   7  10   0    T    M    0  8.3 18 180   M    M   3        25 150
20  59  45  52   4  13   0 0.01    M    0 11.3 24 270   M    M   3 18     31 290
21  51  42  47   0  18   0 0.01    M    0 22.3 39 340   M    M   6 128    46 340
22  60  44  52   5  13   0 0.03    M    0 20.7 37 320   M    M   4 128    45 330
23  59  43  51   5  14   0 0.01    M    0 15.0 37 340   M    M   3 128    44 340
24  58  41  50   4  15   0 0.00  0.0    0 14.8 31  80   M    M   0        38  90
25  69  50  60  14   5   0 0.00  0.0    0 12.2 26 330   M    M   0        31 330
26  73  55  64  18   1   0 0.00  0.0    0 10.9 17  70   M    M   0        22  80
27  73  58  66  21   0   1 0.00  0.0    0 10.2 17  70   M    M   0        21  70
================================================================================
SM 1705 1287       271  19  0.07     0.0 373.0          M       58
================================================================================
AV 63.1 47.7                              13.8 FASTST   M    M   2    MAX(MPH)
                                 MISC ---->  # 39 340               # 46  340
================================================================================
NOTES:
# LAST OF SEVERAL OCCURRENCES

COLUMN 17 PEAK WIND IN M.P.H.

PRELIMINARY LOCAL CLIMATOLOGICAL DATA (WS FORM: F-6) , PAGE 2

                                          STATION:  SANDBERG CA
                                          MONTH:    NOVEMBER
                                          YEAR:     2014
                                          LATITUDE:   34 45 N
                                          LONGITUDE: 118 44 W

[TEMPERATURE DATA]      [PRECIPITATION DATA]       SYMBOLS USED IN COLUMN 16

AVERAGE MONTHLY: 55.4   TOTAL FOR MONTH:   0.07    1 = FOG OR MIST
DPTR FM NORMAL:   5.7   DPTR FM NORMAL:   -0.60    2 = FOG REDUCING VISIBILITY
HIGHEST:    81 ON  9    GRTST 24HR  0.50 ON 31- 1      TO 1/4 MILE OR LESS
LOWEST:     40 ON  3, 2                            3 = THUNDER
                        SNOW, ICE PELLETS, HAIL    4 = ICE PELLETS
                        TOTAL MONTH:   0.0 INCH    5 = HAIL
                        GRTST 24HR     0.0         6 = FREEZING RAIN OR DRIZZLE
                        GRTST DEPTH:   0           7 = DUSTSTORM OR SANDSTORM:
                                                       VSBY 1/2 MILE OR LESS
                                                   8 = SMOKE OR HAZE
[NO. OF DAYS WITH]      [WEATHER - DAYS WITH]      9 = BLOWING SNOW
                                                   X = TORNADO
MAX 32 OR BELOW:   0    0.01 INCH OR MORE:   5
MAX 90 OR ABOVE:   0    0.10 INCH OR MORE:   0
MIN 32 OR BELOW:   0    0.50 INCH OR MORE:   0
MIN  0 OR BELOW:   0    1.00 INCH OR MORE:   0

[HDD (BASE 65) ]
TOTAL THIS MO.   271    CLEAR  (SCALE 0-3)  18
DPTR FM NORMAL  -145    PTCLDY (SCALE 4-7)   8
TOTAL FM JUL 1   363    CLOUDY (SCALE 8-10)  1
DPTR FM NORMAL  -354

[CDD (BASE 65) ]
TOTAL THIS MO.    19
DPTR FM NORMAL    19    [PRESSURE DATA]
TOTAL FM JAN 1  1688    HIGHEST SLP M ON M
DPTR FM NORMAL   692    LOWEST  SLP 29.77 ON  9

[REMARKS]




U.S. Dept. of Commerce
NOAA National Weather Service
1325 East West Highway
Silver Spring, MD 20910
E-mail: w-nws.webmaster@noaa.gov
Page last modified: May 16, 2007
NATIONAL WEATHER SERVICE: for Safety, for Work, for Fun - FOR LIFE