941
CXUS55 KLOX 011155
CF6SDB
PRELIMINARY LOCAL CLIMATOLOGICAL DATA (WS FORM: F-6)

                                          STATION:   SANDBERG CA
                                          MONTH:     AUGUST
                                          YEAR:      2014
                                          LATITUDE:   34 45 N
                                          LONGITUDE: 118 44 W

  TEMPERATURE IN F:       :PCPN:    SNOW:  WIND      :SUNSHINE: SKY     :PK WND
================================================================================
1   2   3   4   5  6A  6B    7    8   9   10  11  12  13   14  15   16   17  18
                                     12Z  AVG MX 2MIN
DY MAX MIN AVG DEP HDD CDD  WTR  SNW DPTH SPD SPD DIR MIN PSBL S-S WX    SPD DR
================================================================================

 1  97  76  87  12   0  22 0.00  0.0    0 12.2 26 340   M    M   0        34 340
 2  90  69  80   5   0  15    T  0.0    0 12.9 25 180   M    M   1        35 190
 3  74  62  68  -7   0   3 0.16  0.0    0  6.7 22 290   M    M   9        25 280
 4  84  61  73  -2   0   8 0.00  0.0    0 10.7 24 170   M    M   2        37 180
 5  86  63  75   0   0  10 0.00  0.0    0 11.4 25 340   M    M   0        31 340
 6  83  62  73  -2   0   8 0.00  0.0    0 13.2 28 340   M    M   0        34 330
 7  87  65  76   1   0  11 0.00  0.0    0 13.1 24 330   M    M   0        30 340
 8  91  69  80   5   0  15 0.00  0.0    0 11.2 26 330   M    M   0        32 340
 9  91  71  81   6   0  16 0.00  0.0    0 11.5 22 160   M    M   0        29 170
10  91  71  81   6   0  16 0.00  0.0    0  9.9 20 220   M    M   0        26 220
11  90  69  80   5   0  15 0.00  0.0    0 11.5 22 130   M    M   0        29 120
12  92  69  81   6   0  16 0.00  0.0    0  9.2 21 210   M    M   3        30 220
13  86  65  76   2   0  11 0.00  0.0    0 12.0 26 220   M    M   0        34 220
14  87  62  75   1   0  10 0.00  0.0    0 13.9 28 160   M    M   0        35 170
15  90  65  78   4   0  13 0.00  0.0    0 12.4 22 180   M    M   0        30 170
16  94  70  82   8   0  17 0.00  0.0    0 10.4 22 340   M    M   0        29 340
17  93  72  83   9   0  18 0.00  0.0    0 12.0 24 330   M    M   0        31 320
18  92  66  79   5   0  14 0.00  0.0    0  9.8 23 340   M    M   0        35 360
19  80  57  69  -5   0   4 0.00  0.0    0 12.3 25 180   M    M   0 8      34 160
20  83  54  69  -5   0   4 0.00  0.0    0 10.3 21 210   M    M   0        29 210
21  86  61  74   0   0   9 0.00  0.0    0 10.0 21 200   M    M   0        28 210
22  83  63  73  -1   0   8 0.00  0.0    0 12.5 21 170   M    M   1        29 160
23  83  61  72  -2   0   7 0.00  0.0    0 11.4 20 180   M    M   0        26 170
24  83  60  72  -2   0   7 0.00  0.0    0 13.7 24 180   M    M   0        32 170
25  79  58  69  -5   0   4 0.00  0.0    0 17.5 32 180   M    M   0        43 190
26  83  58  71  -2   0   6 0.00  0.0    0 12.5 24 180   M    M   0        33 150
27  90  64  77   4   0  12 0.00  0.0    0  9.1 17 340   M    M   0        22 140
28  95  70  83  10   0  18 0.00  0.0    0 13.4 21 330   M    M   0        28 320
29  95  69  82   9   0  17 0.00  0.0    0 15.0 28 330   M    M   0        39 340
30  89  69  79   6   0  14 0.00  0.0    0 18.0 32 340   M    M   0        41 340
31  86  67  77   4   0  12 0.00  0.0    0 19.6 41 340   M    M   0        54 350
================================================================================
SM 2713 2018         0 360  0.16     0.0 379.3          M       16
================================================================================
AV 87.5 65.1                              12.2 FASTST   M    M   1    MAX(MPH)
                                 MISC ---->  # 41 340               # 54  350
================================================================================
NOTES:
# LAST OF SEVERAL OCCURRENCES

COLUMN 17 PEAK WIND IN M.P.H.

PRELIMINARY LOCAL CLIMATOLOGICAL DATA (WS FORM: F-6) , PAGE 2

                                          STATION:  SANDBERG CA
                                          MONTH:    AUGUST
                                          YEAR:     2014
                                          LATITUDE:   34 45 N
                                          LONGITUDE: 118 44 W

[TEMPERATURE DATA]      [PRECIPITATION DATA]       SYMBOLS USED IN COLUMN 16

AVERAGE MONTHLY: 76.3   TOTAL FOR MONTH:   0.16    1 = FOG OR MIST
DPTR FM NORMAL:   2.1   DPTR FM NORMAL:    0.13    2 = FOG REDUCING VISIBILITY
HIGHEST:    97 ON  1    GRTST 24HR  0.16 ON  3- 3      TO 1/4 MILE OR LESS
LOWEST:     54 ON 20                               3 = THUNDER
                        SNOW, ICE PELLETS, HAIL    4 = ICE PELLETS
                        TOTAL MONTH:   0.0 INCH    5 = HAIL
                        GRTST 24HR     0.0         6 = FREEZING RAIN OR DRIZZLE
                        GRTST DEPTH:   0           7 = DUSTSTORM OR SANDSTORM:
                                                       VSBY 1/2 MILE OR LESS
                                                   8 = SMOKE OR HAZE
[NO. OF DAYS WITH]      [WEATHER - DAYS WITH]      9 = BLOWING SNOW
                                                   X = TORNADO
MAX 32 OR BELOW:   0    0.01 INCH OR MORE:   1
MAX 90 OR ABOVE:  14    0.10 INCH OR MORE:   1
MIN 32 OR BELOW:   0    0.50 INCH OR MORE:   0
MIN  0 OR BELOW:   0    1.00 INCH OR MORE:   0

[HDD (BASE 65) ]
TOTAL THIS MO.     0    CLEAR  (SCALE 0-3)  30
DPTR FM NORMAL    -9    PTCLDY (SCALE 4-7)   0
TOTAL FM JUL 1     0    CLOUDY (SCALE 8-10)  1
DPTR FM NORMAL   -17

[CDD (BASE 65) ]
TOTAL THIS MO.   360
DPTR FM NORMAL    66    [PRESSURE DATA]
TOTAL FM JAN 1  1180    HIGHEST SLP 30.09 ON 27
DPTR FM NORMAL   423    LOWEST  SLP 29.80 ON 31

[REMARKS]
#FINAL-08-14#




U.S. Dept. of Commerce
NOAA National Weather Service
1325 East West Highway
Silver Spring, MD 20910
E-mail: w-nws.webmaster@noaa.gov
Page last modified: May 16, 2007
NATIONAL WEATHER SERVICE: for Safety, for Work, for Fun - FOR LIFE