660
CXUS56 KSTO 301455
CF6SCK
PRELIMINARY LOCAL CLIMATOLOGICAL DATA (WS FORM: F-6)

                                          STATION:   STOCKTON AIRPORT CA
                                          MONTH:     JULY
                                          YEAR:      2014
                                          LATITUDE:   37 54 N
                                          LONGITUDE: 121 15 W

  TEMPERATURE IN F:       :PCPN:    SNOW:  WIND      :SUNSHINE: SKY     :PK WND
================================================================================
1   2   3   4   5  6A  6B    7    8   9   10  11  12  13   14  15   16   17  18
                                     12Z  AVG MX 2MIN
DY MAX MIN AVG DEP HDD CDD  WTR  SNW DPTH SPD SPD DIR MIN PSBL S-S WX    SPD DR
================================================================================

 1  94  63  79   3   0  14 0.00  0.0    0  7.8 16 320   M    M   0        20 320
 2  93  58  76   0   0  11 0.00  0.0    0  9.7 21 260   M    M   0        25 270
 3  95  62  79   3   0  14 0.00  0.0    0  8.2 20 270   M    M   0        28 240
 4  98  59  79   3   0  14 0.00  0.0    0  6.4 17 300   M    M   0        22 290
 5  98  61  80   4   0  15 0.00  0.0    0  7.7 17 290   M    M   0        21 300
 6 100  57  79   3   0  14 0.00  0.0    0  7.1 15 300   M    M   0 8      18 300
 7  97  61  79   3   0  14 0.00  0.0    0  3.9 13 290   M    M   0        16 260
 8  98  68  83   7   0  18 0.00  0.0    0  6.9 15 320   M    M   0        20 290
 9  92  61  77   0   0  12 0.00  0.0    0  8.8 18 310   M    M   0        23 320
10  87  61  74  -3   0   9 0.00  0.0    0 10.4 17 310   M    M   0        22 300
11  87  61  74  -3   0   9 0.00  0.0    0 10.8 20 310   M    M   0        22 310
12  91  58  75  -2   0  10 0.00  0.0    0  9.2 16 310   M    M   0        20 280
13  99  61  80   3   0  15 0.00  0.0    0  7.2 17 310   M    M   0        22 310
14 105  69  87  10   0  22 0.00  0.0    0  7.5 23 290   M    M   0 8      26 290
15  95  67  81   4   0  16 0.00  0.0    0  9.9 21 310   M    M   0        25 320
16  87  65  76  -1   0  11 0.00  0.0    0 11.3 20 300   M    M   0        26 330
17  86  62  74  -3   0   9 0.00  0.0    0  8.0 17 270   M    M   0        22 260
18  87  60  74  -3   0   9 0.00  0.0    0  9.0 16 310   M    M   0        18 310
19  94  60  77   0   0  12 0.00  0.0    0  8.1 20 300   M    M   0        23 290
20  86  67  77   0   0  12 0.00  0.0    0  9.7 21 310   M    M   0        24 310
21  84  64  74  -3   0   9 0.00  0.0    0  9.9 18 310   M    M   0        22 310
22  87  62  75  -2   0  10 0.00  0.0    0  8.6 20 280   M    M   0        24 270
23  87  61  74  -3   0   9 0.00  0.0    0  8.5 17 310   M    M   0        21 320
24  95  60  78   1   0  13 0.00  0.0    0  8.2 16 290   M    M   0        21 340
25 101  59  80   3   0  15 0.00  0.0    0  5.9 17 300   M    M   0        22 300
26 103  62  83   6   0  18 0.00  0.0    0  7.0 17 310   M    M   0 8      20 270
27 101  69  85   8   0  20 0.00  0.0    0  8.1 17 300   M    M   0        22 300
28  99  64  82   5   0  17 0.00  0.0    0  6.3 14 330   M    M   0        15 320
29  99  68  84   7   0  19 0.00  0.0    0  7.8 15 310   M    M   0 8      20 310
================================================================================
SM 2725 1810         0 390  0.00     0.0 237.9          M        0
================================================================================
AV 94.0 62.4                               8.2 FASTST   M    M   0    MAX(MPH)
                                 MISC ---->  # 23 290               # 28  240
================================================================================
NOTES:
# LAST OF SEVERAL OCCURRENCES

COLUMN 17 PEAK WIND IN M.P.H.

PRELIMINARY LOCAL CLIMATOLOGICAL DATA (WS FORM: F-6) , PAGE 2

                                          STATION:  STOCKTON AIRPORT CA
                                          MONTH:    JULY
                                          YEAR:     2014
                                          LATITUDE:   37 54 N
                                          LONGITUDE: 121 15 W

[TEMPERATURE DATA]      [PRECIPITATION DATA]       SYMBOLS USED IN COLUMN 16

AVERAGE MONTHLY: 78.2   TOTAL FOR MONTH:   0.00    1 = FOG OR MIST
DPTR FM NORMAL:   1.5   DPTR FM NORMAL:    0.00    2 = FOG REDUCING VISIBILITY
HIGHEST:   105 ON 14    GRTST 24HR  0.01 ON 30- 1      TO 1/4 MILE OR LESS
LOWEST:     57 ON  6                               3 = THUNDER
                        SNOW, ICE PELLETS, HAIL    4 = ICE PELLETS
                        TOTAL MONTH:   0.0 INCH    5 = HAIL
                        GRTST 24HR     0.0         6 = FREEZING RAIN OR DRIZZLE
                        GRTST DEPTH:   0           7 = DUSTSTORM OR SANDSTORM:
                                                       VSBY 1/2 MILE OR LESS
                                                   8 = SMOKE OR HAZE
[NO. OF DAYS WITH]      [WEATHER - DAYS WITH]      9 = BLOWING SNOW
                                                   X = TORNADO
MAX 32 OR BELOW:   0    0.01 INCH OR MORE:   0
MAX 90 OR ABOVE:  20    0.10 INCH OR MORE:   0
MIN 32 OR BELOW:   0    0.50 INCH OR MORE:   0
MIN  0 OR BELOW:   0    1.00 INCH OR MORE:   0

[HDD (BASE 65) ]
TOTAL THIS MO.     0    CLEAR  (SCALE 0-3)  29
DPTR FM NORMAL     0    PTCLDY (SCALE 4-7)   0
TOTAL FM JUL 1     0    CLOUDY (SCALE 8-10)  0
DPTR FM NORMAL     0

[CDD (BASE 65) ]
TOTAL THIS MO.   390
DPTR FM NORMAL    50    [PRESSURE DATA]
TOTAL FM JAN 1   848    HIGHEST SLP M ON M
DPTR FM NORMAL   159    LOWEST  SLP 29.70 ON  1

[REMARKS]




U.S. Dept. of Commerce
NOAA National Weather Service
1325 East West Highway
Silver Spring, MD 20910
E-mail: w-nws.webmaster@noaa.gov
Page last modified: May 16, 2007
NATIONAL WEATHER SERVICE: for Safety, for Work, for Fun - FOR LIFE