034
CXUS56 KSTO 281455
CF6SCK
PRELIMINARY LOCAL CLIMATOLOGICAL DATA (WS FORM: F-6)

                                          STATION:   STOCKTON AIRPORT CA
                                          MONTH:     AUGUST
                                          YEAR:      2014
                                          LATITUDE:   37 54 N
                                          LONGITUDE: 121 15 W

  TEMPERATURE IN F:       :PCPN:    SNOW:  WIND      :SUNSHINE: SKY     :PK WND
================================================================================
1   2   3   4   5  6A  6B    7    8   9   10  11  12  13   14  15   16   17  18
                                     12Z  AVG MX 2MIN
DY MAX MIN AVG DEP HDD CDD  WTR  SNW DPTH SPD SPD DIR MIN PSBL S-S WX    SPD DR
================================================================================

 1 105  65  85   8   0  20 0.00  0.0    0  8.2 22 300   M    M   0        25 300
 2  99  64  82   5   0  17 0.00  0.0    0  8.7 16 290   M    M   0        21 290
 3  88  62  75  -2   0  10 0.00  0.0    0  6.2 13 290   M    M   0        15 300
 4  83  62  73  -3   0   8    T  0.0    0  8.7 17 310   M    M   1        18 310
 5  90  66  78   2   0  13    T  0.0    0 10.1 20 330   M    M   2        22 330
 6  92  72  82   6   0  17 0.00  0.0    0  8.9 16 260   M    M   1        21 290
 7  95  65  80   4   0  15 0.01  0.0    0  8.8 20 260   M    M   0        22 280
 8  94  61  78   2   0  13 0.00  0.0    0  8.2 16 260   M    M   0        21 290
 9  92  61  77   1   0  12 0.00  0.0    0 10.4 21 270   M    M   0        25 270
10  88  56  72  -4   0   7 0.00  0.0    0  6.9 16 290   M    M   0        21 290
11  94  59  77   1   0  12 0.00  0.0    0  6.8 20 300   M    M   0        23 300
12  90  60  75  -1   0  10 0.00  0.0    0  8.4 16 330   M    M   0 18     20 340
13  89  55  72  -4   0   7 0.00  0.0    0  9.1 18 310   M    M   0        22 300
14  92  62  77   1   0  12 0.00  0.0    0  6.3 15 310   M    M   0        20 310
15  94  62  78   2   0  13 0.00  0.0    0  6.9 16 300   M    M   0        18 300
16  96  60  78   2   0  13 0.00  0.0    0  7.5 14 320   M    M   0        18 310
17  94  57  76   0   0  11 0.00  0.0    0  7.9 14 280   M    M   0        25 290
18  92  58  75  -1   0  10 0.00  0.0    0  8.2 20 280   M    M   0        24 280
19  86  59  73  -3   0   8 0.00  0.0    0  7.7 18 270   M    M   0        24 280
20  84  59  72  -3   0   7 0.00  0.0    0  6.6 15 320   M    M   0        21 340
21  90  59  75   0   0  10 0.00  0.0    0  5.7 14 300   M    M   0 1      16 310
22  92  60  76   1   0  11 0.00  0.0    0  7.3 21 270   M    M   0        24 290
23  90  56  73  -2   0   8 0.00  0.0    0  6.2 17 300   M    M   0        21 300
24  89  58  74  -1   0   9 0.00  0.0    0  8.4 17 300   M    M   0        21 300
25  82  58  70  -5   0   5 0.00  0.0    0  7.7 16 280   M    M   0        24 320
26  90  57  74  -1   0   9 0.00  0.0    0  6.0 14 310   M    M   0        16 310
27  95  62  79   4   0  14 0.00  0.0    0  5.8 16 290   M    M   0        20 290
================================================================================
SM 2465 1635         0 301  0.01     0.0 207.6          M        4
================================================================================
AV 91.3 60.6                               7.7 FASTST   M    M   0    MAX(MPH)
                                 MISC ---->  # 22 300               # 25  300
================================================================================
NOTES:
# LAST OF SEVERAL OCCURRENCES

COLUMN 17 PEAK WIND IN M.P.H.

PRELIMINARY LOCAL CLIMATOLOGICAL DATA (WS FORM: F-6) , PAGE 2

                                          STATION:  STOCKTON AIRPORT CA
                                          MONTH:    AUGUST
                                          YEAR:     2014
                                          LATITUDE:   37 54 N
                                          LONGITUDE: 121 15 W

[TEMPERATURE DATA]      [PRECIPITATION DATA]       SYMBOLS USED IN COLUMN 16

AVERAGE MONTHLY: 75.9   TOTAL FOR MONTH:   0.01    1 = FOG OR MIST
DPTR FM NORMAL:   0.1   DPTR FM NORMAL:    0.00    2 = FOG REDUCING VISIBILITY
HIGHEST:   105 ON  1    GRTST 24HR  0.01 ON  7- 7      TO 1/4 MILE OR LESS
LOWEST:     55 ON 13                               3 = THUNDER
                        SNOW, ICE PELLETS, HAIL    4 = ICE PELLETS
                        TOTAL MONTH:   0.0 INCH    5 = HAIL
                        GRTST 24HR     0.0         6 = FREEZING RAIN OR DRIZZLE
                        GRTST DEPTH:   0           7 = DUSTSTORM OR SANDSTORM:
                                                       VSBY 1/2 MILE OR LESS
                                                   8 = SMOKE OR HAZE
[NO. OF DAYS WITH]      [WEATHER - DAYS WITH]      9 = BLOWING SNOW
                                                   X = TORNADO
MAX 32 OR BELOW:   0    0.01 INCH OR MORE:   1
MAX 90 OR ABOVE:  19    0.10 INCH OR MORE:   0
MIN 32 OR BELOW:   0    0.50 INCH OR MORE:   0
MIN  0 OR BELOW:   0    1.00 INCH OR MORE:   0

[HDD (BASE 65) ]
TOTAL THIS MO.     0    CLEAR  (SCALE 0-3)  27
DPTR FM NORMAL     0    PTCLDY (SCALE 4-7)   0
TOTAL FM JUL 1     0    CLOUDY (SCALE 8-10)  0
DPTR FM NORMAL     0

[CDD (BASE 65) ]
TOTAL THIS MO.   301
DPTR FM NORMAL     8    [PRESSURE DATA]
TOTAL FM JAN 1  1188    HIGHEST SLP M ON M
DPTR FM NORMAL   183    LOWEST  SLP 29.71 ON 18

[REMARKS]




U.S. Dept. of Commerce
NOAA National Weather Service
1325 East West Highway
Silver Spring, MD 20910
E-mail: w-nws.webmaster@noaa.gov
Page last modified: May 16, 2007
NATIONAL WEATHER SERVICE: for Safety, for Work, for Fun - FOR LIFE