567
CXUS56 KSTO 011455
CF6SCK
PRELIMINARY LOCAL CLIMATOLOGICAL DATA (WS FORM: F-6)

                                          STATION:   STOCKTON AIRPORT CA
                                          MONTH:     SEPTEMBER
                                          YEAR:      2014
                                          LATITUDE:   37 54 N
                                          LONGITUDE: 121 15 W

  TEMPERATURE IN F:       :PCPN:    SNOW:  WIND      :SUNSHINE: SKY     :PK WND
================================================================================
1   2   3   4   5  6A  6B    7    8   9   10  11  12  13   14  15   16   17  18
                                     12Z  AVG MX 2MIN
DY MAX MIN AVG DEP HDD CDD  WTR  SNW DPTH SPD SPD DIR MIN PSBL S-S WX    SPD DR
================================================================================

 1 100  62  81   7   0  16 0.00  0.0    0  5.9 14 290   M    M   0 8      17 300
 2  95  63  79   5   0  14 0.00  0.0    0  6.8 21 270   M    M   0 8      24 280
 3  93  59  76   2   0  11 0.00  0.0    0  8.2 15 280   M    M   0        21 300
 4  94  60  77   3   0  12 0.00  0.0    0  6.8 15 300   M    M   0        21 310
 5  91  60  76   2   0  11 0.00  0.0    0  7.6 17 300   M    M   0 1      20 300
 6  92  59  76   2   0  11 0.00  0.0    0  7.6 17 300   M    M   0 18     20 310
 7  91  56  74   0   0   9 0.00  0.0    0  7.4 17 320   M    M   0 1      21 310
 8  87  57  72  -2   0   7 0.00  0.0    0  7.7 16 260   M    M   0        22 270
 9  90  52  71  -3   0   6 0.00  0.0    0  6.1 13 300   M    M   0 1      22 310
10  98  56  77   4   0  12 0.00  0.0    0  3.9 16 310   M    M   0 18     20 310
11  99  58  79   6   0  14 0.00  0.0    0  4.8 13 320   M    M   0 8      15 310
12 102  60  81   8   0  16 0.00  0.0    0  5.0 14 290   M    M   0 8      16 290
13 102  64  83  10   0  18 0.00  0.0    0  5.8 17 300   M    M   0 8      20 300
14  98  61  80   7   0  15 0.00  0.0    0  5.6 16 310   M    M   0        20 300
15  92  64  78   5   0  13 0.00  0.0    0  7.4 16 320   M    M   0        20 310
16  91  58  75   3   0  10 0.00  0.0    0  5.2 14 290   M    M   0        16 290
17  94  60  77   5   0  12 0.00  0.0    0  5.4 16 300   M    M   0        18 280
18  86  63  75   3   0  10 0.00  0.0    0  7.1 21 300   M    M   1        23 300
19  88  63  76   4   0  11 0.00  0.0    0  6.0 14 300   M    M   0 8      17 300
20  88  61  75   3   0  10    T  0.0    0  8.1 20 290   M    M   0        23 290
21  85  59  72   1   0   7 0.00  0.0    0  7.1 21 300   M    M   0        23 300
22  89  59  74   3   0   9 0.00  0.0    0  5.4 16 300   M    M   0        18 320
23  90  59  75   4   0  10 0.00  0.0    0  6.7 18 300   M    M   0        21 310
24  89  61  75   4   0  10 0.00  0.0    0  6.2 18 290   M    M   0        22 290
25  73  58  66  -4   0   1 0.59  0.0    0  6.1 18 310   M    M   6 1      22 310
26  78  56  67  -3   0   2 0.00  0.0    0  8.9 21 290   M    M   1        24 290
27  80  56  68  -2   0   3 0.00  0.0    0  7.3 17 300   M    M   2        23 310
28  74  57  66  -4   0   1    T  0.0    0  3.4 13 280   M    M   4        15 270
29  83  55  69   0   0   4 0.00  0.0    0  5.3 14 300   M    M   0 18     17 290
30  82  56  69   0   0   4 0.00  0.0    0  7.5 17 300   M    M   0        20 320
================================================================================
SM 2694 1772         0 289  0.59     0.0 192.3          M       14
================================================================================
AV 89.8 59.1                               6.4 FASTST   M    M   0    MAX(MPH)
                                 MISC ---->  # 21 270               # 24  280
================================================================================
NOTES:
# LAST OF SEVERAL OCCURRENCES

COLUMN 17 PEAK WIND IN M.P.H.

PRELIMINARY LOCAL CLIMATOLOGICAL DATA (WS FORM: F-6) , PAGE 2

                                          STATION:  STOCKTON AIRPORT CA
                                          MONTH:    SEPTEMBER
                                          YEAR:     2014
                                          LATITUDE:   37 54 N
                                          LONGITUDE: 121 15 W

[TEMPERATURE DATA]      [PRECIPITATION DATA]       SYMBOLS USED IN COLUMN 16

AVERAGE MONTHLY: 74.4   TOTAL FOR MONTH:   0.59    1 = FOG OR MIST
DPTR FM NORMAL:   2.2   DPTR FM NORMAL:    0.30    2 = FOG REDUCING VISIBILITY
HIGHEST:   102 ON 13,12 GRTST 24HR  0.59 ON 25-25      TO 1/4 MILE OR LESS
LOWEST:     52 ON  9                               3 = THUNDER
                        SNOW, ICE PELLETS, HAIL    4 = ICE PELLETS
                        TOTAL MONTH:   0.0 INCH    5 = HAIL
                        GRTST 24HR     0.0         6 = FREEZING RAIN OR DRIZZLE
                        GRTST DEPTH:   0           7 = DUSTSTORM OR SANDSTORM:
                                                       VSBY 1/2 MILE OR LESS
                                                   8 = SMOKE OR HAZE
[NO. OF DAYS WITH]      [WEATHER - DAYS WITH]      9 = BLOWING SNOW
                                                   X = TORNADO
MAX 32 OR BELOW:   0    0.01 INCH OR MORE:   1
MAX 90 OR ABOVE:  17    0.10 INCH OR MORE:   1
MIN 32 OR BELOW:   0    0.50 INCH OR MORE:   1
MIN  0 OR BELOW:   0    1.00 INCH OR MORE:   0

[HDD (BASE 65) ]
TOTAL THIS MO.     0    CLEAR  (SCALE 0-3)  28
DPTR FM NORMAL    -6    PTCLDY (SCALE 4-7)   2
TOTAL FM JUL 1     0    CLOUDY (SCALE 8-10)  0
DPTR FM NORMAL    -6

[CDD (BASE 65) ]
TOTAL THIS MO.   289
DPTR FM NORMAL    67    [PRESSURE DATA]
TOTAL FM JAN 1  1535    HIGHEST SLP 30.04 ON 25
DPTR FM NORMAL   269    LOWEST  SLP 29.62 ON  3

[REMARKS]
#FINAL-09-14#




U.S. Dept. of Commerce
NOAA National Weather Service
1325 East West Highway
Silver Spring, MD 20910
E-mail: w-nws.webmaster@noaa.gov
Page last modified: May 16, 2007
NATIONAL WEATHER SERVICE: for Safety, for Work, for Fun - FOR LIFE