515
CXUS56 KSTO 241455
CF6SCK
PRELIMINARY LOCAL CLIMATOLOGICAL DATA (WS FORM: F-6)

                                          STATION:   STOCKTON AIRPORT CA
                                          MONTH:     APRIL
                                          YEAR:      2014
                                          LATITUDE:   37 54 N
                                          LONGITUDE: 121 15 W

  TEMPERATURE IN F:       :PCPN:    SNOW:  WIND      :SUNSHINE: SKY     :PK WND
================================================================================
1   2   3   4   5  6A  6B    7    8   9   10  11  12  13   14  15   16   17  18
                                     12Z  AVG MX 2MIN
DY MAX MIN AVG DEP HDD CDD  WTR  SNW DPTH SPD SPD DIR MIN PSBL S-S WX    SPD DR
================================================================================

 1  59  43  51  -5  14   0 0.36    M    0 10.4 24 150   M    M   8 18     31 150
 2  60  42  51  -5  14   0 0.00  0.0    0  4.0 14 290   M    M   4        17 280
 3  67  40  54  -3  11   0 0.00  0.0    0  6.3 14 300   M    M   1        17 150
 4  60  46  53  -4  12   0 0.04    M    0  4.3 15 310   M    M   5        20 270
 5  67  43  55  -2  10   0 0.00  0.0    0  9.6 20 280   M    M   0 1      25 300
 6  80  43  62   5   3   0 0.00  0.0    0  5.7 17 340   M    M   0        22 330
 7  83  49  66   9   0   1 0.00  0.0    0  3.5  9 130   M    M   0        12 130
 8  86  52  69  11   0   4 0.00  0.0    0  2.8 10 310   M    M   0 1      14 260
 9  82  54  68  10   0   3 0.00  0.0    0  4.8 10 310   M    M   0        16 280
10  84  47  66   8   0   1 0.00  0.0    0  5.5 12 290   M    M   0        16 300
11  75  53  64   6   1   0 0.00  0.0    0  6.4 14 310   M    M   0        16 310
12  75  48  62   4   3   0 0.00  0.0    0  6.3 16 280   M    M   0        20 280
13  81  48  65   7   0   0 0.00  0.0    0  8.5 17 320   M    M   1        23 310
14  81  47  64   5   1   0 0.00  0.0    0  3.9 12 330   M    M   0        15 350
15  81  52  67   8   0   2 0.00  0.0    0  6.8 13 300   M    M   0        20 290
16  82  52  67   8   0   2 0.00  0.0    0  8.4 18 340   M    M   0        23 320
17  85  50  68   9   0   3 0.00  0.0    0  6.7 24 270   M    M   0        30 270
18  79  55  67   7   0   2 0.00  0.0    0 11.1 20 260   M    M   0        24 320
19  77  51  64   4   1   0 0.00  0.0    0 11.4 22 270   M    M   0        26 270
20  83  48  66   6   0   1 0.00  0.0    0  7.2 15 320   M    M   0        20 280
21  82  48  65   5   0   0    T    M    0  6.5 21 270   M    M   1        25 270
22  69  48  59  -2   6   0 0.00  0.0    0 12.7 25 250   M    M   2        30 250
23  71  45  58  -3   7   0 0.00  0.0    0 11.7 20 280   M    M   0        26 300
================================================================================
SM 1749 1104        83  19  0.40     0.0 164.5          M       22
================================================================================
AV 76.0 48.0                               7.2 FASTST   M    M   1    MAX(MPH)
                                 MISC ---->  # 25 250               # 31  150
================================================================================
NOTES:
# LAST OF SEVERAL OCCURRENCES

COLUMN 17 PEAK WIND IN M.P.H.

PRELIMINARY LOCAL CLIMATOLOGICAL DATA (WS FORM: F-6) , PAGE 2

                                          STATION:  STOCKTON AIRPORT CA
                                          MONTH:    APRIL
                                          YEAR:     2014
                                          LATITUDE:   37 54 N
                                          LONGITUDE: 121 15 W

[TEMPERATURE DATA]      [PRECIPITATION DATA]       SYMBOLS USED IN COLUMN 16

AVERAGE MONTHLY: 62.0   TOTAL FOR MONTH:   0.40    1 = FOG OR MIST
DPTR FM NORMAL:   3.6   DPTR FM NORMAL:   -0.41    2 = FOG REDUCING VISIBILITY
HIGHEST:    86 ON  8    GRTST 24HR  0.36 ON  1- 1      TO 1/4 MILE OR LESS
LOWEST:     40 ON  3                               3 = THUNDER
                        SNOW, ICE PELLETS, HAIL    4 = ICE PELLETS
                        TOTAL MONTH:   0.0 INCH    5 = HAIL
                        GRTST 24HR     0.0         6 = FREEZING RAIN OR DRIZZLE
                        GRTST DEPTH:   0           7 = DUSTSTORM OR SANDSTORM:
                                                       VSBY 1/2 MILE OR LESS
                                                   8 = SMOKE OR HAZE
[NO. OF DAYS WITH]      [WEATHER - DAYS WITH]      9 = BLOWING SNOW
                                                   X = TORNADO
MAX 32 OR BELOW:   0    0.01 INCH OR MORE:   2
MAX 90 OR ABOVE:   0    0.10 INCH OR MORE:   1
MIN 32 OR BELOW:   0    0.50 INCH OR MORE:   0
MIN  0 OR BELOW:   0    1.00 INCH OR MORE:   0

[HDD (BASE 65) ]
TOTAL THIS MO.    83    CLEAR  (SCALE 0-3)  20
DPTR FM NORMAL   -76    PTCLDY (SCALE 4-7)   3
TOTAL FM JUL 1  2115    CLOUDY (SCALE 8-10)  0
DPTR FM NORMAL  -430

[CDD (BASE 65) ]
TOTAL THIS MO.    19
DPTR FM NORMAL    13    [PRESSURE DATA]
TOTAL FM JAN 1    19    HIGHEST SLP M ON M
DPTR FM NORMAL    13    LOWEST  SLP 29.74 ON 17

[REMARKS]




U.S. Dept. of Commerce
NOAA National Weather Service
1325 East West Highway
Silver Spring, MD 20910
E-mail: w-nws.webmaster@noaa.gov
Page last modified: May 16, 2007
NATIONAL WEATHER SERVICE: for Safety, for Work, for Fun - FOR LIFE