611
CXUS51 KAKQ 011010
CF6SBY
PRELIMINARY LOCAL CLIMATOLOGICAL DATA (WS FORM: F-6)

                                          STATION:   SALISBURY MD
                                          MONTH:     SEPTEMBER
                                          YEAR:      2014
                                          LATITUDE:   38 20 N
                                          LONGITUDE:  75 30 W

  TEMPERATURE IN F:       :PCPN:    SNOW:  WIND      :SUNSHINE: SKY     :PK WND
================================================================================
1   2   3   4   5  6A  6B    7    8   9   10  11  12  13   14  15   16   17  18
                                     12Z  AVG MX 2MIN
DY MAX MIN AVG DEP HDD CDD  WTR  SNW DPTH SPD SPD DIR MIN PSBL S-S WX    SPD DR
================================================================================

 1  94  75  85  12   0  20    T  0.0    0  6.0 20 200   M    M   2        24 210
 2  97  76  87  15   0  22 0.00  0.0    0  6.0 13 190   M    M   1 3      17 210
 3  88  70  79   7   0  14 0.01  0.0    0  2.7 17 270   M    M   3 13     26 280
 4  89  66  78   6   0  13 0.00  0.0    0  4.0 15 120   M    M   2 8      24 100
 5  92  72  82  10   0  17 0.02  0.0    0  4.7 14 200   M    M   2 138    22 150
 6  93  73  83  11   0  18 2.36  0.0    0  8.6 37 330   M    M   2 1      49 330
 7  80  67  74   3   0   9 0.15  0.0    0  5.1 17 340   M    M   7 1      22 340
 8  75  66  71   0   0   6 0.06  0.0    0  6.7 14  10   M    M   6 1      18  10
 9  75  70  73   2   0   8 0.31  0.0    0  8.1 17  60   M    M  10 18     22  60
10  82  66  74   4   0   9    T  0.0    0  4.6 12  20   M    M   5        15  40
11  87  65  76   6   0  11    T  0.0    0  6.2 21 210   M    M   3        26 210
12  80  63  72   2   0   7    T  0.0    0  5.7 16  20   M    M   6        20  30
13  79  63  71   2   0   6 0.12  0.0    0  6.1 17 330   M    M   7 1      22 330
14  74  57  66  -3   0   1 0.00  0.0    0  4.9 14  20   M    M   0        18  30
15  76  53  65  -4   0   0 0.00  0.0    0  2.3  9 330   M    M   2         M  M
16  81  61  71   3   0   6 0.00  0.0    0  5.6 13 330   M    M   1         M  M
17  80  56  68   0   0   3 0.00  0.0    0  3.1 12 130   M    M   2        16 120
18  79  51  65  -3   0   0    T  0.0    0  1.8 14 150   M    M   4        20 140
19  79  56  68   1   0   3 0.00  0.0    0  5.0 20 110   M    M   3 18     25 100
20  81  57  69   2   0   4 0.00  0.0    0  4.8 16 110   M    M   6 18     20 100
21  83  70  77  11   0  12 0.00  0.0    0  6.3 16 240   M    M   6 18     21 250
22  77  58  68   2   0   3 0.00  0.0    0  8.3 22 320   M    M   1        26 320
23  68  49  59  -7   6   0 0.00  0.0    0  4.4 10  10   M    M   0        15  60
24  74  56  65   0   0   0 0.52  0.0    0 12.1 24  60   M    M   5 1      31  60
25  77  64  71   6   0   6 0.83  0.0    0  8.1 22  50   M    M  10 18     28  40
26  78  58  68   4   0   3 0.00  0.0    0  5.3 14  20   M    M   2 1      17 340
27  83  55  69   5   0   4 0.00  0.0    0  2.6 13  30   M    M   0 18     16  40
28  83  52  68   4   0   3 0.00  0.0    0  1.6  9 130   M    M   0        13 140
29  79  60  70   7   0   5    T  0.0    0  1.8  9 290   M    M   5 128    13 290
30  80  63  72   9   0   7    T  0.0    0  2.9 13  90   M    M   5 18     16  90
================================================================================
SM 2443 1868         6 220  4.38     0.0 155.4          M      108
================================================================================
AV 81.4 62.3                               5.2 FASTST   M    M   4    MAX(MPH)
                                 MISC ---->  # 37 330               # 49  330
================================================================================
NOTES:
# LAST OF SEVERAL OCCURRENCES

COLUMN 17 PEAK WIND IN M.P.H.

PRELIMINARY LOCAL CLIMATOLOGICAL DATA (WS FORM: F-6) , PAGE 2

                                          STATION:  SALISBURY MD
                                          MONTH:    SEPTEMBER
                                          YEAR:     2014
                                          LATITUDE:   38 20 N
                                          LONGITUDE:  75 30 W

[TEMPERATURE DATA]      [PRECIPITATION DATA]       SYMBOLS USED IN COLUMN 16

AVERAGE MONTHLY: 71.8   TOTAL FOR MONTH:   4.38    1 = FOG OR MIST
DPTR FM NORMAL:   3.7   DPTR FM NORMAL:    0.40    2 = FOG REDUCING VISIBILITY
HIGHEST:    97 ON  2    GRTST 24HR  2.36 ON  6- 6      TO 1/4 MILE OR LESS
LOWEST:     49 ON 23                               3 = THUNDER
                        SNOW, ICE PELLETS, HAIL    4 = ICE PELLETS
                        TOTAL MONTH:   0.0 INCH    5 = HAIL
                        GRTST 24HR     0.0         6 = FREEZING RAIN OR DRIZZLE
                        GRTST DEPTH:   0           7 = DUSTSTORM OR SANDSTORM:
                                                       VSBY 1/2 MILE OR LESS
                                                   8 = SMOKE OR HAZE
[NO. OF DAYS WITH]      [WEATHER - DAYS WITH]      9 = BLOWING SNOW
                                                   X = TORNADO
MAX 32 OR BELOW:   0    0.01 INCH OR MORE:   9
MAX 90 OR ABOVE:   4    0.10 INCH OR MORE:   6
MIN 32 OR BELOW:   0    0.50 INCH OR MORE:   3
MIN  0 OR BELOW:   0    1.00 INCH OR MORE:   1

[HDD (BASE 65) ]
TOTAL THIS MO.     6    CLEAR  (SCALE 0-3)  17
DPTR FM NORMAL   -40    PTCLDY (SCALE 4-7)  11
TOTAL FM JUL 1     6    CLOUDY (SCALE 8-10)  2
DPTR FM NORMAL   -42

[CDD (BASE 65) ]
TOTAL THIS MO.   220
DPTR FM NORMAL    78    [PRESSURE DATA]
TOTAL FM JAN 1  1342    HIGHEST SLP 30.42 ON 24
DPTR FM NORMAL   217    LOWEST  SLP 29.66 ON 21

[REMARKS]
#FINAL-09-14#




U.S. Dept. of Commerce
NOAA National Weather Service
1325 East West Highway
Silver Spring, MD 20910
E-mail: w-nws.webmaster@noaa.gov
Page last modified: May 16, 2007
NATIONAL WEATHER SERVICE: for Safety, for Work, for Fun - FOR LIFE