510
CXUS51 KAKQ 271010
CF6SBY
PRELIMINARY LOCAL CLIMATOLOGICAL DATA (WS FORM: F-6)

                                          STATION:   SALISBURY MD
                                          MONTH:     AUGUST
                                          YEAR:      2014
                                          LATITUDE:   38 20 N
                                          LONGITUDE:  75 30 W

  TEMPERATURE IN F:       :PCPN:    SNOW:  WIND      :SUNSHINE: SKY     :PK WND
================================================================================
1   2   3   4   5  6A  6B    7    8   9   10  11  12  13   14  15   16   17  18
                                     12Z  AVG MX 2MIN
DY MAX MIN AVG DEP HDD CDD  WTR  SNW DPTH SPD SPD DIR MIN PSBL S-S WX    SPD DR
================================================================================

 1  81  65  73  -3   0   8 0.96  0.0    0  3.5 13 160   M    M   3 18     16 180
 2  79  65  72  -4   0   7 1.56  0.0    0  5.4 16  40   M    M  10 18     20  60
 3  83  71  77   1   0  12 0.85  0.0    0  4.1 10 270   M    M   6 1      15 210
 4  87  69  78   2   0  13 0.00  0.0    0  2.5 13 160   M    M   4 18     16 160
 5  89  68  79   3   0  14 0.00  0.0    0  2.9 13 130   M    M   2 18     21 270
 6  88  68  78   2   0  13 0.00  0.0    0  3.5 12 310   M    M   1 18     15 310
 7  86  65  76   0   0  11 0.00  0.0    0  3.4 13 320   M    M   1 18     18 330
 8  84  61  73  -3   0   8 0.00  0.0    0  2.2 10 320   M    M   0        13 320
 9  86  64  75  -1   0  10 0.00  0.0    0  1.6 13 120   M    M   3        14 120
10  85  62  74  -2   0   9 0.00  0.0    0  3.3 12 130   M    M   1 18     15 130
11  84  58  71  -5   0   6 0.00  0.0    0  4.7 16 120   M    M   1        22 130
12  83  72  78   3   0  13 0.57  0.0    0  8.3 20 140   M    M   8 138    29 140
13  85  71  78   3   0  13 0.01  0.0    0  7.5 17 290   M    M   4 1      23 270
14  82  62  72  -3   0   7    T  0.0    0  5.5 15 210   M    M   1        20 210
15  80  61  71  -4   0   6 0.00  0.0    0  4.6 14 250   M    M   1 1      20 280
16  86  64  75   0   0  10 0.20  0.0    0  4.1 13 260   M    M   4 1      16 220
17  87  64  76   1   0  11 0.00  0.0    0  3.7 16 250   M    M   1 18     21 240
18  83  67  75   0   0  10 0.00  0.0    0  4.1 10 110   M    M   7 18     13 120
19  83  66  75   0   0  10    T  0.0    0  6.5 15  90   M    M   6        18 100
20  85  63  74  -1   0   9 0.00  0.0    0  4.6 13 120   M    M   1        15 130
21  86  68  77   3   0  12 0.13  0.0    0  3.1 15 140   M    M   7        20 120
22  85  69  77   3   0  12 0.05  0.0    0  3.5 16  60   M    M   7 13     18  60
23  80  66  73  -1   0   8 0.01  0.0    0  5.9 15  80   M    M   4 1      21  80
24  79  63  71  -3   0   6 0.00  0.0    0  7.9 23  40   M    M   4        29  30
25  82  60  71  -3   0   6 0.00  0.0    0  5.8 20  50   M    M   1        23  50
26  85  59  72  -2   0   7 0.00  0.0    0  3.9 13  70   M    M   0 12     30  90
================================================================================
SM 2183 1691         0 251  4.34     0.0 116.1          M       88
================================================================================
AV 84.0 65.0                               4.5 FASTST   M    M   3    MAX(MPH)
                                 MISC ---->  # 23  40               # 30   90
================================================================================
NOTES:
# LAST OF SEVERAL OCCURRENCES

COLUMN 17 PEAK WIND IN M.P.H.

PRELIMINARY LOCAL CLIMATOLOGICAL DATA (WS FORM: F-6) , PAGE 2

                                          STATION:  SALISBURY MD
                                          MONTH:    AUGUST
                                          YEAR:     2014
                                          LATITUDE:   38 20 N
                                          LONGITUDE:  75 30 W

[TEMPERATURE DATA]      [PRECIPITATION DATA]       SYMBOLS USED IN COLUMN 16

AVERAGE MONTHLY: 74.5   TOTAL FOR MONTH:   4.34    1 = FOG OR MIST
DPTR FM NORMAL:  -0.7   DPTR FM NORMAL:    0.50    2 = FOG REDUCING VISIBILITY
HIGHEST:    89 ON  5    GRTST 24HR  2.52 ON  1- 2      TO 1/4 MILE OR LESS
LOWEST:     58 ON 11                               3 = THUNDER
                        SNOW, ICE PELLETS, HAIL    4 = ICE PELLETS
                        TOTAL MONTH:   0.0 INCH    5 = HAIL
                        GRTST 24HR     0.0         6 = FREEZING RAIN OR DRIZZLE
                        GRTST DEPTH:   0           7 = DUSTSTORM OR SANDSTORM:
                                                       VSBY 1/2 MILE OR LESS
                                                   8 = SMOKE OR HAZE
[NO. OF DAYS WITH]      [WEATHER - DAYS WITH]      9 = BLOWING SNOW
                                                   X = TORNADO
MAX 32 OR BELOW:   0    0.01 INCH OR MORE:   9
MAX 90 OR ABOVE:   0    0.10 INCH OR MORE:   6
MIN 32 OR BELOW:   0    0.50 INCH OR MORE:   4
MIN  0 OR BELOW:   0    1.00 INCH OR MORE:   1

[HDD (BASE 65) ]
TOTAL THIS MO.     0    CLEAR  (SCALE 0-3)  12
DPTR FM NORMAL     0    PTCLDY (SCALE 4-7)  13
TOTAL FM JUL 1     0    CLOUDY (SCALE 8-10)  1
DPTR FM NORMAL    -1

[CDD (BASE 65) ]
TOTAL THIS MO.   251
DPTR FM NORMAL   -15    [PRESSURE DATA]
TOTAL FM JAN 1  1069    HIGHEST SLP M ON M
DPTR FM NORMAL   128    LOWEST  SLP 29.73 ON 13

[REMARKS]




U.S. Dept. of Commerce
NOAA National Weather Service
1325 East West Highway
Silver Spring, MD 20910
E-mail: w-nws.webmaster@noaa.gov
Page last modified: May 16, 2007
NATIONAL WEATHER SERVICE: for Safety, for Work, for Fun - FOR LIFE