992
CXUS51 KAKQ 221010
CF6SBY
PRELIMINARY LOCAL CLIMATOLOGICAL DATA (WS FORM: F-6)

                                          STATION:   SALISBURY MD
                                          MONTH:     JULY
                                          YEAR:      2014
                                          LATITUDE:   38 20 N
                                          LONGITUDE:  75 30 W

  TEMPERATURE IN F:       :PCPN:    SNOW:  WIND      :SUNSHINE: SKY     :PK WND
================================================================================
1   2   3   4   5  6A  6B    7    8   9   10  11  12  13   14  15   16   17  18
                                     12Z  AVG MX 2MIN
DY MAX MIN AVG DEP HDD CDD  WTR  SNW DPTH SPD SPD DIR MIN PSBL S-S WX    SPD DR
================================================================================

 1  94  71  83   7   0  18 0.00  0.0    0  8.5 17 200   M    M   1        22 170
 2  99  75  87  11   0  22 0.00  0.0    0  7.9 22 200   M    M   2        28 190
 3  97  76  87  11   0  22    T  0.0    0  8.7 18 170   M    M   3        23 160
 4  84  64  74  -2   0   9 1.14  0.0    0 12.7 32 320   M    M   6 13     41 360
 5  85  62  74  -2   0   9 0.00  0.0    0  6.3 15 320   M    M   0        20 360
 6  86  58  72  -5   0   7 0.00  0.0    0  7.4 18 200   M    M   0        25 220
 7  93  68  81   4   0  16 0.00  0.0    0 10.8 20 200   M    M   0        25 210
 8  95  75  85   8   0  20 0.22  0.0    0 13.7 23 190   M    M   0 3      31 220
 9  90  73  82   5   0  17 0.18  0.0    0  6.2 16 300   M    M   2 138    24 300
10  83  72  78   1   0  13 0.10  0.0    0  4.0 16 360   M    M   7 18     20 360
11  85  69  77   0   0  12 0.00  0.0    0  5.0 13  50   M    M   5 18     16  60
12  87  65  76  -1   0  11 0.00  0.0    0  3.7 10 150   M    M   4 12     14 160
13  92  70  81   4   0  16 0.00  0.0    0  9.7 21 200   M    M   2 1      26 200
14  95  76  86   9   0  21 0.02  0.0    0  9.4 18 240   M    M   1 3      25 210
15  93  75  84   7   0  19 1.30  0.0    0  7.0 29 200   M    M   M 18     40 210
16  84  70  77   0   0  12 0.29  0.0    0  4.0 14 330   M    M   M 18     17 360
17  85  62  74  -3   0   9 0.00  0.0    0  3.5 12 320   0    M   M 1      15 290
18  85  61  73  -4   0   8 0.00  0.0    0  2.9 12  90   M    M   M        16  60
19  79  66  73  -4   0   8    T  0.0    0  5.5 12  50   M    M   M        15  40
20  77  72  75  -2   0  10    T  0.0    0  6.8 16  60   M    M   M        20  70
21  83  64  74  -3   0   9 0.00  0.0    0   M  10 110   M    M   M        12 120
================================================================================
SM 1851 1444         0 288  3.25     0.0 143.7            0     33
================================================================================
AV 88.1 68.8                               7.2 FASTST    0   M   2    MAX(MPH)
                                 MISC ---->  # 32 320               # 41  360
================================================================================
NOTES:
# LAST OF SEVERAL OCCURRENCES

COLUMN 17 PEAK WIND IN M.P.H.

PRELIMINARY LOCAL CLIMATOLOGICAL DATA (WS FORM: F-6) , PAGE 2

                                          STATION:  SALISBURY MD
                                          MONTH:    JULY
                                          YEAR:     2014
                                          LATITUDE:   38 20 N
                                          LONGITUDE:  75 30 W

[TEMPERATURE DATA]      [PRECIPITATION DATA]       SYMBOLS USED IN COLUMN 16

AVERAGE MONTHLY: 78.5   TOTAL FOR MONTH:   3.25    1 = FOG OR MIST
DPTR FM NORMAL:   1.7   DPTR FM NORMAL:    0.49    2 = FOG REDUCING VISIBILITY
HIGHEST:    99 ON  2    GRTST 24HR  1.30 ON 15-15      TO 1/4 MILE OR LESS
LOWEST:     58 ON  6                               3 = THUNDER
                        SNOW, ICE PELLETS, HAIL    4 = ICE PELLETS
                        TOTAL MONTH:   0.0 INCH    5 = HAIL
                        GRTST 24HR     0.0         6 = FREEZING RAIN OR DRIZZLE
                        GRTST DEPTH:   0           7 = DUSTSTORM OR SANDSTORM:
                                                       VSBY 1/2 MILE OR LESS
                                                   8 = SMOKE OR HAZE
[NO. OF DAYS WITH]      [WEATHER - DAYS WITH]      9 = BLOWING SNOW
                                                   X = TORNADO
MAX 32 OR BELOW:   0    0.01 INCH OR MORE:   7
MAX 90 OR ABOVE:   9    0.10 INCH OR MORE:   6
MIN 32 OR BELOW:   0    0.50 INCH OR MORE:   2
MIN  0 OR BELOW:   0    1.00 INCH OR MORE:   2

[HDD (BASE 65) ]
TOTAL THIS MO.     0    CLEAR  (SCALE 0-3)  10
DPTR FM NORMAL     0    PTCLDY (SCALE 4-7)   4
TOTAL FM JUL 1     0    CLOUDY (SCALE 8-10)  0
DPTR FM NORMAL     0

[CDD (BASE 65) ]
TOTAL THIS MO.   288
DPTR FM NORMAL    41    [PRESSURE DATA]
TOTAL FM JAN 1   716    HIGHEST SLP M ON M
DPTR FM NORMAL   158    LOWEST  SLP 29.67 ON  4

[REMARKS]




U.S. Dept. of Commerce
NOAA National Weather Service
1325 East West Highway
Silver Spring, MD 20910
E-mail: w-nws.webmaster@noaa.gov
Page last modified: May 16, 2007
NATIONAL WEATHER SERVICE: for Safety, for Work, for Fun - FOR LIFE