940
CXUS51 KAKQ 011010
CF6SBY
PRELIMINARY LOCAL CLIMATOLOGICAL DATA (WS FORM: F-6)

                                          STATION:   SALISBURY MD
                                          MONTH:     NOVEMBER
                                          YEAR:      2014
                                          LATITUDE:   38 20 N
                                          LONGITUDE:  75 30 W

  TEMPERATURE IN F:       :PCPN:    SNOW:  WIND      :SUNSHINE: SKY     :PK WND
================================================================================
1   2   3   4   5  6A  6B    7    8   9   10  11  12  13   14  15   16   17  18
                                     12Z  AVG MX 2MIN
DY MAX MIN AVG DEP HDD CDD  WTR  SNW DPTH SPD SPD DIR MIN PSBL S-S WX    SPD DR
================================================================================

 1  53  48  51  -1  14   0 0.02  0.0    0 15.6 31 340   M    M  10        43 340
 2  54  42  48  -4  17   0    T  0.0    0 19.0 33 330   M    M   5        43 330
 3  62  33  48  -4  17   0 0.00  0.0    0  7.4 16 300   M    M   1        22 320
 4  72  40  56   4   9   0 0.00  0.0    0  5.8 13 210   M    M   0        17 220
 5  65  51  58   6   7   0 0.00  0.0    0  5.4 13 220   M    M   0        17 220
 6  69  50  60   9   5   0 0.09  0.0    0  6.8 22 210   M    M   8 18     30 200
 7  60  37  49  -2  16   0    T  0.0    0 11.9 31 320   M    M   3        38 300
 8  55  30  43  -8  22   0 0.00  0.0    0  3.9 15 200   M    M   0        19 200
 9  62  39  51   1  14   0 0.00  0.0    0  2.2  8 360   M    M   0        10 360
10  66  34  50   0  15   0 0.00  0.0    0  2.3 13 100   M    M   0 8      16 100
11  73  42  58   8   7   0    T  0.0    0  3.6 15 110   M    M   7 128    20  90
12  74  49  62  12   3   0    T  0.0    0  6.9 20 330   M    M   6 12     25 330
13  50  40  45  -4  20   0    T  0.0    0  9.7 20 340   M    M   8 18     25 340
14  47  32  40  -9  25   0    T  0.0    0 11.2 22 330   M    M   5 18     30 330
15  47  27  37 -11  28   0 0.00  0.0    0  4.0 15 330   M    M   0        19 330
16  53  27  40  -8  25   0    T  0.0    0  2.9 13 200   M    M   7 1      17 190
17  70  46  58  10   7   0 0.54  0.0    0  8.6 32 230   M    M   9 1      41 220
18  47  28  38 -10  27   0 0.00  0.0    0 12.9 25 330   M    M   2        32 330
19  42  20  31 -16  34   0 0.00  0.0    0  7.2 16 210   M    M   1        24 230
20  56  35  46  -1  19   0 0.00  0.0    0 10.4 23 250   M    M   1        33 250
21  40  21  31 -16  34   0 0.00  0.0    0  7.6 23 330   M    M   0        30 310
22  50  18  34 -12  31   0 0.00  0.0    0  5.9 20 210   M    M   0        24 210
23  64  29  47   1  18   0    T  0.0    0  6.0 15 140   M    M   2        21 150
24  74  64  69  23   0   4 0.32  0.0    0 17.1 31 200   M    M   5 1      42 200
25  68  49  59  14   6   0    T  0.0    0  7.1 18 200   M    M   5        23 210
26  50  39  45   0  20   0 0.86  0.0    0 12.2 24 320   M    M  10 1      32 310
27  48  30  39  -6  26   0 0.00  0.0    0  5.1 15 330   M    M   5 18     19 320
28  45  25  35  -9  30   0 0.00  0.0    0  8.3 22 340   M    M   2 1      29 310
29  50  24  37  -7  28   0 0.00  0.0    0  4.6 15 210   M    M   2        21 170
30  62  38  50   6  15   0 0.00  0.0    0  9.6 18 200   M    M   0        22 200
================================================================================
SM 1728 1087       539   4  1.83     0.0 241.2          M      104
================================================================================
AV 57.6 36.2                               8.0 FASTST   M    M   3    MAX(MPH)
                                 MISC ---->  # 33 330               # 43  340
================================================================================
NOTES:
# LAST OF SEVERAL OCCURRENCES

COLUMN 17 PEAK WIND IN M.P.H.

PRELIMINARY LOCAL CLIMATOLOGICAL DATA (WS FORM: F-6) , PAGE 2

                                          STATION:  SALISBURY MD
                                          MONTH:    NOVEMBER
                                          YEAR:     2014
                                          LATITUDE:   38 20 N
                                          LONGITUDE:  75 30 W

[TEMPERATURE DATA]      [PRECIPITATION DATA]       SYMBOLS USED IN COLUMN 16

AVERAGE MONTHLY: 46.9   TOTAL FOR MONTH:   1.83    1 = FOG OR MIST
DPTR FM NORMAL:  -1.3   DPTR FM NORMAL:   -1.60    2 = FOG REDUCING VISIBILITY
HIGHEST:    74 ON 24,12 GRTST 24HR  0.86 ON 26-26      TO 1/4 MILE OR LESS
LOWEST:     18 ON 22                               3 = THUNDER
                        SNOW, ICE PELLETS, HAIL    4 = ICE PELLETS
                        TOTAL MONTH:   0.0 INCH    5 = HAIL
                        GRTST 24HR     0.0         6 = FREEZING RAIN OR DRIZZLE
                        GRTST DEPTH:   0           7 = DUSTSTORM OR SANDSTORM:
                                                       VSBY 1/2 MILE OR LESS
                                                   8 = SMOKE OR HAZE
[NO. OF DAYS WITH]      [WEATHER - DAYS WITH]      9 = BLOWING SNOW
                                                   X = TORNADO
MAX 32 OR BELOW:   0    0.01 INCH OR MORE:   5
MAX 90 OR ABOVE:   0    0.10 INCH OR MORE:   3
MIN 32 OR BELOW:  12    0.50 INCH OR MORE:   2
MIN  0 OR BELOW:   0    1.00 INCH OR MORE:   0

[HDD (BASE 65) ]
TOTAL THIS MO.   539    CLEAR  (SCALE 0-3)  16
DPTR FM NORMAL    34    PTCLDY (SCALE 4-7)  11
TOTAL FM JUL 1   672    CLOUDY (SCALE 8-10)  3
DPTR FM NORMAL  -146

[CDD (BASE 65) ]
TOTAL THIS MO.     4
DPTR FM NORMAL     1    [PRESSURE DATA]
TOTAL FM JAN 1  1379    HIGHEST SLP 30.58 ON 22
DPTR FM NORMAL   226    LOWEST  SLP 29.53 ON 17

[REMARKS]
#FINAL-11-14#




U.S. Dept. of Commerce
NOAA National Weather Service
1325 East West Highway
Silver Spring, MD 20910
E-mail: w-nws.webmaster@noaa.gov
Page last modified: May 16, 2007
NATIONAL WEATHER SERVICE: for Safety, for Work, for Fun - FOR LIFE