911
CXUS51 KAKQ 291010
CF6SBY
PRELIMINARY LOCAL CLIMATOLOGICAL DATA (WS FORM: F-6)

                                          STATION:   SALISBURY MD
                                          MONTH:     JANUARY
                                          YEAR:      2015
                                          LATITUDE:   38 20 N
                                          LONGITUDE:  75 30 W

  TEMPERATURE IN F:       :PCPN:    SNOW:  WIND      :SUNSHINE: SKY     :PK WND
================================================================================
1   2   3   4   5  6A  6B    7    8   9   10  11  12  13   14  15   16   17  18
                                     12Z  AVG MX 2MIN
DY MAX MIN AVG DEP HDD CDD  WTR  SNW DPTH SPD SPD DIR MIN PSBL S-S WX    SPD DR
================================================================================

 1  46  20  33  -3  32   0 0.00  0.0    0  7.2 16 230   M    M   0        21 240
 2  49  32  41   5  24   0 0.00  0.0    0  3.0 10 220   M    M   2        14 230
 3  53  34  44   8  21   0 0.09  0.0    0  3.7 12  90   M    M  10 128    15  90
 4  71  50  61  25   4   0 0.29  0.0    0 14.2 29 320   M    M   7 123    38 320
 5  55  32  44   8  21   0 0.00  0.0    0 13.8 26 300   M    M   0        37 290
 6  38  24  31  -5  34   0 0.00  0.0    0  5.1 15 330   M    M   5 18     18 330
 7  31  18  25 -10  40   0    T    T    0 12.9 30 330   M    M   2        41 330
 8  24  14  19 -16  46   0    T    T    0 10.8 30 320   M    M   1        39 320
 9  44  22  33  -2  32   0    T    T    0 10.8 23 210   M    M   3        33 230
10  30  11  21 -14  44   0 0.00  0.0    0  7.0 20 330   M    M   0        26 330
11  47   9  28  -7  37   0 0.00  0.0    0  2.6 13 190   M    M   2        16 210
12  55  36  46  11  19   0 0.98  0.0    0  4.7 15 320   M    M  10 1      17 320
13  41  31  36   1  29   0 0.02  0.0    0 11.2 18  10   M    M   9 18     25 350
14  36  30  33  -2  32   0 0.46    M    0  8.7 14  20   M    M  10 16     19  20
15  39  30  35   0  30   0 0.00  0.0    0  6.2 13 270   M    M   7 18     16 350
16  48  29  39   4  26   0 0.00  0.0    0  7.1 20 310   M    M   4 12     29 290
17  41  23  32  -3  33   0 0.00  0.0    0  4.1 14 150   M    M   0        17 160
18  58  35  47  12  18   0 1.25    M    0  8.1 24 160   M    M  10 1      32 150
19  49  28  39   4  26   0 0.00  0.0    0  6.1 21 300   M    M   4 18     29 300
20  57  26  42   7  23   0 0.00  0.0    0  1.5 12  40   M    M   1 1      15 360
21  42  33  38   3  27   0 0.07    T    0  5.9 16 330   M    M   6 1268   19 330
22  46  30  38   3  27   0 0.00  0.0    0  4.6 12 330   M    M   8 128    15 330
23  46  27  37   2  28   0 0.40  0.0    0  3.2 12  70   M    M   3 18     16 160
24  44  37  41   6  24   0 0.80  0.0    0 10.0 32  30   M    M   8 18     35  20
25  52  34  43   8  22   0 0.00  0.0    0  7.7 17 240   M    M   4        23 240
26  48  34  41   5  24   0 0.18    T    0 12.6 22  20   M    M   9 18     29  20
27  37  30  34  -2  31   0    T    T    0 12.8 22 320   M    M   7 18     26 320
28  38  25  32  -4  33   0 0.00  0.0    0 12.6 22 320   M    M   0        29 340
================================================================================
SM 1265  784       787   0  4.54    T    218.2          M      132
================================================================================
AV 45.2 28.0                               7.8 FASTST   M    M   5    MAX(MPH)
                                 MISC ---->  # 32  30               # 41  330
================================================================================
NOTES:
# LAST OF SEVERAL OCCURRENCES

COLUMN 17 PEAK WIND IN M.P.H.

PRELIMINARY LOCAL CLIMATOLOGICAL DATA (WS FORM: F-6) , PAGE 2

                                          STATION:  SALISBURY MD
                                          MONTH:    JANUARY
                                          YEAR:     2015
                                          LATITUDE:   38 20 N
                                          LONGITUDE:  75 30 W

[TEMPERATURE DATA]      [PRECIPITATION DATA]       SYMBOLS USED IN COLUMN 16

AVERAGE MONTHLY: 36.6   TOTAL FOR MONTH:   4.54    1 = FOG OR MIST
DPTR FM NORMAL:   1.3   DPTR FM NORMAL:    1.30    2 = FOG REDUCING VISIBILITY
HIGHEST:    71 ON  4    GRTST 24HR  1.25 ON 18-18      TO 1/4 MILE OR LESS
LOWEST:      9 ON 11                               3 = THUNDER
                        SNOW, ICE PELLETS, HAIL    4 = ICE PELLETS
                        TOTAL MONTH:    T          5 = HAIL
                        GRTST 24HR    T  ON 27-27  6 = FREEZING RAIN OR DRIZZLE
                        GRTST DEPTH:   0           7 = DUSTSTORM OR SANDSTORM:
                                                       VSBY 1/2 MILE OR LESS
                                                   8 = SMOKE OR HAZE
[NO. OF DAYS WITH]      [WEATHER - DAYS WITH]      9 = BLOWING SNOW
                                                   X = TORNADO
MAX 32 OR BELOW:   3    0.01 INCH OR MORE:  10
MAX 90 OR ABOVE:   0    0.10 INCH OR MORE:   7
MIN 32 OR BELOW:  20    0.50 INCH OR MORE:   3
MIN  0 OR BELOW:   0    1.00 INCH OR MORE:   1

[HDD (BASE 65) ]
TOTAL THIS MO.   787    CLEAR  (SCALE 0-3)  11
DPTR FM NORMAL   -46    PTCLDY (SCALE 4-7)  11
TOTAL FM JUL 1  2103    CLOUDY (SCALE 8-10)  6
DPTR FM NORMAL  -354

[CDD (BASE 65) ]
TOTAL THIS MO.     0
DPTR FM NORMAL     0    [PRESSURE DATA]
TOTAL FM JAN 1     0    HIGHEST SLP M ON M
DPTR FM NORMAL     0    LOWEST  SLP 29.39 ON 24

[REMARKS]




U.S. Dept. of Commerce
NOAA National Weather Service
1325 East West Highway
Silver Spring, MD 20910
E-mail: w-nws.webmaster@noaa.gov
Page last modified: May 16, 2007
NATIONAL WEATHER SERVICE: for Safety, for Work, for Fun - FOR LIFE