506
CXUS55 KLOX 311655
CF6SBP
PRELIMINARY LOCAL CLIMATOLOGICAL DATA (WS FORM: F-6)

                                          STATION:   SAN LUIS OBISPO AIRPORT CA
                                          MONTH:     JULY
                                          YEAR:      2014
                                          LATITUDE:   35 13 N
                                          LONGITUDE: 120 38 W

  TEMPERATURE IN F:       :PCPN:    SNOW:  WIND      :SUNSHINE: SKY     :PK WND
================================================================================
1   2   3   4   5  6A  6B    7    8   9   10  11  12  13   14  15   16   17  18
                                     12Z  AVG MX 2MIN
DY MAX MIN AVG DEP HDD CDD  WTR  SNW DPTH SPD SPD DIR MIN PSBL S-S WX    SPD DR
================================================================================

 1  74  56  65   1   0   0 0.00  0.0    0  5.4 12 320   M    M   6 18     24 220
 2  75  55  65   0   0   0 0.00  0.0    0  7.9  M   M   M    M   6 1       M  M
 3  80  54  67   2   0   2 0.00  0.0    0  7.0 17 310   M    M   4         M  M
 4  81  52  67   2   0   2 0.00  0.0    0  4.6 14 320   M    M   2 1      17 320
 5  84  52  68   3   0   3 0.00  0.0    0  5.8 17 310   M    M   3 12     20 310
 6  83  53  68   3   0   3 0.00  0.0    0  5.3 20 310   M    M   0        22 310
 7  80  53  67   2   0   2 0.00  0.0    0  4.3 13 310   M    M   3 1      15 310
 8  80  55  68   3   0   3 0.00  0.0    0  6.1 16 320   M    M   4 1       M  M
 9  76  58  67   2   0   2 0.00  0.0    0  5.0 13 320   M    M   5         M  M
10  75  59  67   2   0   2 0.00  0.0    0  5.2 16 330   M    M   7 1       M  M
11  76  59  68   3   0   3 0.00  0.0    0  8.7 18 320   M    M   6        26 300
12  76  57  67   2   0   2 0.00  0.0    0 13.0 24 310   M    M   2        29 300
13  77  56  67   2   0   2 0.00  0.0    0 11.0 24 310   M    M   0         M  M
14  81  59  70   4   0   5 0.00  0.0    0  4.7 16 310   M    M   3         M  M
15  78  64  71   5   0   6 0.00  0.0    0  4.6 14 220   M    M   6         M  M
16  74  60  67   1   0   2 0.00  0.0    0  4.2 15 310   M    M   7        16 310
17  77  55  66   0   0   1 0.00  0.0    0  6.3  M   M   M    M   0         M  M
18  75  60  68   2   0   3 0.00  0.0    0  7.4 18 310   M    M   4        23 320
19  79  58  69   3   0   4    T  0.0    0  4.9 14 320   M    M   2        20 300
20  75  61  68   2   0   3 0.00  0.0    0  5.1 14 220   M    M   5         M  M
21  79  63  71   5   0   6 0.00  0.0    0  6.8 16 300   M    M   5        26 230
22  80  59  70   4   0   5 0.00  0.0    0  8.3 22 310   M    M   1        26 300
23  82  56  69   3   0   4 0.00  0.0    0 14.3 29 310   M    M   1        36 320
24  79  58  69   3   0   4 0.00  0.0    0 13.8 28 320   M    M   1        35 320
25  83  55  69   3   0   4 0.00  0.0    0  3.7 12 330   M    M   2 1      24 230
26  82  58  70   4   0   5 0.00  0.0    M  3.4 14 320   M    M   1 1      17 280
27  83  57  70   4   0   5 0.00  0.0    0  4.4 13 320   M    M   3 1       M  M
28  86  62  74   8   0   9    T  0.0    0  5.1 16 320   M    M   4        18 310
29  82  60  71   5   0   6 0.00  0.0    0  7.5 22 310   M    M   1 1      23 310
30  80  60  70   4   0   5 0.00  0.0    0  8.4 17 320   M    M   6         M  M
================================================================================
SM 2372 1724         0 103    T      0.0 202.2          M      100
================================================================================
AV 79.1 57.5                               6.7 FASTST   M    M   3    MAX(MPH)
                                 MISC ---->    29   M                 36    M
================================================================================
NOTES:
# LAST OF SEVERAL OCCURRENCES

COLUMN 17 PEAK WIND IN M.P.H.

PRELIMINARY LOCAL CLIMATOLOGICAL DATA (WS FORM: F-6) , PAGE 2

                                          STATION:  SAN LUIS OBISPO AIRPORT CA
                                          MONTH:    JULY
                                          YEAR:     2014
                                          LATITUDE:   35 13 N
                                          LONGITUDE: 120 38 W

[TEMPERATURE DATA]      [PRECIPITATION DATA]       SYMBOLS USED IN COLUMN 16

AVERAGE MONTHLY: 68.3   TOTAL FOR MONTH:      T    1 = FOG OR MIST
DPTR FM NORMAL:   2.7   DPTR FM NORMAL:   -0.02    2 = FOG REDUCING VISIBILITY
HIGHEST:    86 ON 28    GRTST 24HR    T  ON 28-28      TO 1/4 MILE OR LESS
LOWEST:     52 ON  5, 4                            3 = THUNDER
                        SNOW, ICE PELLETS, HAIL    4 = ICE PELLETS
                        TOTAL MONTH:   0.0 INCH    5 = HAIL
                        GRTST 24HR     0.0         6 = FREEZING RAIN OR DRIZZLE
                        GRTST DEPTH:   0           7 = DUSTSTORM OR SANDSTORM:
                                                       VSBY 1/2 MILE OR LESS
                                                   8 = SMOKE OR HAZE
[NO. OF DAYS WITH]      [WEATHER - DAYS WITH]      9 = BLOWING SNOW
                                                   X = TORNADO
MAX 32 OR BELOW:   0    0.01 INCH OR MORE:   0
MAX 90 OR ABOVE:   0    0.10 INCH OR MORE:   0
MIN 32 OR BELOW:   0    0.50 INCH OR MORE:   0
MIN  0 OR BELOW:   0    1.00 INCH OR MORE:   0

[HDD (BASE 65) ]
TOTAL THIS MO.     0    CLEAR  (SCALE 0-3)  15
DPTR FM NORMAL   -30    PTCLDY (SCALE 4-7)  15
TOTAL FM JUL 1     0    CLOUDY (SCALE 8-10)  0
DPTR FM NORMAL   -30

[CDD (BASE 65) ]
TOTAL THIS MO.   103
DPTR FM NORMAL    56    [PRESSURE DATA]
TOTAL FM JAN 1   239    HIGHEST SLP M ON M
DPTR FM NORMAL   146    LOWEST  SLP 29.69 ON 24

[REMARKS]




U.S. Dept. of Commerce
NOAA National Weather Service
1325 East West Highway
Silver Spring, MD 20910
E-mail: w-nws.webmaster@noaa.gov
Page last modified: May 16, 2007
NATIONAL WEATHER SERVICE: for Safety, for Work, for Fun - FOR LIFE