345
CXUS55 KLOX 181655
CF6SBP
PRELIMINARY LOCAL CLIMATOLOGICAL DATA (WS FORM: F-6)

                                          STATION:   SAN LUIS OBISPO AIRPORT CA
                                          MONTH:     APRIL
                                          YEAR:      2014
                                          LATITUDE:   35 13 N
                                          LONGITUDE: 120 38 W

  TEMPERATURE IN F:       :PCPN:    SNOW:  WIND      :SUNSHINE: SKY     :PK WND
================================================================================
1   2   3   4   5  6A  6B    7    8   9   10  11  12  13   14  15   16   17  18
                                     12Z  AVG MX 2MIN
DY MAX MIN AVG DEP HDD CDD  WTR  SNW DPTH SPD SPD DIR MIN PSBL S-S WX    SPD DR
================================================================================

 1  61  43  52  -4  13   0 0.36    M    0  4.6 16 330   M    M   6 12     21 330
 2  62  46  54  -2  11   0 0.10    M    0  5.4 21 320   M    M   5 1      25 320
 3  65  43  54  -2  11   0 0.00  0.0    0  3.9 16 320   M    M   2        20 310
 4  62  44  53  -3  12   0    T    M    0  8.1 23 310   M    M   6        30 310
 5  67  45  56   0   9   0 0.00  0.0    0  9.1 24 320   M    M   2         M  M
 6  81  52  67  11   0   2 0.00  0.0    0  9.0 23 320   M    M   0        28 310
 7  84  51  68  12   0   3 0.00  0.0    0  2.9  M   M   M    M   0         M  M
 8  85  49  67  11   0   2 0.00  0.0    0  3.7 17 310   M    M   2 1       M  M
 9  73  49  61   5   4   0 0.00  0.0    0  4.1 18 320   M    M   5 12     21 310
10  70  49  60   4   5   0 0.00  0.0    0  4.2 15 320   M    M   7 12     18  30
11  72  51  62   6   3   0 0.00  0.0    0  7.3 17 310   M    M   6 12     24 230
12  66  53  60   4   5   0 0.00  0.0    0  6.7 18 320   M    M   7 8      22 310
13  69  52  61   5   4   0 0.00  0.0    0  8.6 20 310   M    M   5        24 310
14  74  47  61   4   4   0 0.00  0.0    0  5.6 18 310   M    M   3 12      M  M
15  75  51  63   6   2   0 0.00  0.0    M  9.6 36 240   M    M   3 128     M  M
16  76  47  62   5   3   0 0.00  0.0    0  6.0 24 320   M    M   4 128    29 320
17  65  50  58   1   7   0 0.00  0.0    0  5.1 14 320   M    M   8 18      M  M
================================================================================
SM 1207  822        93   7  0.46     0.0 103.9          M       71
================================================================================
AV 71.0 48.4                               6.1 FASTST   M    M   4    MAX(MPH)
                                 MISC ---->  # 36 240               # 30  310
================================================================================
NOTES:
# LAST OF SEVERAL OCCURRENCES

COLUMN 17 PEAK WIND IN M.P.H.

PRELIMINARY LOCAL CLIMATOLOGICAL DATA (WS FORM: F-6) , PAGE 2

                                          STATION:  SAN LUIS OBISPO AIRPORT CA
                                          MONTH:    APRIL
                                          YEAR:     2014
                                          LATITUDE:   35 13 N
                                          LONGITUDE: 120 38 W

[TEMPERATURE DATA]      [PRECIPITATION DATA]       SYMBOLS USED IN COLUMN 16

AVERAGE MONTHLY: 59.7   TOTAL FOR MONTH:   0.46    1 = FOG OR MIST
DPTR FM NORMAL:   3.4   DPTR FM NORMAL:   -0.17    2 = FOG REDUCING VISIBILITY
HIGHEST:    85 ON  8    GRTST 24HR  0.54 ON 31- 1      TO 1/4 MILE OR LESS
LOWEST:     43 ON  3, 1                            3 = THUNDER
                        SNOW, ICE PELLETS, HAIL    4 = ICE PELLETS
                        TOTAL MONTH:   0.0 INCH    5 = HAIL
                        GRTST 24HR     0.0         6 = FREEZING RAIN OR DRIZZLE
                        GRTST DEPTH:   0           7 = DUSTSTORM OR SANDSTORM:
                                                       VSBY 1/2 MILE OR LESS
                                                   8 = SMOKE OR HAZE
[NO. OF DAYS WITH]      [WEATHER - DAYS WITH]      9 = BLOWING SNOW
                                                   X = TORNADO
MAX 32 OR BELOW:   0    0.01 INCH OR MORE:   2
MAX 90 OR ABOVE:   0    0.10 INCH OR MORE:   2
MIN 32 OR BELOW:   0    0.50 INCH OR MORE:   0
MIN  0 OR BELOW:   0    1.00 INCH OR MORE:   0

[HDD (BASE 65) ]
TOTAL THIS MO.    93    CLEAR  (SCALE 0-3)   7
DPTR FM NORMAL   -59    PTCLDY (SCALE 4-7)  10
TOTAL FM JUL 1  1226    CLOUDY (SCALE 8-10)  0
DPTR FM NORMAL  -814

[CDD (BASE 65) ]
TOTAL THIS MO.     7
DPTR FM NORMAL     7    [PRESSURE DATA]
TOTAL FM JAN 1    27    HIGHEST SLP M ON M
DPTR FM NORMAL    24    LOWEST  SLP 29.74 ON 16

[REMARKS]




U.S. Dept. of Commerce
NOAA National Weather Service
1325 East West Highway
Silver Spring, MD 20910
E-mail: w-nws.webmaster@noaa.gov
Page last modified: May 16, 2007
NATIONAL WEATHER SERVICE: for Safety, for Work, for Fun - FOR LIFE