455
CXUS55 KLOX 291655
CF6SBP
PRELIMINARY LOCAL CLIMATOLOGICAL DATA (WS FORM: F-6)

                                          STATION:   SAN LUIS OBISPO AIRPORT CA
                                          MONTH:     AUGUST
                                          YEAR:      2014
                                          LATITUDE:   35 13 N
                                          LONGITUDE: 120 38 W

  TEMPERATURE IN F:       :PCPN:    SNOW:  WIND      :SUNSHINE: SKY     :PK WND
================================================================================
1   2   3   4   5  6A  6B    7    8   9   10  11  12  13   14  15   16   17  18
                                     12Z  AVG MX 2MIN
DY MAX MIN AVG DEP HDD CDD  WTR  SNW DPTH SPD SPD DIR MIN PSBL S-S WX    SPD DR
================================================================================

 1  80  60  70   4   0   5 0.00  0.0    0  5.4 14 310   M    M   5 1       M  M
 2  82  59  71   5   0   6 0.00  0.0    0  5.7 10 310   M    M   5 1      14 160
 3  81  59  70   4   0   5 0.00  0.0    0  8.1 16 310   M    M   5 1      20 310
 4  76  60  68   2   0   3 0.00  0.0    0  6.4 15 310   M    M   5        18 310
 5  79  61  70   4   0   5 0.00  0.0    0  6.5 18 310   M    M   4         M  M
 6  78  60  69   3   0   4 0.00  0.0    0  7.5 17 310   M    M   7        21 310
 7  78  61  70   3   0   5 0.00  0.0    0  6.9 21 310   M    M   6        24 320
 8  79  59  69   2   0   4 0.00  0.0    0  5.7 13 310   M    M   5         M  M
 9  79  58  69   2   0   4 0.00  0.0    0  7.1 21 320   M    M   5 1      25 310
10  80  58  69   2   0   4 0.00  0.0    0  6.4 18 320   M    M   5        23 310
11  79  58  69   2   0   4 0.00  0.0    0  7.8 20 310   M    M   3 1      23 310
12  78  57  68   1   0   3 0.00  0.0    0  9.6  M   M   M    M   1         M  M
13  77  57  67   0   0   2 0.00  0.0    0  7.9 17 310   M    M   2        21 310
14  78  60  69   2   0   4 0.00  0.0    0  5.7 17 310   M    M   5        23 230
15  78  56  67   0   0   2 0.00  0.0    M  5.8 15 310   M    M   3 1       M  M
16  82  58  70   3   0   5 0.00  0.0    0  8.0 20 310   M    M   3 1      22 320
17  79  57  68   1   0   3 0.00  0.0    0  9.8 20 310   M    M   4        23 320
18  80  57  69   2   0   4 0.00  0.0    0  8.3 20 310   M    M   5        23 310
19  73  59  66  -1   0   1 0.00  0.0    0  6.0 17 320   M    M   9 18      M  M
20  77  59  68   1   0   3 0.00  0.0    0  6.3 16 320   M    M   5        22 300
21  82  55  69   2   0   4 0.00  0.0    0  5.5 18 310   M    M   1        22 320
22  80  58  69   2   0   4 0.00  0.0    0  4.7 15 320   M    M   4        17 330
23  76  58  67   0   0   2 0.00  0.0    0  4.2 16 320   M    M   5         M  M
24  77  54  66  -1   0   1 0.00  0.0    0  3.6 15 280   M    M   2        29 270
25  73  55  64  -4   1   0 0.00  0.0    0  3.2 13 230   M    M   4         M  M
26  80  51  66  -2   0   1 0.00  0.0    0  5.8 17 310   M    M   0        21 310
27  86  51  69   1   0   4 0.00  0.0    0  4.9 13 310   M    M   0         M  M
28  81  59  70   2   0   5 0.00  0.0    0  9.5 20 310   M    M   4         M  M
================================================================================
SM 2208 1614         1  97  0.00     0.0 182.3          M      112
================================================================================
AV 78.9 57.6                               6.5 FASTST   M    M   4    MAX(MPH)
                                 MISC ---->  # 21 310               # 29  270
================================================================================
NOTES:
# LAST OF SEVERAL OCCURRENCES

COLUMN 17 PEAK WIND IN M.P.H.

PRELIMINARY LOCAL CLIMATOLOGICAL DATA (WS FORM: F-6) , PAGE 2

                                          STATION:  SAN LUIS OBISPO AIRPORT CA
                                          MONTH:    AUGUST
                                          YEAR:     2014
                                          LATITUDE:   35 13 N
                                          LONGITUDE: 120 38 W

[TEMPERATURE DATA]      [PRECIPITATION DATA]       SYMBOLS USED IN COLUMN 16

AVERAGE MONTHLY: 68.2   TOTAL FOR MONTH:   0.00    1 = FOG OR MIST
DPTR FM NORMAL:   1.3   DPTR FM NORMAL:   -0.03    2 = FOG REDUCING VISIBILITY
HIGHEST:    86 ON 27    GRTST 24HR  0.00 ON 28-28      TO 1/4 MILE OR LESS
LOWEST:     51 ON 27,26                            3 = THUNDER
                        SNOW, ICE PELLETS, HAIL    4 = ICE PELLETS
                        TOTAL MONTH:   0.0 INCH    5 = HAIL
                        GRTST 24HR     0.0         6 = FREEZING RAIN OR DRIZZLE
                        GRTST DEPTH:   0           7 = DUSTSTORM OR SANDSTORM:
                                                       VSBY 1/2 MILE OR LESS
                                                   8 = SMOKE OR HAZE
[NO. OF DAYS WITH]      [WEATHER - DAYS WITH]      9 = BLOWING SNOW
                                                   X = TORNADO
MAX 32 OR BELOW:   0    0.01 INCH OR MORE:   0
MAX 90 OR ABOVE:   0    0.10 INCH OR MORE:   0
MIN 32 OR BELOW:   0    0.50 INCH OR MORE:   0
MIN  0 OR BELOW:   0    1.00 INCH OR MORE:   0

[HDD (BASE 65) ]
TOTAL THIS MO.     1    CLEAR  (SCALE 0-3)   6
DPTR FM NORMAL     0    PTCLDY (SCALE 4-7)  21
TOTAL FM JUL 1     1    CLOUDY (SCALE 8-10)  1
DPTR FM NORMAL   -32

[CDD (BASE 65) ]
TOTAL THIS MO.    97
DPTR FM NORMAL    32    [PRESSURE DATA]
TOTAL FM JAN 1   341    HIGHEST SLP M ON M
DPTR FM NORMAL   183    LOWEST  SLP 29.74 ON 18

[REMARKS]




U.S. Dept. of Commerce
NOAA National Weather Service
1325 East West Highway
Silver Spring, MD 20910
E-mail: w-nws.webmaster@noaa.gov
Page last modified: May 16, 2007
NATIONAL WEATHER SERVICE: for Safety, for Work, for Fun - FOR LIFE