729
CXUS55 KLOX 011655
CF6SBP
PRELIMINARY LOCAL CLIMATOLOGICAL DATA (WS FORM: F-6)

                                          STATION:   SAN LUIS OBISPO AIRPORT CA
                                          MONTH:     NOVEMBER
                                          YEAR:      2014
                                          LATITUDE:   35 13 N
                                          LONGITUDE: 120 38 W

  TEMPERATURE IN F:       :PCPN:    SNOW:  WIND      :SUNSHINE: SKY     :PK WND
================================================================================
1   2   3   4   5  6A  6B    7    8   9   10  11  12  13   14  15   16   17  18
                                     12Z  AVG MX 2MIN
DY MAX MIN AVG DEP HDD CDD  WTR  SNW DPTH SPD SPD DIR MIN PSBL S-S WX    SPD DR
================================================================================

 1  62  51  57  -3   8   0 0.27  0.0    0  5.1 15 320   M    M   6 1       M  M
 2  68  45  57  -3   8   0 0.00  0.0    0  4.1 17 310   M    M   2        21 320
 3  74  50  62   2   3   0 0.00  0.0    0  7.0 23 320   M    M   0        29 310
 4  78  46  62   2   3   0 0.00  0.0    0  3.7 15 330   M    M   0        18 340
 5  84  50  67   7   0   2 0.00  0.0    0  3.0 14 320   M    M   0        17 320
 6  82  46  64   4   1   0 0.00  0.0    0  4.1 20 320   M    M   0        23 310
 7  88  50  69  10   0   4 0.00  0.0    0  6.3 22 310   M    M   0        25 310
 8  76  47  62   3   3   0 0.00  0.0    0  3.0 13 310   M    M   2 12     16 310
 9  73  51  62   3   3   0 0.00  0.0    0  3.3 15 310   M    M   8 12     18 330
10  63  53  58  -1   7   0 0.00  0.0    0  3.9  9 110   M    M  10 1      14 130
11  67  57  62   4   3   0 0.00  0.0    0  4.0 14 310   M    M   9        16 310
12  68  51  60   2   5   0 0.00  0.0    0  7.2 18 320   M    M   5        21 320
13  64  51  58   0   7   0 0.02  0.0    0  3.1 12 310   M    M   9 1       M  M
14  74  54  64   6   1   0 0.00  0.0    0  8.7 22 310   M    M   2 1      26 310
15  71  51  61   4   4   0 0.00  0.0    0  8.6 24 320   M    M   0        28 310
16  74  48  61   4   4   0 0.00  0.0    0  2.7 15  60   M    M   1         M  M
17  74  47  61   4   4   0 0.00  0.0    0  2.1 10 230   M    M   2        16 260
18  77  46  62   5   3   0 0.00  0.0    0  2.2 14 190   M    M   2        17 180
19  68  49  59   3   6   0 0.02    M    0  3.6 14 180   M    M   8 1      20 260
20  63  52  58   2   7   0    T  0.0    0  2.8 13 320   M    M   8 12     16 330
21  69  48  59   3   6   0    T    M    0  5.4 17 320   M    M   3        22 320
22  70  47  59   3   6   0    T    M    0   M   M   M   M    M   4         M  M
23  72  50  61   6   4   0 0.00  0.0    0  6.6 20 310   M    M   1        27 320
24  76  44  60   5   5   0 0.00  0.0    0  6.9 18  70   M    M   0        23  70
25  79  42  61   6   4   0 0.00  0.0    0  3.6 15 320   M    M   0        18 290
26  86  41  64  10   1   0 0.00  0.0    0  2.9 18 310   M    M   0        21 310
27  82  42  62   8   3   0 0.00  0.0    0  2.7  M   M   M    M   0         M  M
28  77  38  58   4   7   0 0.00  0.0    0  3.6 15 320   M    M   0        21 320
29  72  34  53  -1  12   0 0.00  0.0    0  3.1  9 210   M    M   1 12      M  M
30  65  46  56   2   9   0 0.07    M    0  6.2 16 140   M    M   6 12     21 150
================================================================================
SM 2196 1427       137   6  0.38     0.0 129.5          M       89
================================================================================
AV 73.2 47.6                               4.5 FASTST   M    M   3    MAX(MPH)
                                 MISC ---->  # 24 320               # 29  310
================================================================================
NOTES:
# LAST OF SEVERAL OCCURRENCES

COLUMN 17 PEAK WIND IN M.P.H.

PRELIMINARY LOCAL CLIMATOLOGICAL DATA (WS FORM: F-6) , PAGE 2

                                          STATION:  SAN LUIS OBISPO AIRPORT CA
                                          MONTH:    NOVEMBER
                                          YEAR:     2014
                                          LATITUDE:   35 13 N
                                          LONGITUDE: 120 38 W

[TEMPERATURE DATA]      [PRECIPITATION DATA]       SYMBOLS USED IN COLUMN 16

AVERAGE MONTHLY: 60.4   TOTAL FOR MONTH:   0.38    1 = FOG OR MIST
DPTR FM NORMAL:   3.3   DPTR FM NORMAL:   -1.37    2 = FOG REDUCING VISIBILITY
HIGHEST:    88 ON  7    GRTST 24HR  1.28 ON 31- 1      TO 1/4 MILE OR LESS
LOWEST:     34 ON 29                               3 = THUNDER
                        SNOW, ICE PELLETS, HAIL    4 = ICE PELLETS
                        TOTAL MONTH:   0.0 INCH    5 = HAIL
                        GRTST 24HR     0.0         6 = FREEZING RAIN OR DRIZZLE
                        GRTST DEPTH:   0           7 = DUSTSTORM OR SANDSTORM:
                                                       VSBY 1/2 MILE OR LESS
                                                   8 = SMOKE OR HAZE
[NO. OF DAYS WITH]      [WEATHER - DAYS WITH]      9 = BLOWING SNOW
                                                   X = TORNADO
MAX 32 OR BELOW:   0    0.01 INCH OR MORE:   4
MAX 90 OR ABOVE:   0    0.10 INCH OR MORE:   1
MIN 32 OR BELOW:   0    0.50 INCH OR MORE:   0
MIN  0 OR BELOW:   0    1.00 INCH OR MORE:   0

[HDD (BASE 65) ]
TOTAL THIS MO.   137    CLEAR  (SCALE 0-3)  20
DPTR FM NORMAL  -106    PTCLDY (SCALE 4-7)   6
TOTAL FM JUL 1   165    CLOUDY (SCALE 8-10)  4
DPTR FM NORMAL  -261

[CDD (BASE 65) ]
TOTAL THIS MO.     6
DPTR FM NORMAL    -2    [PRESSURE DATA]
TOTAL FM JAN 1   564    HIGHEST SLP 30.41 ON 25
DPTR FM NORMAL   276    LOWEST  SLP 29.80 ON 30

[REMARKS]
#FINAL-11-14#




U.S. Dept. of Commerce
NOAA National Weather Service
1325 East West Highway
Silver Spring, MD 20910
E-mail: w-nws.webmaster@noaa.gov
Page last modified: May 16, 2007
NATIONAL WEATHER SERVICE: for Safety, for Work, for Fun - FOR LIFE