845
CXUS53 KIWX 010800
CF6SBN
PRELIMINARY LOCAL CLIMATOLOGICAL DATA (WS FORM: F-6)

                                          STATION:   SOUTH BEND
                                          MONTH:     NOVEMBER
                                          YEAR:      2014
                                          LATITUDE:   41 42 N
                                          LONGITUDE:  86 19 W

  TEMPERATURE IN F:       :PCPN:    SNOW:  WIND      :SUNSHINE: SKY     :PK WND
================================================================================
1   2   3   4   5  6A  6B    7    8   9   10  11  12  13   14  15   16   17  18
                                     12Z  AVG MX 2MIN
DY MAX MIN AVG DEP HDD CDD  WTR  SNW DPTH SPD SPD DIR MIN PSBL S-S WX    SPD DR
================================================================================

 1  43  25  34 -13  31   0 0.00  0.0    0  9.4 23  10   M    M   1        30 360
 2  51  23  37  -9  28   0 0.00  0.0    0  6.0 14 200   M    M   1 18     21 230
 3  63  44  54   8  11   0 0.00  0.0    0 15.0 23 210   M    M   4        31 230
 4  58  39  49   3  16   0 0.12  0.0    0 13.8 22 210   M    M   7 1      30 220
 5  60  34  47   2  18   0 0.00  0.0    0  9.1 15 220   M    M   1        20 240
 6  50  38  44  -1  21   0 0.23  0.0    0 16.7 32 330   M    M  10 1      47 340
 7  43  34  39  -6  26   0 0.03    T    0  5.8 20 360   M    M   8 1      26 360
 8  45  36  41  -3  24   0 0.02  0.0    0 10.9 24 310   M    M   9 18     30 320
 9  47  31  39  -5  26   0 0.00  0.0    0  9.8 24 210   M    M   8        29 200
10  61  42  52   9  13   0 0.00  0.0    0 12.4 24 160   M    M   2        30 170
11  56  35  46   3  19   0 0.29  0.0    0 14.8 24 230   M    M  10 1      34 220
12  35  28  32 -10  33   0    T    T    0 12.1 22 310   M    M  10        27 300
13  30  23  27 -15  38   0 0.51 12.3    T 10.8 21 290   M    M  10 12     26 300
14  30  15  23 -19  42   0 0.03  1.1    8  9.7 20 250   M    M   8 18     22 250
15  30  10  20 -21  45   0 0.00  0.0    5  4.9 13 240   M    M   2        15 200
16  31  19  25 -16  40   0 0.01  0.2    3  6.2 14 200   M    M  10 18     16 200
17  30  12  21 -19  44   0 0.04  1.9    3 16.0 28 260   M    M   9 18     35 250
18  18  10  14 -26  51   0 0.06  1.3    3 17.8 26 240   M    M  10 18     32 250
19  32  16  24 -15  41   0 0.01  0.1    2 15.8 26 250   M    M  10 8      35 270
20  27  19  23 -16  42   0    T    T    2 16.0 28 270   M    M   9        34 260
21  31  16  24 -14  41   0    T    T    2  8.1 18 310   M    M   4        22 310
22  51  28  40   2  25   0 0.08  0.0    1 11.8 17 200   M    M  10 1      23 200
23  55  48  52  15  13   0 1.24  0.0    0 10.8 20 210   M    M  10 1      27 210
24  52  29  41   4  24   0 0.52    T    0 19.1 37 240   M    M  10 1      48 240
25  29  25  27  -9  38   0    T    T    0 11.6 24 250   M    M  10 1      31 250
26  29  24  27  -9  38   0    T    T    0  4.9 14 120   M    M  10        16 120
27  31  21  26 -10  39   0 0.17  2.0    T  9.2 20 290   M    M  10 18     26 310
28  32  15  24 -11  41   0 0.01  0.2    2 10.1 18 170   M    M   7 18     22 170
29  53  31  42   7  23   0 0.00  0.0    2 14.8 25 210   M    M   4        34 200
30  58  35  47  13  18   0 0.00  0.0    0 14.2 23 220   M    M   8 1      31 220
================================================================================
SM 1261  805       909   0  3.37    19.1 347.6          M      222
================================================================================
AV 42.0 26.8                              11.6 FASTST   M    M   7    MAX(MPH)
                                 MISC ---->  # 37 240               # 48  240
================================================================================
NOTES:
# LAST OF SEVERAL OCCURRENCES

COLUMN 17 PEAK WIND IN M.P.H.

PRELIMINARY LOCAL CLIMATOLOGICAL DATA (WS FORM: F-6) , PAGE 2

                                          STATION:  SOUTH BEND
                                          MONTH:    NOVEMBER
                                          YEAR:     2014
                                          LATITUDE:   41 42 N
                                          LONGITUDE:  86 19 W

[TEMPERATURE DATA]      [PRECIPITATION DATA]       SYMBOLS USED IN COLUMN 16

AVERAGE MONTHLY: 34.4   TOTAL FOR MONTH:   3.37    1 = FOG OR MIST
DPTR FM NORMAL:  -6.3   DPTR FM NORMAL:    0.10    2 = FOG REDUCING VISIBILITY
HIGHEST:    63 ON  3    GRTST 24HR  1.75 ON 23-24      TO 1/4 MILE OR LESS
LOWEST:     10 ON 18,15                            3 = THUNDER
                        SNOW, ICE PELLETS, HAIL    4 = ICE PELLETS
                        TOTAL MONTH:  19.1 INCHES  5 = HAIL
                        GRTST 24HR  12.3 ON   M    6 = FREEZING RAIN OR DRIZZLE
                        GRTST DEPTH:   8 ON 14     7 = DUSTSTORM OR SANDSTORM:
                                                       VSBY 1/2 MILE OR LESS
                                                   8 = SMOKE OR HAZE
[NO. OF DAYS WITH]      [WEATHER - DAYS WITH]      9 = BLOWING SNOW
                                                   X = TORNADO
MAX 32 OR BELOW:  13    0.01 INCH OR MORE:  16
MAX 90 OR ABOVE:   0    0.10 INCH OR MORE:   7
MIN 32 OR BELOW:  20    0.50 INCH OR MORE:   3
MIN  0 OR BELOW:   0    1.00 INCH OR MORE:   1

[HDD (BASE 65) ]
TOTAL THIS MO.   909    CLEAR  (SCALE 0-3)   5
DPTR FM NORMAL   181    PTCLDY (SCALE 4-7)   7
TOTAL FM JUL 1  1442    CLOUDY (SCALE 8-10) 18
DPTR FM NORMAL   173

[CDD (BASE 65) ]
TOTAL THIS MO.     0
DPTR FM NORMAL     0    [PRESSURE DATA]
TOTAL FM JAN 1   771    HIGHEST SLP 30.53 ON 21
DPTR FM NORMAL    -2    LOWEST  SLP 29.08 ON 24

[REMARKS]
#FINAL-11-14#




U.S. Dept. of Commerce
NOAA National Weather Service
1325 East West Highway
Silver Spring, MD 20910
E-mail: w-nws.webmaster@noaa.gov
Page last modified: May 16, 2007
NATIONAL WEATHER SERVICE: for Safety, for Work, for Fun - FOR LIFE