271
CXUS53 KIWX 010800
CF6SBN
PRELIMINARY LOCAL CLIMATOLOGICAL DATA (WS FORM: F-6)

                                          STATION:   SOUTH BEND
                                          MONTH:     JULY
                                          YEAR:      2014
                                          LATITUDE:   41 42 N
                                          LONGITUDE:  86 19 W

  TEMPERATURE IN F:       :PCPN:    SNOW:  WIND      :SUNSHINE: SKY     :PK WND
================================================================================
1   2   3   4   5  6A  6B    7    8   9   10  11  12  13   14  15   16   17  18
                                     12Z  AVG MX 2MIN
DY MAX MIN AVG DEP HDD CDD  WTR  SNW DPTH SPD SPD DIR MIN PSBL S-S WX    SPD DR
================================================================================

 1  84  66  75   2   0  10 0.22  0.0    0 12.1 22 240   M    M   3 13     31 240
 2  73  59  66  -7   0   1    T  0.0    0  9.5 16 300   M    M   7        22 300
 3  71  54  63 -10   2   0 0.15  0.0    0  9.0 21 340   M    M   3 1      25 320
 4  79  52  66  -7   0   1 0.00  0.0    0  3.3 13 340   M    M   0        15 350
 5  78  54  66  -7   0   1 0.00  0.0    0  5.5 14 190   M    M   1 18     18 200
 6  82  65  74   1   0   9 0.00  0.0    0 11.1 20 200   M    M   6 3      26 200
 7  84  72  78   5   0  13 0.03  0.0    0  9.8 22 230   M    M   6 3      30 210
 8  81  66  74   1   0   9 0.11  0.0    0 11.1 20 280   M    M   4 18     31 300
 9  77  60  69  -4   0   4 0.00  0.0    0  7.7 16 340   M    M   1        25 310
10  77  54  66  -7   0   1 0.00  0.0    0  4.5 12 350   M    M   1        16  10
11  82  55  69  -4   0   4    T  0.0    0  4.1 16 180   M    M   2        19 180
12  79  69  74   1   0   9 0.08  0.0    0  8.5 17 210   M    M   8 1      23 190
13  82  70  76   3   0  11 0.47  0.0    0  8.6 22 300   M    M   2 13     28 270
14  80  63  72  -1   0   7 0.46  0.0    0  6.1 21 360   M    M   4 13     24 360
15  69  57  63 -10   2   0    T  0.0    0 10.1 22 310   M    M   5        28 330
16  70  53  62 -11   3   0    T  0.0    0  7.1 17 320   M    M   5        20 310
17  76  50  63 -10   2   0 0.00  0.0    0  3.1  9 240   M    M   0        12 240
18  78  54  66  -7   0   1 0.00  0.0    0  4.3 14 140   M    M   1        20 150
19  81  55  68  -5   0   3 0.00  0.0    0  2.8 13 330   M    M   3 1      15 330
20  84  60  72  -1   0   7 0.00  0.0    0  2.3  8 350   M    M   3        11 300
21  85  61  73   0   0   8 0.00  0.0    0  4.8 12 220   M    M   1 18     16 180
22  89  65  77   4   0  12 0.00  0.0    0  8.9 20 190   M    M   2        26 210
23  78  58  68  -5   0   3 0.23  0.0    0 11.8 23 360   M    M   4 13     27 320
24  77  54  66  -7   0   1 0.00  0.0    0  6.7 14 320   M    M   3        18 350
25  76  52  64  -9   1   0    T  0.0    0  6.0 20 210   M    M   2        24 200
26  80  63  72  -1   0   7 0.00  0.0    0  5.3 13 220   M    M   5 18     15 220
27  88  63  76   3   0  11    T  0.0    0 11.1 30 320   M    M   6 1238   37 320
28  64  54  59 -14   6   0 0.00  0.0    0 13.3 22 330   M    M   7        27 340
29  76  50  63  -9   2   0 0.00  0.0    0  7.0 17 310   M    M   3        21 320
30  77  56  67  -5   0   2 0.04  0.0    0  5.2 18 330   M    M   2 1      24 340
31  84  56  70  -2   0   5 0.00  0.0    0  6.5 17 230   M    M   1 18     24 250
================================================================================
SM 2441 1820        18 140  1.79     0.0 227.2          M      101
================================================================================
AV 78.7 58.7                               7.3 FASTST   M    M   3    MAX(MPH)
                                 MISC ---->  # 30 320               # 37  320
================================================================================
NOTES:
# LAST OF SEVERAL OCCURRENCES

COLUMN 17 PEAK WIND IN M.P.H.

PRELIMINARY LOCAL CLIMATOLOGICAL DATA (WS FORM: F-6) , PAGE 2

                                          STATION:  SOUTH BEND
                                          MONTH:    JULY
                                          YEAR:     2014
                                          LATITUDE:   41 42 N
                                          LONGITUDE:  86 19 W

[TEMPERATURE DATA]      [PRECIPITATION DATA]       SYMBOLS USED IN COLUMN 16

AVERAGE MONTHLY: 68.7   TOTAL FOR MONTH:   1.79    1 = FOG OR MIST
DPTR FM NORMAL:  -4.3   DPTR FM NORMAL:   -2.21    2 = FOG REDUCING VISIBILITY
HIGHEST:    89 ON 22    GRTST 24HR  0.90 ON 30- 1      TO 1/4 MILE OR LESS
LOWEST:     50 ON 29,17                            3 = THUNDER
                        SNOW, ICE PELLETS, HAIL    4 = ICE PELLETS
                        TOTAL MONTH:   0.0 INCH    5 = HAIL
                        GRTST 24HR     0.0         6 = FREEZING RAIN OR DRIZZLE
                        GRTST DEPTH:   0           7 = DUSTSTORM OR SANDSTORM:
                                                       VSBY 1/2 MILE OR LESS
                                                   8 = SMOKE OR HAZE
[NO. OF DAYS WITH]      [WEATHER - DAYS WITH]      9 = BLOWING SNOW
                                                   X = TORNADO
MAX 32 OR BELOW:   0    0.01 INCH OR MORE:   9
MAX 90 OR ABOVE:   0    0.10 INCH OR MORE:   6
MIN 32 OR BELOW:   0    0.50 INCH OR MORE:   0
MIN  0 OR BELOW:   0    1.00 INCH OR MORE:   0

[HDD (BASE 65) ]
TOTAL THIS MO.    18    CLEAR  (SCALE 0-3)  18
DPTR FM NORMAL    13    PTCLDY (SCALE 4-7)  13
TOTAL FM JUL 1    18    CLOUDY (SCALE 8-10)  0
DPTR FM NORMAL    13

[CDD (BASE 65) ]
TOTAL THIS MO.   140
DPTR FM NORMAL  -113    [PRESSURE DATA]
TOTAL FM JAN 1   441    HIGHEST SLP 30.31 ON  4
DPTR FM NORMAL   -33    LOWEST  SLP 29.58 ON  8

[REMARKS]
#FINAL-07-14#




U.S. Dept. of Commerce
NOAA National Weather Service
1325 East West Highway
Silver Spring, MD 20910
E-mail: w-nws.webmaster@noaa.gov
Page last modified: May 16, 2007
NATIONAL WEATHER SERVICE: for Safety, for Work, for Fun - FOR LIFE