610
CXUS53 KIWX 270800
CF6SBN
PRELIMINARY LOCAL CLIMATOLOGICAL DATA (WS FORM: F-6)

                                          STATION:   SOUTH BEND
                                          MONTH:     JANUARY
                                          YEAR:      2015
                                          LATITUDE:   41 42 N
                                          LONGITUDE:  86 19 W

  TEMPERATURE IN F:       :PCPN:    SNOW:  WIND      :SUNSHINE: SKY     :PK WND
================================================================================
1   2   3   4   5  6A  6B    7    8   9   10  11  12  13   14  15   16   17  18
                                     12Z  AVG MX 2MIN
DY MAX MIN AVG DEP HDD CDD  WTR  SNW DPTH SPD SPD DIR MIN PSBL S-S WX    SPD DR
================================================================================

 1  30  15  23  -2  42   0 0.00  0.0    0 17.2 26 250   M    M   3        36 250
 2  35  19  27   2  38   0 0.00  0.0    0  5.5 10 220   M    M   4        14 260
 3  36  29  33   8  32   0 0.80  0.3    0  5.8 14 120   M    M   9 16     17 120
 4  34  15  25   0  40   0 0.17  2.5    T 13.1 29 300   M    M  10 128    35 300
 5  15   0   8 -17  57   0 0.09  2.5    3 13.6 24 300   M    M   7 18     30 310
 6  16   7  12 -13  53   0 0.12  2.0    4 11.9 22 260   M    M  10 18     25 240
 7  14  -4   5 -20  60   0 0.17  4.9    7 17.8 23 320   M    M  10 1289   35 330
 8  18  -9   5 -20  60   0 0.08  2.6    8 16.7 29 220   M    M   5 189    41 240
 9  19   2  11 -13  54   0 0.12  3.7    8 17.4 33 300   M    M  10 18     41 290
10  22  -3  10 -14  55   0 0.01  0.1    9 12.9 17 220   M    M   6 18     32 220
11  31  21  26   2  39   0 0.07  1.0    8  9.4 18 190   M    M  10 1      26 250
12  30  10  20  -4  45   0 0.07  0.8    7 10.1 26 350   M    M   6 18     31 340
13  18  -5   7 -17  58   0 0.00  0.0    7  4.3 14  30   M    M   0        17  40
14  15  -6   5 -19  60   0    T    T    6  3.9 10 200   M    M   6 18     12 210
15  30   7  19  -5  46   0 0.00  0.0    6 10.7 18 230   M    M   4 18     24 240
16  36  21  29   5  36   0 0.00  0.0    6  6.5 14 140   M    M   6 18     17 140
17  46  24  35  11  30   0    T  0.0    0 14.8 28 220   M    M   2 18     37 220
18  38  31  35  11  30   0 0.01    T    4 11.3 17 280   M    M   9 18     23 270
19  42  24  33   9  32   0    T    T    3  2.2  8 350   M    M   5 128     9 250
20  38  33  36  12  29   0 0.01    T    3  6.0 13 120   M    M  10 18     15 110
21  36  32  34  10  31   0 0.02    T    2  7.5 15 320   M    M  10 12     19 320
22  33  31  32   8  33   0    T    T    2  6.6 14 290   M    M  10        19 320
23  31  26  29   5  36   0 0.00  0.0    1 10.9 17 250   M    M   9        20 240
24  42  24  33   9  32   0 0.00  0.0    1  7.0 16 300   M    M   7 18     18 270
25  36  20  28   4  37   0 0.09  0.9    1  7.7 17  70   M    M  10 18     23  30
26  25   7  16  -8  49   0    T    T    2  4.4 13  30   M    M   4        15  30
================================================================================
SM  766  371      1114   0  1.83    21.3 255.2          M      182
================================================================================
AV 29.5 14.3                               9.8 FASTST   M    M   7    MAX(MPH)
                                 MISC ---->  # 33 300               # 41  240
================================================================================
NOTES:
# LAST OF SEVERAL OCCURRENCES

COLUMN 17 PEAK WIND IN M.P.H.

PRELIMINARY LOCAL CLIMATOLOGICAL DATA (WS FORM: F-6) , PAGE 2

                                          STATION:  SOUTH BEND
                                          MONTH:    JANUARY
                                          YEAR:     2015
                                          LATITUDE:   41 42 N
                                          LONGITUDE:  86 19 W

[TEMPERATURE DATA]      [PRECIPITATION DATA]       SYMBOLS USED IN COLUMN 16

AVERAGE MONTHLY: 21.9   TOTAL FOR MONTH:   1.83    1 = FOG OR MIST
DPTR FM NORMAL:  -2.4   DPTR FM NORMAL:   -0.14    2 = FOG REDUCING VISIBILITY
HIGHEST:    46 ON 17    GRTST 24HR  0.80 ON  3- 3      TO 1/4 MILE OR LESS
LOWEST:     -9 ON  8                               3 = THUNDER
                        SNOW, ICE PELLETS, HAIL    4 = ICE PELLETS
                        TOTAL MONTH:  21.3 INCHES  5 = HAIL
                        GRTST 24HR   4.9 ON   M    6 = FREEZING RAIN OR DRIZZLE
                        GRTST DEPTH:   9 ON 10     7 = DUSTSTORM OR SANDSTORM:
                                                       VSBY 1/2 MILE OR LESS
                                                   8 = SMOKE OR HAZE
[NO. OF DAYS WITH]      [WEATHER - DAYS WITH]      9 = BLOWING SNOW
                                                   X = TORNADO
MAX 32 OR BELOW:  14    0.01 INCH OR MORE:  14
MAX 90 OR ABOVE:   0    0.10 INCH OR MORE:   5
MIN 32 OR BELOW:  25    0.50 INCH OR MORE:   1
MIN  0 OR BELOW:   6    1.00 INCH OR MORE:   0

[HDD (BASE 65) ]
TOTAL THIS MO.  1114    CLEAR  (SCALE 0-3)   3
DPTR FM NORMAL    56    PTCLDY (SCALE 4-7)  11
TOTAL FM JUL 1  3534    CLOUDY (SCALE 8-10) 12
DPTR FM NORMAL    85

[CDD (BASE 65) ]
TOTAL THIS MO.     0
DPTR FM NORMAL     0    [PRESSURE DATA]
TOTAL FM JAN 1     0    HIGHEST SLP M ON M
DPTR FM NORMAL     0    LOWEST  SLP 29.66 ON 24

[REMARKS]




U.S. Dept. of Commerce
NOAA National Weather Service
1325 East West Highway
Silver Spring, MD 20910
E-mail: w-nws.webmaster@noaa.gov
Page last modified: May 16, 2007
NATIONAL WEATHER SERVICE: for Safety, for Work, for Fun - FOR LIFE