115
CXUS53 KMKX 220658
CF6SBM
PRELIMINARY LOCAL CLIMATOLOGICAL DATA (WS FORM: F-6)

                                          STATION:   SHEBOYGAN WI
                                          MONTH:     SEPTEMBER
                                          YEAR:      2014
                                          LATITUDE:   43 46 N
                                          LONGITUDE:  87 51 W

  TEMPERATURE IN F:       :PCPN:    SNOW:  WIND      :SUNSHINE: SKY     :PK WND
================================================================================
1   2   3   4   5  6A  6B    7    8   9   10  11  12  13   14  15   16   17  18
                                     12Z  AVG MX 2MIN
DY MAX MIN AVG DEP HDD CDD  WTR  SNW DPTH SPD SPD DIR MIN PSBL S-S WX    SPD DR
================================================================================

 1  78  60  69   4   0   4 0.10  0.0    0  9.1 23 260   M    M   4 1      29 270
 2  78  55  67   2   0   2 0.06  0.0    0  4.2 13 260   M    M   1 13     17 240
 3  81  54  68   4   0   3 0.00  0.0    0  7.7 17 190   M    M   0        22 190
 4  84  68  76  12   0  11    T  0.0    0 11.3 25  30   M    M   5        33  30
 5  77  60  69   5   0   4 0.28  0.0    0  9.7 18 310   M    M   4 13     26 310
 6  75  51  63   0   2   0 0.00  0.0    0  6.4 16 280   M    M   1        22 280
 7  78  48  63   0   2   0 0.00  0.0    0  4.2 14 180   M    M   1        17 170
 8  75  50  63   0   2   0 0.00    M    M  5.9 17 170   M    M   2 1      25 170
 9  77  51  64   2   1   0 0.00    M    M  6.4 17 170   M    M   1 12     22 160
10  77  47  62   0   3   0 0.26    M    M 14.4 28 330   M    M   9 1      36 340
11  51  44  48 -14  17   0 0.00  0.0    0  9.1 18 340   M    M  10        24 330
12  49  39  44 -17  21   0 0.35  0.0    0  7.7 13 320   M    M   8 1      17 340
13  56  39  48 -13  17   0    T  0.0    0  6.5 15 340   M    M   7        22 350
14  66  42  54  -7  11   0 0.00  0.0    0  9.7 21 200   M    M   6        26 210
15  57  45  51  -9  14   0 0.24    M    0  4.3  9 300   M    M   6 1      12 300
16  64  37  51  -9  14   0 0.00  0.0    0  4.6 13 270   M    M   0        16 270
17  70  40  55  -4  10   0 0.00  0.0    0  4.9 17  30   M    M   1        21  20
18  59  41  50  -9  15   0 0.00    M    M  5.7 15  40   M    M   6 1      19  30
19  71  40  56  -3   9   0 0.00    M    M 10.4 26 180   M    M   2 12     32 180
20  76  58  67   9   0   2 0.07    M    M 14.9 25 300   M    M   3 13     33 240
21  64  42  53  -5  12   0 0.02    M    M 11.0 24 350   M    M   6 1      32 350
================================================================================
SM 1463 1011       150  26  1.38     0.0 168.1          M       83
================================================================================
AV 69.7 48.1                               8.0 FASTST   M    M   4    MAX(MPH)
                                 MISC ---->  # 28 330               # 36  340
================================================================================
NOTES:
# LAST OF SEVERAL OCCURRENCES

COLUMN 17 PEAK WIND IN M.P.H.

PRELIMINARY LOCAL CLIMATOLOGICAL DATA (WS FORM: F-6) , PAGE 2

                                          STATION:  SHEBOYGAN WI
                                          MONTH:    SEPTEMBER
                                          YEAR:     2014
                                          LATITUDE:   43 46 N
                                          LONGITUDE:  87 51 W

[TEMPERATURE DATA]      [PRECIPITATION DATA]       SYMBOLS USED IN COLUMN 16

AVERAGE MONTHLY: 58.9   TOTAL FOR MONTH:   1.38    1 = FOG OR MIST
DPTR FM NORMAL:  -2.7   DPTR FM NORMAL:   -0.90    2 = FOG REDUCING VISIBILITY
HIGHEST:    84 ON  4    GRTST 24HR  0.35 ON 11-12      TO 1/4 MILE OR LESS
LOWEST:     37 ON 16                               3 = THUNDER
                        SNOW, ICE PELLETS, HAIL    4 = ICE PELLETS
                        TOTAL MONTH:   0.0 INCH    5 = HAIL
                        GRTST 24HR     0.0         6 = FREEZING RAIN OR DRIZZLE
                        GRTST DEPTH:   0           7 = DUSTSTORM OR SANDSTORM:
                                                       VSBY 1/2 MILE OR LESS
                                                   8 = SMOKE OR HAZE
[NO. OF DAYS WITH]      [WEATHER - DAYS WITH]      9 = BLOWING SNOW
                                                   X = TORNADO
MAX 32 OR BELOW:   0    0.01 INCH OR MORE:   8
MAX 90 OR ABOVE:   0    0.10 INCH OR MORE:   5
MIN 32 OR BELOW:   0    0.50 INCH OR MORE:   0
MIN  0 OR BELOW:   0    1.00 INCH OR MORE:   0

[HDD (BASE 65) ]
TOTAL THIS MO.   150    CLEAR  (SCALE 0-3)  10
DPTR FM NORMAL    50    PTCLDY (SCALE 4-7)   9
TOTAL FM JUL 1   219    CLOUDY (SCALE 8-10)  2
DPTR FM NORMAL    62

[CDD (BASE 65) ]
TOTAL THIS MO.    26
DPTR FM NORMAL    -3    [PRESSURE DATA]
TOTAL FM JAN 1   260    HIGHEST SLP M ON M
DPTR FM NORMAL  -129    LOWEST  SLP 29.46 ON 10

[REMARKS]




U.S. Dept. of Commerce
NOAA National Weather Service
1325 East West Highway
Silver Spring, MD 20910
E-mail: w-nws.webmaster@noaa.gov
Page last modified: May 16, 2007
NATIONAL WEATHER SERVICE: for Safety, for Work, for Fun - FOR LIFE