784
CXUS53 KMKX 280705
CF6SBM
PRELIMINARY LOCAL CLIMATOLOGICAL DATA (WS FORM: F-6)

                                          STATION:   SHEBOYGAN WI
                                          MONTH:     JULY
                                          YEAR:      2014
                                          LATITUDE:   43 46 N
                                          LONGITUDE:  87 51 W

  TEMPERATURE IN F:       :PCPN:    SNOW:  WIND      :SUNSHINE: SKY     :PK WND
================================================================================
1   2   3   4   5  6A  6B    7    8   9   10  11  12  13   14  15   16   17  18
                                     12Z  AVG MX 2MIN
DY MAX MIN AVG DEP HDD CDD  WTR  SNW DPTH SPD SPD DIR MIN PSBL S-S WX    SPD DR
================================================================================

 1  78  64  71   2   0   6 0.09  0.0    0 12.2 24 250   M    M   4 13     31 250
 2  65  53  59 -10   6   0 0.02  0.0    0  7.3 26  50   M    M  10 1      33  40
 3  75  52  64  -5   1   0    T  0.0    0  5.3 18  60   M    M   5 12     23  60
 4  73  49  61  -8   4   0 0.00    M    M  3.7 10 170   M    M   0        13 170
 5  78  52  65  -4   0   0 0.00    M    M  9.8 24 200   M    M   1        31 210
 6  81  63  72   3   0   7 0.02    M    M 10.0 24 180   M    M   4 138    28 180
 7  85  65  75   6   0  10 0.22  0.0    0 10.0 24 300   M    M   1 1      33 300
 8  75  55  65  -4   0   0 0.24  0.0    0 10.5 25 310   M    M   6 13     33 300
 9  73  51  62  -8   3   0 0.01  0.0    0  4.5 16 310   M    M   6 12     22 320
10  72  50  61  -9   4   0 0.00  0.0    0  5.4 14 180   M    M   3 12     17 140
11  79  56  68  -2   0   3 0.00  0.0    0  8.2 22 190   M    M   3        28 190
12  78  61  70   0   0   5 0.17  0.0    0  4.0 22 310   M    M   7 18     30 330
13  79  55  67  -3   0   2 0.01  0.0    0  9.0 21 270   M    M   1 1      27 260
14  77  53  65  -5   0   0    T    M    M  7.4 20 320   M    M   4        26 330
15  69  54  62  -8   3   0 0.27    M    M  7.0 21 350   M    M   9 13     29 350
16  71  50  61  -9   4   0 0.00    M    M  4.7 14 330   M    M   5        17 330
17  76  49  63  -7   2   0 0.00  0.0    0  4.7 13 180   M    M   1        16 280
18  75  50  63  -7   2   0 0.00  0.0    0  5.0 15 170   M    M   0 1      21 140
19  77  54  66  -4   0   1 0.00  0.0    0  5.1 16 180   M    M   4 1      22 180
20  79  55  67  -3   0   2 0.00  0.0    0  6.4 15 180   M    M   1 1      20 180
21  84  59  72   2   0   7 0.00    M    M  7.9 18 170   M    M   1 1      24 180
22  90  61  76   6   0  11 0.03    M    M 13.3 21 350   M    M   3 13     30 350
23  71  51  61  -8   4   0 0.00  0.0    0  7.7 18  50   M    M   0        22  30
24  72  49  61  -8   4   0 0.00  0.0    0  4.0 13 170   M    M   1        18 160
25  74  55  65  -4   0   0 0.01  0.0    0  9.2 17 210   M    M   4        22 210
26  82  61  72   3   0   7 0.00  0.0    0  6.2 16 250   M    M   3 12     20 250
27  79  58  69   0   0   4 0.30    M    M  9.5 23 300   M    M   5 123    33 300
================================================================================
SM 2067 1485        37  65  1.39     0.0 198.0          M       92
================================================================================
AV 76.6 55.0                               7.3 FASTST   M    M   3    MAX(MPH)
                                 MISC ---->  # 26  50               # 33   40
================================================================================
NOTES:
# LAST OF SEVERAL OCCURRENCES

COLUMN 17 PEAK WIND IN M.P.H.

PRELIMINARY LOCAL CLIMATOLOGICAL DATA (WS FORM: F-6) , PAGE 2

                                          STATION:  SHEBOYGAN WI
                                          MONTH:    JULY
                                          YEAR:     2014
                                          LATITUDE:   43 46 N
                                          LONGITUDE:  87 51 W

[TEMPERATURE DATA]      [PRECIPITATION DATA]       SYMBOLS USED IN COLUMN 16

AVERAGE MONTHLY: 65.8   TOTAL FOR MONTH:   1.39    1 = FOG OR MIST
DPTR FM NORMAL:  -3.7   DPTR FM NORMAL:   -1.87    2 = FOG REDUCING VISIBILITY
HIGHEST:    90 ON 22    GRTST 24HR  0.62 ON 30- 1      TO 1/4 MILE OR LESS
LOWEST:     49 ON 24,17                            3 = THUNDER
                        SNOW, ICE PELLETS, HAIL    4 = ICE PELLETS
                        TOTAL MONTH:   0.0 INCH    5 = HAIL
                        GRTST 24HR     0.0         6 = FREEZING RAIN OR DRIZZLE
                        GRTST DEPTH:   0           7 = DUSTSTORM OR SANDSTORM:
                                                       VSBY 1/2 MILE OR LESS
                                                   8 = SMOKE OR HAZE
[NO. OF DAYS WITH]      [WEATHER - DAYS WITH]      9 = BLOWING SNOW
                                                   X = TORNADO
MAX 32 OR BELOW:   0    0.01 INCH OR MORE:  12
MAX 90 OR ABOVE:   1    0.10 INCH OR MORE:   5
MIN 32 OR BELOW:   0    0.50 INCH OR MORE:   0
MIN  0 OR BELOW:   0    1.00 INCH OR MORE:   0

[HDD (BASE 65) ]
TOTAL THIS MO.    37    CLEAR  (SCALE 0-3)  11
DPTR FM NORMAL    10    PTCLDY (SCALE 4-7)  14
TOTAL FM JUL 1    37    CLOUDY (SCALE 8-10)  2
DPTR FM NORMAL    10

[CDD (BASE 65) ]
TOTAL THIS MO.    65
DPTR FM NORMAL   -70    [PRESSURE DATA]
TOTAL FM JAN 1   134    HIGHEST SLP M ON M
DPTR FM NORMAL   -90    LOWEST  SLP 29.58 ON  7

[REMARKS]




U.S. Dept. of Commerce
NOAA National Weather Service
1325 East West Highway
Silver Spring, MD 20910
E-mail: w-nws.webmaster@noaa.gov
Page last modified: May 16, 2007
NATIONAL WEATHER SERVICE: for Safety, for Work, for Fun - FOR LIFE