736
CXUS53 KMKX 280655
CF6SBM
PRELIMINARY LOCAL CLIMATOLOGICAL DATA (WS FORM: F-6)

                                          STATION:   SHEBOYGAN WI
                                          MONTH:     NOVEMBER
                                          YEAR:      2014
                                          LATITUDE:   43 46 N
                                          LONGITUDE:  87 51 W

  TEMPERATURE IN F:       :PCPN:    SNOW:  WIND      :SUNSHINE: SKY     :PK WND
================================================================================
1   2   3   4   5  6A  6B    7    8   9   10  11  12  13   14  15   16   17  18
                                     12Z  AVG MX 2MIN
DY MAX MIN AVG DEP HDD CDD  WTR  SNW DPTH SPD SPD DIR MIN PSBL S-S WX    SPD DR
================================================================================

 1  42  23  33  -9  32   0 0.00  0.0    0  6.3 15 360   M    M   6        21 350
 2  52  23  38  -4  27   0 0.00  0.0    0  9.5 20 200   M    M   2 1      24 220
 3  56  37  47   5  18   0 0.16    M    0  9.1 20 240   M    M   3 1      27 220
 4  58  37  48   7  17   0 0.13    M    0 13.0 24 280   M    M   6 1      32 260
 5  48  32  40  -1  25   0 0.03    M    0  7.1 18 280   M    M   6        26 270
 6  45  35  40   0  25   0 0.05    M    0 14.1 28 350   M    M  10 1      36 340
 7  44  29  37  -3  28   0    T  0.0    0  7.8 20 190   M    M   8        23 190
 8  45  28  37  -2  28   0 0.06  0.0    0 11.8 24 300   M    M   7 1      33 310
 9  46  31  39   0  26   0 0.02    M    0  8.8 22 210   M    M  10 1      27 210
10  48  35  42   4  23   0    T    M    0  7.3 17 320   M    M   8        23 320
11  41  27  34  -4  31   0 0.08    M    0 13.3 23 310   M    M   9 1      31 310
12  31  22  27 -11  38   0    T    M    0 13.8 21 280   M    M   6        28 300
13  30  21  26 -11  39   0    T    M    M 12.7 20 280   M    M   7        26 310
14  27  16  22 -15  43   0    T    M    M  7.6 13 280   M    M   6        17 310
15  27  12  20 -16  45   0 0.03    M    M  6.1 13 250   M    M   6 1      16 260
16  29  16  23 -13  42   0    T    M    0 10.6 20 210   M    M   7 18     23 220
17  17   9  13 -22  52   0    T    M    0 16.1 26 280   M    M   7 8      37 280
18  20  10  15 -20  50   0    T    M    0 16.6 24 260   M    M   5        31 280
19  24  15  20 -14  45   0    T    M    0 14.5 25 290   M    M   9 18     34 280
20  20   8  14 -20  51   0    T    M    0 13.6 23 290   M    M   5        30 280
21  32   5  19 -14  46   0 0.00  0.0    0 11.3 20 210   M    M   1        23 200
22  43  31  37   4  28   0 0.00  0.0    0 11.1 29 220   M    M  10 18     33 210
23  48  42  45  13  20   0 0.69    M    0  7.6 16 180   M    M  10 1      20 170
24  44  26  35   3  30   0 0.35    M    0 14.3 28 260   M    M  10 12     34 260
25  26  20  23  -8  42   0 0.01    M    0 10.4 21 280   M    M   9 1      24 270
26  26  16  21 -10  44   0 0.00  0.0    0  4.6 12 340   M    M   6 1      13 340
27  23   1  12 -18  53   0    T    M    M  8.0 17 340   M    M   5 1      22 340
================================================================================
SM  992  607       948   0  1.61     0.0 287.0          M      184
================================================================================
AV 36.7 22.5                              10.6 FASTST   M    M   7    MAX(MPH)
                                 MISC ---->  # 29 220               # 37  280
================================================================================
NOTES:
# LAST OF SEVERAL OCCURRENCES

COLUMN 17 PEAK WIND IN M.P.H.

PRELIMINARY LOCAL CLIMATOLOGICAL DATA (WS FORM: F-6) , PAGE 2

                                          STATION:  SHEBOYGAN WI
                                          MONTH:    NOVEMBER
                                          YEAR:     2014
                                          LATITUDE:   43 46 N
                                          LONGITUDE:  87 51 W

[TEMPERATURE DATA]      [PRECIPITATION DATA]       SYMBOLS USED IN COLUMN 16

AVERAGE MONTHLY: 29.6   TOTAL FOR MONTH:   1.61    1 = FOG OR MIST
DPTR FM NORMAL:  -6.9   DPTR FM NORMAL:   -0.39    2 = FOG REDUCING VISIBILITY
HIGHEST:    58 ON  4    GRTST 24HR  0.84 ON 23-24      TO 1/4 MILE OR LESS
LOWEST:      1 ON 27                               3 = THUNDER
                        SNOW, ICE PELLETS, HAIL    4 = ICE PELLETS
                        TOTAL MONTH:   0.0 INCH    5 = HAIL
                        GRTST 24HR     0.0         6 = FREEZING RAIN OR DRIZZLE
                        GRTST DEPTH:   0           7 = DUSTSTORM OR SANDSTORM:
                                                       VSBY 1/2 MILE OR LESS
                                                   8 = SMOKE OR HAZE
[NO. OF DAYS WITH]      [WEATHER - DAYS WITH]      9 = BLOWING SNOW
                                                   X = TORNADO
MAX 32 OR BELOW:  13    0.01 INCH OR MORE:  11
MAX 90 OR ABOVE:   0    0.10 INCH OR MORE:   4
MIN 32 OR BELOW:  22    0.50 INCH OR MORE:   1
MIN  0 OR BELOW:   0    1.00 INCH OR MORE:   0

[HDD (BASE 65) ]
TOTAL THIS MO.   948    CLEAR  (SCALE 0-3)   3
DPTR FM NORMAL   179    PTCLDY (SCALE 4-7)  16
TOTAL FM JUL 1  1730    CLOUDY (SCALE 8-10)  8
DPTR FM NORMAL   198

[CDD (BASE 65) ]
TOTAL THIS MO.     0
DPTR FM NORMAL     0    [PRESSURE DATA]
TOTAL FM JAN 1   260    HIGHEST SLP M ON M
DPTR FM NORMAL  -134    LOWEST  SLP 29.08 ON 24

[REMARKS]




U.S. Dept. of Commerce
NOAA National Weather Service
1325 East West Highway
Silver Spring, MD 20910
E-mail: w-nws.webmaster@noaa.gov
Page last modified: May 16, 2007
NATIONAL WEATHER SERVICE: for Safety, for Work, for Fun - FOR LIFE