832
CXUS53 KMKX 230649
CF6SBM
PRELIMINARY LOCAL CLIMATOLOGICAL DATA (WS FORM: F-6)

                                          STATION:   SHEBOYGAN WI
                                          MONTH:     APRIL
                                          YEAR:      2014
                                          LATITUDE:   43 46 N
                                          LONGITUDE:  87 51 W

  TEMPERATURE IN F:       :PCPN:    SNOW:  WIND      :SUNSHINE: SKY     :PK WND
================================================================================
1   2   3   4   5  6A  6B    7    8   9   10  11  12  13   14  15   16   17  18
                                     12Z  AVG MX 2MIN
DY MAX MIN AVG DEP HDD CDD  WTR  SNW DPTH SPD SPD DIR MIN PSBL S-S WX    SPD DR
================================================================================

 1  44  27  36  -2  29   0    T    M    M 14.5 29 250   M    M   5        38 270
 2  39  25  32  -7  33   0 0.00    M    M  8.1 15  60   M    M   1        20  60
 3  36  31  34  -5  31   0 0.01    M    M 14.7 23  60   M    M  10 18     27  50
 4  36  29  33  -7  32   0 0.25    M    M 11.5 26 310   M    M  10 16     36 320
 5  49  27  38  -2  27   0 0.00    M    M  9.2 18 310   M    M   1        26 310
 6  54  27  41   1  24   0 0.00    M    M 10.7 25 180   M    M   1        29 180
 7  57  29  43   2  22   0 0.00  0.0    0  4.5 10  60   M    M   5 1      14  70
 8  56  31  44   3  21   0 0.11    M    0  7.1 18  30   M    M   8 1      24 340
 9  59  25  42   0  23   0 0.00  0.0    0 11.0 31 220   M    M   1 1      40 220
10  61  37  49   7  16   0    T    M    M 12.8 31 220   M    M   2        40 220
11  63  33  48   6  17   0 0.00    M    M  7.0 25 270   M    M   2        30 270
12  49  32  41  -2  24   0 1.35    M    M  7.2 25 120   M    M   6 13     32 120
13  49  38  44   1  21   0 1.66    M    M 12.2 37  40   M    M   7 123    47  30
14  39  24  32 -11  33   0 0.18    M    M 16.2 37  30   M    M  10 1      47  30
15  33  19  26 -18  39   0    T    M    M  7.7 17 280   M    M   3        24 310
16  41  24  33 -11  32   0 0.00  0.0    0 11.1 24 160   M    M   5        35 150
17  54  36  45   1  20   0    T    M    0 10.7 21 170   M    M   9        32 130
18  46  29  38  -7  27   0 0.00  0.0    0  7.7 13  60   M    M   4        19  80
19  51  30  41  -4  24   0 0.00  0.0    0  9.2 20 180   M    M   0        26 180
20  63  41  52   7  13   0    T    M    0  5.6 17 180   M    M   6        22 180
21  69  43  56  10   9   0 0.01    M    M  6.9 25 340   M    M   6 3      31 340
22  54  31  43  -3  22   0 0.00    M    M 11.9 23 340   M    M   2        31 340
================================================================================
SM 1102  668       539   0  3.57     0.0 217.5          M      104
================================================================================
AV 50.1 30.4                               9.9 FASTST   M    M   5    MAX(MPH)
                                 MISC ---->  # 37  40               # 47   30
================================================================================
NOTES:
# LAST OF SEVERAL OCCURRENCES

COLUMN 17 PEAK WIND IN M.P.H.

PRELIMINARY LOCAL CLIMATOLOGICAL DATA (WS FORM: F-6) , PAGE 2

                                          STATION:  SHEBOYGAN WI
                                          MONTH:    APRIL
                                          YEAR:     2014
                                          LATITUDE:   43 46 N
                                          LONGITUDE:  87 51 W

[TEMPERATURE DATA]      [PRECIPITATION DATA]       SYMBOLS USED IN COLUMN 16

AVERAGE MONTHLY: 40.2   TOTAL FOR MONTH:   3.57    1 = FOG OR MIST
DPTR FM NORMAL:  -2.1   DPTR FM NORMAL:    1.61    2 = FOG REDUCING VISIBILITY
HIGHEST:    69 ON 21    GRTST 24HR  1.79 ON 12-13      TO 1/4 MILE OR LESS
LOWEST:     19 ON 15                               3 = THUNDER
                        SNOW, ICE PELLETS, HAIL    4 = ICE PELLETS
                        TOTAL MONTH:   0.0 INCH    5 = HAIL
                        GRTST 24HR     0.0         6 = FREEZING RAIN OR DRIZZLE
                        GRTST DEPTH:   0           7 = DUSTSTORM OR SANDSTORM:
                                                       VSBY 1/2 MILE OR LESS
                                                   8 = SMOKE OR HAZE
[NO. OF DAYS WITH]      [WEATHER - DAYS WITH]      9 = BLOWING SNOW
                                                   X = TORNADO
MAX 32 OR BELOW:   0    0.01 INCH OR MORE:   7
MAX 90 OR ABOVE:   0    0.10 INCH OR MORE:   5
MIN 32 OR BELOW:  16    0.50 INCH OR MORE:   2
MIN  0 OR BELOW:   0    1.00 INCH OR MORE:   2

[HDD (BASE 65) ]
TOTAL THIS MO.   539    CLEAR  (SCALE 0-3)   8
DPTR FM NORMAL    41    PTCLDY (SCALE 4-7)   9
TOTAL FM JUL 1  8123    CLOUDY (SCALE 8-10)  5
DPTR FM NORMAL  1086

[CDD (BASE 65) ]
TOTAL THIS MO.     0
DPTR FM NORMAL     0    [PRESSURE DATA]
TOTAL FM JAN 1     0    HIGHEST SLP M ON M
DPTR FM NORMAL     0    LOWEST  SLP 29.47 ON  4

[REMARKS]




U.S. Dept. of Commerce
NOAA National Weather Service
1325 East West Highway
Silver Spring, MD 20910
E-mail: w-nws.webmaster@noaa.gov
Page last modified: May 16, 2007
NATIONAL WEATHER SERVICE: for Safety, for Work, for Fun - FOR LIFE