034
CXUS53 KMKX 250659
CF6SBM
PRELIMINARY LOCAL CLIMATOLOGICAL DATA (WS FORM: F-6)

                                          STATION:   SHEBOYGAN WI
                                          MONTH:     AUGUST
                                          YEAR:      2014
                                          LATITUDE:   43 46 N
                                          LONGITUDE:  87 51 W

  TEMPERATURE IN F:       :PCPN:    SNOW:  WIND      :SUNSHINE: SKY     :PK WND
================================================================================
1   2   3   4   5  6A  6B    7    8   9   10  11  12  13   14  15   16   17  18
                                     12Z  AVG MX 2MIN
DY MAX MIN AVG DEP HDD CDD  WTR  SNW DPTH SPD SPD DIR MIN PSBL S-S WX    SPD DR
================================================================================

 1  82  57  70   1   0   5 0.00    M    M  4.8 14 100   M    M   2 13     16  90
 2  82  55  69   0   0   4 0.00    M    M  3.6  8 160   M    M   1 1       M  M
 3  85  58  72   3   0   7 0.06    M    M  5.0 20 260   M    M   1 138    25 290
 4  73  58  66  -3   0   1 0.03  0.0    0  3.8 12  60   M    M   2 1      14 110
 5  76  52  64  -5   1   0 0.00  0.0    0  6.2 14  40   M    M   1 1      18  50
 6  79  50  65  -4   0   0    T  0.0    0  3.3 10 140   M    M   2 12     13 150
 7  78  49  64  -5   1   0 0.00  0.0    0  4.0 12  70   M    M   2 12     15  80
 8  79  53  66  -2   0   1 0.00  0.0    0  4.4 12  70   M    M   1 1      15  70
 9  76  55  66  -2   0   1 0.00  0.0    0  3.8 12  80   M    M   0 128    18  80
10  79  53  66  -2   0   1 0.00  0.0    0  3.9 14 310   M    M   2 1      20 330
11  80  63  72   4   0   7 0.41  0.0    0  4.1 17 340   M    M   8 18     23 340
12  69  54  62  -6   3   0 0.53    M    M  9.1 20 340   M    M   6 1      29 330
13  75  48  62  -6   3   0 0.00    M    M  5.9 14  50   M    M   3        19  50
14  72  47  60  -8   5   0 0.00  0.0    0  5.0 12 340   M    M   0        17 340
15  78  48  63  -5   2   0 0.00  0.0    0  6.4 13 260   M    M   1        16 270
16  84  62  73   5   0   8 0.30  0.0    0 11.4 22  50   M    M   4 1      34  40
17  68  52  60  -8   5   0 0.00  0.0    0  8.8 17  50   M    M   6 1      21  50
18  76  51  64  -4   1   0 0.68    M    M  5.5 29 330   M    M   7 138    39 330
19  79  62  71   3   0   6 0.25    M    M  7.8 16 250   M    M   5 13     23 260
20  78  60  69   2   0   4 0.00  0.0    0  4.3 12 280   M    M   5 12     15 260
21  71  58  65  -2   0   0 0.21    M    M  3.5 10 130   M    M   7 123    13 120
22  81  67  74   7   0   9 0.00    M    M  4.1 12 110   M    M   9 128    14 110
23  74  68  71   4   0   6 0.02    M    M  5.3 12  50   M    M   7 123    16  80
24  76  69  73   6   0   8 0.00    M    M  7.9 16 150   M    M   7 18     22 130
================================================================================
SM 1850 1349        21  68  2.49     0.0 131.9          M       89
================================================================================
AV 77.1 56.2                               5.5 FASTST   M    M   4    MAX(MPH)
                                 MISC ---->  # 29 330               # 39  330
================================================================================
NOTES:
# LAST OF SEVERAL OCCURRENCES

COLUMN 17 PEAK WIND IN M.P.H.

PRELIMINARY LOCAL CLIMATOLOGICAL DATA (WS FORM: F-6) , PAGE 2

                                          STATION:  SHEBOYGAN WI
                                          MONTH:    AUGUST
                                          YEAR:     2014
                                          LATITUDE:   43 46 N
                                          LONGITUDE:  87 51 W

[TEMPERATURE DATA]      [PRECIPITATION DATA]       SYMBOLS USED IN COLUMN 16

AVERAGE MONTHLY: 66.6   TOTAL FOR MONTH:   2.49    1 = FOG OR MIST
DPTR FM NORMAL:  -1.4   DPTR FM NORMAL:   -0.25    2 = FOG REDUCING VISIBILITY
HIGHEST:    85 ON  3    GRTST 24HR  0.94 ON 11-12      TO 1/4 MILE OR LESS
LOWEST:     47 ON 14                               3 = THUNDER
                        SNOW, ICE PELLETS, HAIL    4 = ICE PELLETS
                        TOTAL MONTH:   0.0 INCH    5 = HAIL
                        GRTST 24HR     0.0         6 = FREEZING RAIN OR DRIZZLE
                        GRTST DEPTH:   0           7 = DUSTSTORM OR SANDSTORM:
                                                       VSBY 1/2 MILE OR LESS
                                                   8 = SMOKE OR HAZE
[NO. OF DAYS WITH]      [WEATHER - DAYS WITH]      9 = BLOWING SNOW
                                                   X = TORNADO
MAX 32 OR BELOW:   0    0.01 INCH OR MORE:   9
MAX 90 OR ABOVE:   0    0.10 INCH OR MORE:   6
MIN 32 OR BELOW:   0    0.50 INCH OR MORE:   2
MIN  0 OR BELOW:   0    1.00 INCH OR MORE:   0

[HDD (BASE 65) ]
TOTAL THIS MO.    21    CLEAR  (SCALE 0-3)  12
DPTR FM NORMAL    -3    PTCLDY (SCALE 4-7)  10
TOTAL FM JUL 1    64    CLOUDY (SCALE 8-10)  2
DPTR FM NORMAL    19

[CDD (BASE 65) ]
TOTAL THIS MO.    68
DPTR FM NORMAL   -28    [PRESSURE DATA]
TOTAL FM JAN 1   207    HIGHEST SLP M ON M
DPTR FM NORMAL  -134    LOWEST  SLP 29.63 ON 19

[REMARKS]




U.S. Dept. of Commerce
NOAA National Weather Service
1325 East West Highway
Silver Spring, MD 20910
E-mail: w-nws.webmaster@noaa.gov
Page last modified: May 16, 2007
NATIONAL WEATHER SERVICE: for Safety, for Work, for Fun - FOR LIFE