692
CXUS55 KLOX 011155
CF6SBA
PRELIMINARY LOCAL CLIMATOLOGICAL DATA (WS FORM: F-6)

                                          STATION:   SANTA BARBARA AIRPORT CA
                                          MONTH:     JULY
                                          YEAR:      2014
                                          LATITUDE:   34 25 N
                                          LONGITUDE: 119 50 W

  TEMPERATURE IN F:       :PCPN:    SNOW:  WIND      :SUNSHINE: SKY     :PK WND
================================================================================
1   2   3   4   5  6A  6B    7    8   9   10  11  12  13   14  15   16   17  18
                                     12Z  AVG MX 2MIN
DY MAX MIN AVG DEP HDD CDD  WTR  SNW DPTH SPD SPD DIR MIN PSBL S-S WX    SPD DR
================================================================================

 1  72  61  67   3   0   2 0.00  0.0    0  5.9 15 270   M    M   9 1       M  M
 2  73  61  67   3   0   2 0.00  0.0    0  5.8 15 260   M    M   6 18     18 270
 3  74  63  69   4   0   4 0.00  0.0    0  6.2 15 250   M    M   3        18 240
 4  77  59  68   3   0   3 0.00  0.0    0  5.3 13 240   M    M   4 18      M  M
 5  80  63  72   7   0   7 0.00  0.0    0  4.3 13 270   M    M   3 18     16 260
 6  79  59  69   4   0   4 0.00  0.0    0  4.6 14 250   M    M   2 18     18 250
 7  76  62  69   4   0   4 0.00  0.0    0  5.9 13 270   M    M   2 18      M  M
 8  73  62  68   3   0   3 0.00  0.0    0  6.1 15 250   M    M   5        20 260
 9  74  65  70   5   0   5 0.00  0.0    0  6.5 16 260   M    M   6        20 250
10  73  62  68   3   0   3 0.00  0.0    0  7.4 16 270   M    M   6        21 260
11  74  63  69   4   0   4 0.00  0.0    0  7.1 16 270   M    M   4        22 270
12  79  59  69   3   0   4 0.00  0.0    0   M   M   M   M    M   1         M  M
13  78  61  70   4   0   5 0.00  0.0    0  4.5 10 250   M    M   0        14 250
14  77  68  73   7   0   8    T  0.0    0  7.7 16 140   M    M   9 8      20 140
15  75  65  70   4   0   5 0.00  0.0    0  6.1 12 150   M    M  10 18     14 220
16  75  61  68   2   0   3 0.01  0.0    0  4.6 13 270   M    M   7 18     16 260
17  76  59  68   2   0   3 0.00  0.0    0  6.3 16 270   M    M   3        21 270
18  74  60  67   1   0   2 0.00  0.0    0  6.2 15 260   M    M   2        20 250
19  75  61  68   2   0   3    T  0.0    0  5.6 15 270   M    M   3        17 270
20  77  65  71   5   0   6    T  0.0    0  6.2 17 280   M    M   3        22 280
21  77  63  70   4   0   5 0.00  0.0    0  8.1 20 260   M    M   2        24 260
22  83  60  72   6   0   7 0.00  0.0    0  6.1 18 270   M    M   0         M  M
23  90  57  74   8   0   9 0.00  0.0    0  4.6 12 170   M    M   0         M  M
24  81  61  71   5   0   6 0.00  0.0    0  4.8 12 140   M    M   0         M  M
25  78  63  71   5   0   6 0.00  0.0    0  6.2 14 260   M    M   1 18     16 260
26  75  62  69   3   0   4 0.00  0.0    M  4.0 14 270   M    M   3 18     17 280
27  75  62  69   3   0   4 0.00  0.0    0  3.8 15 260   M    M   6 18     18 270
28  79  63  71   5   0   6 0.00  0.0    0  4.8 14 270   M    M   3 1      17 280
29  78  63  71   5   0   6 0.00  0.0    0  4.8 15 280   M    M   1 18      M  M
30  84  65  75   9   0  10 0.00  0.0    0  4.4 12 150   M    M   1        14 120
31  79  63  71   5   0   6 0.00  0.0    0  5.0 13 140   M    M   0        16 140
================================================================================
SM 2390 1921         0 149  0.01     0.0 168.9          M      105
================================================================================
AV 77.1 62.0                               5.6 FASTST   M    M   3    MAX(MPH)
                                 MISC ---->    20   M                 24    M
================================================================================
NOTES:
# LAST OF SEVERAL OCCURRENCES

COLUMN 17 PEAK WIND IN M.P.H.

PRELIMINARY LOCAL CLIMATOLOGICAL DATA (WS FORM: F-6) , PAGE 2

                                          STATION:  SANTA BARBARA AIRPORT CA
                                          MONTH:    JULY
                                          YEAR:     2014
                                          LATITUDE:   34 25 N
                                          LONGITUDE: 119 50 W

[TEMPERATURE DATA]      [PRECIPITATION DATA]       SYMBOLS USED IN COLUMN 16

AVERAGE MONTHLY: 69.5   TOTAL FOR MONTH:   0.01    1 = FOG OR MIST
DPTR FM NORMAL:   4.0   DPTR FM NORMAL:   -0.02    2 = FOG REDUCING VISIBILITY
HIGHEST:    90 ON 23    GRTST 24HR  0.01 ON 16-16      TO 1/4 MILE OR LESS
LOWEST:     57 ON 23                               3 = THUNDER
                        SNOW, ICE PELLETS, HAIL    4 = ICE PELLETS
                        TOTAL MONTH:   0.0 INCH    5 = HAIL
                        GRTST 24HR     0.0         6 = FREEZING RAIN OR DRIZZLE
                        GRTST DEPTH:   0           7 = DUSTSTORM OR SANDSTORM:
                                                       VSBY 1/2 MILE OR LESS
                                                   8 = SMOKE OR HAZE
[NO. OF DAYS WITH]      [WEATHER - DAYS WITH]      9 = BLOWING SNOW
                                                   X = TORNADO
MAX 32 OR BELOW:   0    0.01 INCH OR MORE:   1
MAX 90 OR ABOVE:   1    0.10 INCH OR MORE:   0
MIN 32 OR BELOW:   0    0.50 INCH OR MORE:   0
MIN  0 OR BELOW:   0    1.00 INCH OR MORE:   0

[HDD (BASE 65) ]
TOTAL THIS MO.     0    CLEAR  (SCALE 0-3)  18
DPTR FM NORMAL   -27    PTCLDY (SCALE 4-7)  10
TOTAL FM JUL 1     0    CLOUDY (SCALE 8-10)  3
DPTR FM NORMAL   -27

[CDD (BASE 65) ]
TOTAL THIS MO.   149
DPTR FM NORMAL   105    [PRESSURE DATA]
TOTAL FM JAN 1   239    HIGHEST SLP 30.08 ON 28
DPTR FM NORMAL   167    LOWEST  SLP 29.72 ON 24

[REMARKS]
#FINAL-07-14#




U.S. Dept. of Commerce
NOAA National Weather Service
1325 East West Highway
Silver Spring, MD 20910
E-mail: w-nws.webmaster@noaa.gov
Page last modified: May 16, 2007
NATIONAL WEATHER SERVICE: for Safety, for Work, for Fun - FOR LIFE