452
CXUS55 KLOX 261655
CF6SBA
PRELIMINARY LOCAL CLIMATOLOGICAL DATA (WS FORM: F-6)

                                          STATION:   SANTA BARBARA AIRPORT CA
                                          MONTH:     NOVEMBER
                                          YEAR:      2014
                                          LATITUDE:   34 25 N
                                          LONGITUDE: 119 50 W

  TEMPERATURE IN F:       :PCPN:    SNOW:  WIND      :SUNSHINE: SKY     :PK WND
================================================================================
1   2   3   4   5  6A  6B    7    8   9   10  11  12  13   14  15   16   17  18
                                     12Z  AVG MX 2MIN
DY MAX MIN AVG DEP HDD CDD  WTR  SNW DPTH SPD SPD DIR MIN PSBL S-S WX    SPD DR
================================================================================

 1  67  52  60   1   5   0 0.18  0.0    0  6.4 22 290   M    M   5 18     28 270
 2  75  47  61   2   4   0 0.00  0.0    0  5.2 15  30   M    M   0        19 360
 3  70  44  57  -2   8   0 0.00  0.0    0  3.8 13 270   M    M   0        17 260
 4  74  44  59   0   6   0 0.00  0.0    0  3.4 13 260   M    M   0        16 250
 5  82  47  65   7   0   0 0.00  0.0    0  3.3 13 260   M    M   0 8      15 270
 6  84  51  68  10   0   3 0.00  0.0    0  2.5 13 250   M    M   0        15 250
 7  82  50  66   8   0   1 0.00  0.0    0  2.3 10 250   M    M   0        14 260
 8  79  49  64   6   1   0 0.00  0.0    0  2.0 10 250   M    M   0 1      13 250
 9  69  54  62   4   3   0 0.00  0.0    0  5.3 10 260   M    M   7 128    12 210
10  68  62  65   7   0   0 0.00  0.0    0  4.4 10  80   M    M  10 8      12 130
11  69  61  65   8   0   0 0.00  0.0    0  4.4 10 250   M    M  10        14 250
12  69  50  60   3   5   0 0.00  0.0    0  4.8 15 270   M    M   2        19 270
13  68  50  59   2   6   0 0.00  0.0    0  3.0 13 280   M    M   6 1      15 270
14  70  53  62   5   3   0 0.00  0.0    0  4.2 12 150   M    M   2        13 150
15  71  48  60   4   5   0 0.00  0.0    0  2.4 12 260   M    M   1        14 250
16  72  46  59   3   6   0 0.00  0.0    0  4.7 18 260   M    M   1        23 250
17  75  46  61   5   4   0 0.00  0.0    0  2.3  9 280   M    M   0        13 250
18  75  45  60   4   5   0 0.00  0.0    0  3.1 15 170   M    M   2        20 150
19  69  53  61   5   4   0    T  0.0    0  4.0 10 250   M    M   5        12 240
20  68  48  58   3   7   0 0.00  0.0    0  4.5 15  20   M    M   5        20  10
21  75  51  63   8   2   0 0.00  0.0    0  7.3 18 330   M    M   1        24 330
22  79  47  63   8   2   0 0.00  0.0    0  6.4 18 300   M    M   0        23 290
23  76  46  61   6   4   0 0.00  0.0    0  4.6 17  50   M    M   0        19  50
24  77  43  60   5   5   0 0.00  0.0    0  3.3  M   M   M    M   0         M  M
25  77  41  59   5   6   0 0.00  0.0    0  3.0 12 280   M    M   0 8      15 280
================================================================================
SM 1840 1228        91   4  0.18     0.0 100.7          M       57
================================================================================
AV 73.6 49.1                               4.0 FASTST   M    M   2    MAX(MPH)
                                 MISC ---->    22   M                 28    M
================================================================================
NOTES:
# LAST OF SEVERAL OCCURRENCES

COLUMN 17 PEAK WIND IN M.P.H.

PRELIMINARY LOCAL CLIMATOLOGICAL DATA (WS FORM: F-6) , PAGE 2

                                          STATION:  SANTA BARBARA AIRPORT CA
                                          MONTH:    NOVEMBER
                                          YEAR:     2014
                                          LATITUDE:   34 25 N
                                          LONGITUDE: 119 50 W

[TEMPERATURE DATA]      [PRECIPITATION DATA]       SYMBOLS USED IN COLUMN 16

AVERAGE MONTHLY: 61.4   TOTAL FOR MONTH:   0.18    1 = FOG OR MIST
DPTR FM NORMAL:   4.5   DPTR FM NORMAL:   -1.12    2 = FOG REDUCING VISIBILITY
HIGHEST:    84 ON  6    GRTST 24HR  1.34 ON 31- 1      TO 1/4 MILE OR LESS
LOWEST:     41 ON 25                               3 = THUNDER
                        SNOW, ICE PELLETS, HAIL    4 = ICE PELLETS
                        TOTAL MONTH:   0.0 INCH    5 = HAIL
                        GRTST 24HR     0.0         6 = FREEZING RAIN OR DRIZZLE
                        GRTST DEPTH:   0           7 = DUSTSTORM OR SANDSTORM:
                                                       VSBY 1/2 MILE OR LESS
                                                   8 = SMOKE OR HAZE
[NO. OF DAYS WITH]      [WEATHER - DAYS WITH]      9 = BLOWING SNOW
                                                   X = TORNADO
MAX 32 OR BELOW:   0    0.01 INCH OR MORE:   1
MAX 90 OR ABOVE:   0    0.10 INCH OR MORE:   1
MIN 32 OR BELOW:   0    0.50 INCH OR MORE:   0
MIN  0 OR BELOW:   0    1.00 INCH OR MORE:   0

[HDD (BASE 65) ]
TOTAL THIS MO.    91    CLEAR  (SCALE 0-3)  18
DPTR FM NORMAL  -114    PTCLDY (SCALE 4-7)   5
TOTAL FM JUL 1   108    CLOUDY (SCALE 8-10)  2
DPTR FM NORMAL  -314

[CDD (BASE 65) ]
TOTAL THIS MO.     4
DPTR FM NORMAL     4    [PRESSURE DATA]
TOTAL FM JAN 1   529    HIGHEST SLP M ON M
DPTR FM NORMAL   343    LOWEST  SLP 29.77 ON  9

[REMARKS]




U.S. Dept. of Commerce
NOAA National Weather Service
1325 East West Highway
Silver Spring, MD 20910
E-mail: w-nws.webmaster@noaa.gov
Page last modified: May 16, 2007
NATIONAL WEATHER SERVICE: for Safety, for Work, for Fun - FOR LIFE