766
CXUS52 KCHS 270915
CF6SAV
PRELIMINARY LOCAL CLIMATOLOGICAL DATA (WS FORM: F-6)

                                          STATION:   SAVANNAH GA
                                          MONTH:     NOVEMBER
                                          YEAR:      2014
                                          LATITUDE:   32  7 N
                                          LONGITUDE:  81 12 W

  TEMPERATURE IN F:       :PCPN:    SNOW:  WIND      :SUNSHINE: SKY     :PK WND
================================================================================
1   2   3   4   5  6A  6B    7    8   9   10  11  12  13   14  15   16   17  18
                                     12Z  AVG MX 2MIN
DY MAX MIN AVG DEP HDD CDD  WTR  SNW DPTH SPD SPD DIR MIN PSBL S-S WX    SPD DR
================================================================================

 1  56  43  50 -13  15   0    T  0.0    0 15.8 32 280   M    M   5        41 310
 2  62  36  49 -14  16   0 0.00  0.0    0  6.2 16 310   M    M   0        21 320
 3  68  36  52 -11  13   0 0.00  0.0    0  3.3 10  30   M    M   0        13  40
 4  76  39  58  -4   7   0 0.00  0.0    0  1.4 10 170   M    M   7        10 180
 5  80  53  67   5   0   2 0.00  0.0    0  1.7 10 170   M    M   7 128    13 170
 6  81  62  72  10   0   7 0.00  0.0    0  7.4 18 290   M    M   9        23 290
 7  68  45  57  -5   8   0 0.00  0.0    0  5.8 18 310   M    M   0        24 310
 8  71  41  56  -5   9   0 0.00  0.0    0  4.6 13  20   M    M   5 18     18  30
 9  70  52  61   0   4   0 0.00  0.0    0  5.3 12  60   M    M   5        16  30
10  73  48  61   0   4   0 0.00  0.0    0  6.4 15  30   M    M   4 1      21  30
11  82  54  68   8   0   3 0.00  0.0    0  8.3 17 340   M    M   3        21 330
12  79  48  64   4   1   0 0.00  0.0    0  3.1 13 340   M    M   5        15 310
13  75  54  65   5   0   0 0.00  0.0    0  6.4 16 310   M    M   7 18     20 310
14  57  41  49 -11  16   0 0.00  0.0    0  8.9 16 310   M    M   5 8      20 300
15  57  35  46 -13  19   0 0.00  0.0    0  7.9 15  30   M    M   2        20  40
16  71  47  59   0   6   0    T    M    0  6.9 13 110   M    M   8 18     16  30
17  80  48  64   5   1   0 0.14    M    0 12.0 25 300   M    M   8 18     33 280
18  50  31  41 -18  24   0 0.00  0.0    0 12.7 24 300   M    M   2        31 300
19  53  26  40 -18  25   0 0.00  0.0    0  2.3 10 350   M    M   1        14 360
20  67  29  48 -10  17   0 0.00  0.0    0  4.2 13 260   M    M   3        17 240
21  72  36  54  -4  11   0 0.00  0.0    0  4.6 12 100   M    M   0 18     18  30
22  70  46  58   0   7   0 0.01    M    0  9.5 18  80   M    M   4        24 100
23  72  60  66   9   0   1 1.79  0.0    0  9.7 29 240   M    M   9 138    39 240
24  83  67  75  18   0  10 0.29  0.0    0  8.5 23 270   M    M   9 13     31 220
25  67  60  64   7   1   0 2.13  0.0    0  4.2 12  10   M    M   9 13     18 180
26  62  45  54  -2  11   0 0.28    M    0  9.6 22 330   M    M   7 18     30 330
================================================================================
SM 1802 1182       215  23  4.64     0.0 176.7          M      124
================================================================================
AV 69.3 45.5                               6.8 FASTST   M    M   5    MAX(MPH)
                                 MISC ---->  # 32 280               # 41  310
================================================================================
NOTES:
# LAST OF SEVERAL OCCURRENCES

COLUMN 17 PEAK WIND IN M.P.H.

PRELIMINARY LOCAL CLIMATOLOGICAL DATA (WS FORM: F-6) , PAGE 2

                                          STATION:  SAVANNAH GA
                                          MONTH:    NOVEMBER
                                          YEAR:     2014
                                          LATITUDE:   32  7 N
                                          LONGITUDE:  81 12 W

[TEMPERATURE DATA]      [PRECIPITATION DATA]       SYMBOLS USED IN COLUMN 16

AVERAGE MONTHLY: 57.4   TOTAL FOR MONTH:   4.64    1 = FOG OR MIST
DPTR FM NORMAL:  -2.4   DPTR FM NORMAL:    2.59    2 = FOG REDUCING VISIBILITY
HIGHEST:    83 ON 24    GRTST 24HR  2.21 ON 25-26      TO 1/4 MILE OR LESS
LOWEST:     26 ON 19                               3 = THUNDER
                        SNOW, ICE PELLETS, HAIL    4 = ICE PELLETS
                        TOTAL MONTH:   0.0 INCH    5 = HAIL
                        GRTST 24HR     0.0         6 = FREEZING RAIN OR DRIZZLE
                        GRTST DEPTH:   0           7 = DUSTSTORM OR SANDSTORM:
                                                       VSBY 1/2 MILE OR LESS
                                                   8 = SMOKE OR HAZE
[NO. OF DAYS WITH]      [WEATHER - DAYS WITH]      9 = BLOWING SNOW
                                                   X = TORNADO
MAX 32 OR BELOW:   0    0.01 INCH OR MORE:   6
MAX 90 OR ABOVE:   0    0.10 INCH OR MORE:   5
MIN 32 OR BELOW:   3    0.50 INCH OR MORE:   2
MIN  0 OR BELOW:   0    1.00 INCH OR MORE:   2

[HDD (BASE 65) ]
TOTAL THIS MO.   215    CLEAR  (SCALE 0-3)   9
DPTR FM NORMAL    46    PTCLDY (SCALE 4-7)  12
TOTAL FM JUL 1   234    CLOUDY (SCALE 8-10)  5
DPTR FM NORMAL     8

[CDD (BASE 65) ]
TOTAL THIS MO.    23
DPTR FM NORMAL   -13    [PRESSURE DATA]
TOTAL FM JAN 1  2726    HIGHEST SLP M ON M
DPTR FM NORMAL   278    LOWEST  SLP 29.70 ON  1

[REMARKS]




U.S. Dept. of Commerce
NOAA National Weather Service
1325 East West Highway
Silver Spring, MD 20910
E-mail: w-nws.webmaster@noaa.gov
Page last modified: May 16, 2007
NATIONAL WEATHER SERVICE: for Safety, for Work, for Fun - FOR LIFE