447
CXUS52 KCHS 310915
CF6SAV
PRELIMINARY LOCAL CLIMATOLOGICAL DATA (WS FORM: F-6)

                                          STATION:   SAVANNAH GA
                                          MONTH:     JULY
                                          YEAR:      2014
                                          LATITUDE:   32  7 N
                                          LONGITUDE:  81 12 W

  TEMPERATURE IN F:       :PCPN:    SNOW:  WIND      :SUNSHINE: SKY     :PK WND
================================================================================
1   2   3   4   5  6A  6B    7    8   9   10  11  12  13   14  15   16   17  18
                                     12Z  AVG MX 2MIN
DY MAX MIN AVG DEP HDD CDD  WTR  SNW DPTH SPD SPD DIR MIN PSBL S-S WX    SPD DR
================================================================================

 1  93  73  83   1   0  18 0.00  0.0    0  3.7 14 120   M    M   4        16 120
 2  92  75  84   2   0  19 0.00  0.0    0  6.4 20 100   M    M   5        24 100
 3  96  76  86   4   0  21    T  0.0    0 10.6 26 330   M    M   7 3      35 340
 4  92  73  83   1   0  18 0.00  0.0    0  6.0 16 250   M    M   3        30 220
 5  91  72  82   0   0  17    T  0.0    0  7.5 20 110   M    M   6 1      25 100
 6  87  73  80  -2   0  15 0.01  0.0    0  4.9 14 120   M    M   6        17 120
 7  93  72  83   1   0  18 0.00  0.0    0  6.1 20 170   M    M   3 1      23 170
 8  95  74  85   3   0  20 0.00  0.0    0  8.9 20 170   M    M   3        23 170
 9  94  75  85   3   0  20 0.01  0.0    0  7.7 16 160   M    M   4 3       M  M
10  93  73  83   0   0  18 0.10  0.0    0  6.1 26 220   M    M   5 3      36 240
11  88  74  81  -2   0  16 0.01  0.0    0  2.4 20 100   M    M   6 3      23 100
12  86  73  80  -3   0  15 0.27  0.0    0  5.4 16 180   M    M   5 13     22 180
13  89  73  81  -2   0  16 0.22  0.0    0  3.0 17 110   M    M   6 13     20 120
14  93  76  85   2   0  20    T  0.0    0  8.8 18 180   M    M   5        23 190
15  94  74  84   1   0  19 0.45  0.0    0  7.7 37 280   M    M   5 138    52 250
16  91  74  83   0   0  18 0.00  0.0    0  6.5 16 190   M    M   8        20 190
17  92  72  82  -1   0  17 0.00  0.0    M  4.3 15 130   M    M   6 1      20 120
18  89  70  80  -3   0  15 0.00  0.0    0  6.8 16 120   M    M   5 13     20 120
19  86  72  79  -4   0  14 0.47  0.0    0  4.2 23 250   M    M   8 38     29 250
20  90  73  82  -1   0  17 0.01  0.0    0  3.5 12 190   M    M   6 13     16 170
21  90  74  82  -1   0  17 0.34  0.0    0  3.3 23  70   M    M   8 13     26  60
22  92  72  82  -1   0  17 0.00  0.0    M  4.0 14 100   M    M   6 1      17 100
23  94  74  84   1   0  19 0.00  0.0    0  4.6 16 140   M    M   5        21 130
24  95  76  86   3   0  21 0.00  0.0    0  8.0 18 250   M    M   3        40 230
25  94  77  86   3   0  21 0.01  0.0    0  9.0 20 180   M    M   5 3      26 230
26  95  76  86   3   0  21 0.00  0.0    0  5.4 14 200   M    M   5        17 200
27  97  77  87   4   0  22 0.00  0.0    0  8.1 18 270   M    M   4 1      23 270
28  98  78  88   5   0  23 0.00  0.0    0 10.0 23 250   M    M   5 3      32 250
29  93  73  83   0   0  18 0.00  0.0    0  4.5 13 320   M    M   4        18 320
30  89  71  80  -3   0  15 1.12  0.0    0  5.8 20  40   M    M   7 1      23  30
================================================================================
SM 2761 2215         0 545  3.02     0.0 183.2          M      158
================================================================================
AV 92.0 73.8                               6.1 FASTST   M    M   5    MAX(MPH)
                                 MISC ---->  # 37 280               # 52  250
================================================================================
NOTES:
# LAST OF SEVERAL OCCURRENCES

COLUMN 17 PEAK WIND IN M.P.H.

PRELIMINARY LOCAL CLIMATOLOGICAL DATA (WS FORM: F-6) , PAGE 2

                                          STATION:  SAVANNAH GA
                                          MONTH:    JULY
                                          YEAR:     2014
                                          LATITUDE:   32  7 N
                                          LONGITUDE:  81 12 W

[TEMPERATURE DATA]      [PRECIPITATION DATA]       SYMBOLS USED IN COLUMN 16

AVERAGE MONTHLY: 82.9   TOTAL FOR MONTH:   3.02    1 = FOG OR MIST
DPTR FM NORMAL:   0.2   DPTR FM NORMAL:   -2.37    2 = FOG REDUCING VISIBILITY
HIGHEST:    98 ON 28    GRTST 24HR  1.12 ON 30-30      TO 1/4 MILE OR LESS
LOWEST:     70 ON 18                               3 = THUNDER
                        SNOW, ICE PELLETS, HAIL    4 = ICE PELLETS
                        TOTAL MONTH:   0.0 INCH    5 = HAIL
                        GRTST 24HR     0.0         6 = FREEZING RAIN OR DRIZZLE
                        GRTST DEPTH:   0           7 = DUSTSTORM OR SANDSTORM:
                                                       VSBY 1/2 MILE OR LESS
                                                   8 = SMOKE OR HAZE
[NO. OF DAYS WITH]      [WEATHER - DAYS WITH]      9 = BLOWING SNOW
                                                   X = TORNADO
MAX 32 OR BELOW:   0    0.01 INCH OR MORE:  12
MAX 90 OR ABOVE:  23    0.10 INCH OR MORE:   7
MIN 32 OR BELOW:   0    0.50 INCH OR MORE:   1
MIN  0 OR BELOW:   0    1.00 INCH OR MORE:   1

[HDD (BASE 65) ]
TOTAL THIS MO.     0    CLEAR  (SCALE 0-3)   4
DPTR FM NORMAL     0    PTCLDY (SCALE 4-7)  26
TOTAL FM JUL 1     0    CLOUDY (SCALE 8-10)  0
DPTR FM NORMAL     0

[CDD (BASE 65) ]
TOTAL THIS MO.   545
DPTR FM NORMAL    13    [PRESSURE DATA]
TOTAL FM JAN 1  1525    HIGHEST SLP M ON M
DPTR FM NORMAL   144    LOWEST  SLP 29.78 ON 28

[REMARKS]




U.S. Dept. of Commerce
NOAA National Weather Service
1325 East West Highway
Silver Spring, MD 20910
E-mail: w-nws.webmaster@noaa.gov
Page last modified: May 16, 2007
NATIONAL WEATHER SERVICE: for Safety, for Work, for Fun - FOR LIFE