487
CXUS52 KCHS 200915
CF6SAV
PRELIMINARY LOCAL CLIMATOLOGICAL DATA (WS FORM: F-6)

                                          STATION:   SAVANNAH GA
                                          MONTH:     AUGUST
                                          YEAR:      2014
                                          LATITUDE:   32  7 N
                                          LONGITUDE:  81 12 W

  TEMPERATURE IN F:       :PCPN:    SNOW:  WIND      :SUNSHINE: SKY     :PK WND
================================================================================
1   2   3   4   5  6A  6B    7    8   9   10  11  12  13   14  15   16   17  18
                                     12Z  AVG MX 2MIN
DY MAX MIN AVG DEP HDD CDD  WTR  SNW DPTH SPD SPD DIR MIN PSBL S-S WX    SPD DR
================================================================================

 1  91  74  83   1   0  18    T  0.0    0  5.9 20 120   M    M   8 1238   26 100
 2  89  75  82   0   0  17 0.01  0.0    0  6.4 15  30   M    M   9 138    17  20
 3  88  75  82   0   0  17 0.15  0.0    0  7.7 16  80   M    M   7 1      18  80
 4  85  74  80  -2   0  15 0.09  0.0    0  7.6 13  90   M    M   8 1       M  M
 5  93  73  83   1   0  18 0.00  0.0    0  5.9 12 350   M    M   4 1      16 310
 6  95  75  85   3   0  20 0.00  0.0    0  5.6 17 320   M    M   3        23 330
 7  98  74  86   4   0  21 0.00  0.0    0  5.2 12 180   M    M   2        16 300
 8  95  73  84   2   0  19 1.42  0.0    0  3.2 31  10   M    M   6 138    45  80
 9  93  75  84   2   0  19 0.84  0.0    0  3.8  3 240   M    M   6 13      3 240
10  92  74  83   1   0  18 0.23  0.0    0  3.2  8  40   M    M   7 13      9  40
11  91  75  83   1   0  18    T  0.0    0  4.0 10 270   M    M   8 12     14 270
12  92  76  84   2   0  19 0.17  0.0    0  6.6 20 240   M    M   7 13     26 230
13  94  75  85   3   0  20 0.00  0.0    0  7.2 14 210   M    M   5        16 210
14  89  75  82   0   0  17    T  0.0    0  6.4 17 120   M    M   7        21 130
15  90  75  83   1   0  18 0.32  0.0    0  5.1 20  90   M    M   6 13     26 100
16  94  76  85   3   0  20 0.00  0.0    0  5.4 13 160   M    M   6 1      17 260
17  95  75  85   3   0  20 0.00  0.0    0  6.8 15 170   M    M   2        17 190
18  94  75  85   4   0  20 0.06  0.0    0  9.2 35 200   M    M   4 38     46 200
19  91  74  83   2   0  18 0.12  0.0    0  9.2 29 240   M    M   5 13     38 220
================================================================================
SM 1749 1418         0 352  3.41     0.0 114.4          M      110
================================================================================
AV 92.1 74.6                               6.0 FASTST   M    M   6    MAX(MPH)
                                 MISC ---->  # 35 200               # 46  200
================================================================================
NOTES:
# LAST OF SEVERAL OCCURRENCES

COLUMN 17 PEAK WIND IN M.P.H.

PRELIMINARY LOCAL CLIMATOLOGICAL DATA (WS FORM: F-6) , PAGE 2

                                          STATION:  SAVANNAH GA
                                          MONTH:    AUGUST
                                          YEAR:     2014
                                          LATITUDE:   32  7 N
                                          LONGITUDE:  81 12 W

[TEMPERATURE DATA]      [PRECIPITATION DATA]       SYMBOLS USED IN COLUMN 16

AVERAGE MONTHLY: 83.3   TOTAL FOR MONTH:   3.41    1 = FOG OR MIST
DPTR FM NORMAL:   1.4   DPTR FM NORMAL:   -0.64    2 = FOG REDUCING VISIBILITY
HIGHEST:    98 ON  7    GRTST 24HR  1.42 ON  8- 8      TO 1/4 MILE OR LESS
LOWEST:     73 ON  8, 5                            3 = THUNDER
                        SNOW, ICE PELLETS, HAIL    4 = ICE PELLETS
                        TOTAL MONTH:   0.0 INCH    5 = HAIL
                        GRTST 24HR     0.0         6 = FREEZING RAIN OR DRIZZLE
                        GRTST DEPTH:   0           7 = DUSTSTORM OR SANDSTORM:
                                                       VSBY 1/2 MILE OR LESS
                                                   8 = SMOKE OR HAZE
[NO. OF DAYS WITH]      [WEATHER - DAYS WITH]      9 = BLOWING SNOW
                                                   X = TORNADO
MAX 32 OR BELOW:   0    0.01 INCH OR MORE:  10
MAX 90 OR ABOVE:  15    0.10 INCH OR MORE:   7
MIN 32 OR BELOW:   0    0.50 INCH OR MORE:   2
MIN  0 OR BELOW:   0    1.00 INCH OR MORE:   1

[HDD (BASE 65) ]
TOTAL THIS MO.     0    CLEAR  (SCALE 0-3)   3
DPTR FM NORMAL     0    PTCLDY (SCALE 4-7)  14
TOTAL FM JUL 1     0    CLOUDY (SCALE 8-10)  2
DPTR FM NORMAL     0

[CDD (BASE 65) ]
TOTAL THIS MO.   352
DPTR FM NORMAL    30    [PRESSURE DATA]
TOTAL FM JAN 1  1895    HIGHEST SLP M ON M
DPTR FM NORMAL   178    LOWEST  SLP 29.83 ON M

[REMARKS]




U.S. Dept. of Commerce
NOAA National Weather Service
1325 East West Highway
Silver Spring, MD 20910
E-mail: w-nws.webmaster@noaa.gov
Page last modified: May 16, 2007
NATIONAL WEATHER SERVICE: for Safety, for Work, for Fun - FOR LIFE