660
CXUS56 KSGX 211445
CF6SAN
PRELIMINARY LOCAL CLIMATOLOGICAL DATA (WS FORM: F-6)

                                          STATION:   SAN DIEGO/LINDBERGH FIELD CA
                                          MONTH:     SEPTEMBER
                                          YEAR:      2014
                                          LATITUDE:   32 43 N
                                          LONGITUDE: 117 10 W

  TEMPERATURE IN F:       :PCPN:    SNOW:  WIND      :SUNSHINE: SKY     :PK WND
================================================================================
1   2   3   4   5  6A  6B    7    8   9   10  11  12  13   14  15   16   17  18
                                     12Z  AVG MX 2MIN
DY MAX MIN AVG DEP HDD CDD  WTR  SNW DPTH SPD SPD DIR MIN PSBL S-S WX    SPD DR
================================================================================

 1  75  68  72   0   0   7 0.00  0.0    0  8.3 14 170   M    M   5        17 160
 2  78  70  74   2   0   9 0.00  0.0    0  5.7 13 220   M    M   5        18 290
 3  78  70  74   2   0   9 0.00  0.0    0  6.2 14 280   M    M   6        18 270
 4  78  69  74   2   0   9 0.00  0.0    0  6.0 15 280   M    M   5        21 270
 5  79  69  74   2   0   9 0.00  0.0    0  6.6 15 300   M    M   5        20 280
 6  81  71  76   4   0  11 0.00  0.0    0  7.3 16 290   M    M   5        21 290
 7  86  73  80   9   0  15 0.00  0.0    0  4.4 10 270   M    M   5 8      13 280
 8  90  74  82  11   0  17 0.00  0.0    0  3.8 10 290   M    M   6        14 280
 9  86  73  80   9   0  15 0.00  0.0    0  4.9 12 290   M    M   5        18 270
10  80  71  76   5   0  11 0.00  0.0    0  5.6 14 320   M    M   3         M  M
11  82  72  77   6   0  12 0.00  0.0    0  5.8 13 290   M    M   2        16 290
12  82  72  77   6   0  12 0.00  0.0    0  6.1 16 290   M    M   3        20 290
13  84  70  77   6   0  12 0.00  0.0    0  6.5 15 300   M    M   4 1      20 300
14  85  73  79   8   0  14 0.00  0.0    0  4.9 14 320   M    M   3        17 290
15  88  74  81  10   0  16 0.00  0.0    0  5.1 14 300   M    M   2 18     17 300
16  93  75  84  13   0  19    T  0.0    0  6.2 31 360   M    M   3 3      45  20
17  87  74  81  11   0  16 0.00  0.0    0  6.4 20 300   M    M   2 8      22 300
18  80  72  76   6   0  11 0.00  0.0    0  6.7 15 290   M    M   6        18 290
19  78  68  73   3   0   8    T  0.0    0  8.3 15 320   M    M   6 1      20 300
20  77  70  74   4   0   9 0.00  0.0    0  4.6 14 280   M    M   6        17 280
================================================================================
SM 1647 1428         0 241    T      0.0 119.4          M       87
================================================================================
AV 82.3 71.4                               6.0 FASTST   M    M   4    MAX(MPH)
                                 MISC ---->  # 31 360               # 45   20
================================================================================
NOTES:
# LAST OF SEVERAL OCCURRENCES

COLUMN 17 PEAK WIND IN M.P.H.

PRELIMINARY LOCAL CLIMATOLOGICAL DATA (WS FORM: F-6) , PAGE 2

                                          STATION:  SAN DIEGO/LINDBERGH FIELD CA
                                          MONTH:    SEPTEMBER
                                          YEAR:     2014
                                          LATITUDE:   32 43 N
                                          LONGITUDE: 117 10 W

[TEMPERATURE DATA]      [PRECIPITATION DATA]       SYMBOLS USED IN COLUMN 16

AVERAGE MONTHLY: 76.9   TOTAL FOR MONTH:      T    1 = FOG OR MIST
DPTR FM NORMAL:   5.8   DPTR FM NORMAL:   -0.07    2 = FOG REDUCING VISIBILITY
HIGHEST:    93 ON 16    GRTST 24HR    T  ON 19-19      TO 1/4 MILE OR LESS
LOWEST:     68 ON 19, 1                            3 = THUNDER
                        SNOW, ICE PELLETS, HAIL    4 = ICE PELLETS
                        TOTAL MONTH:   0.0 INCH    5 = HAIL
                        GRTST 24HR     0.0         6 = FREEZING RAIN OR DRIZZLE
                        GRTST DEPTH:   0           7 = DUSTSTORM OR SANDSTORM:
                                                       VSBY 1/2 MILE OR LESS
                                                   8 = SMOKE OR HAZE
[NO. OF DAYS WITH]      [WEATHER - DAYS WITH]      9 = BLOWING SNOW
                                                   X = TORNADO
MAX 32 OR BELOW:   0    0.01 INCH OR MORE:   0
MAX 90 OR ABOVE:   2    0.10 INCH OR MORE:   0
MIN 32 OR BELOW:   0    0.50 INCH OR MORE:   0
MIN  0 OR BELOW:   0    1.00 INCH OR MORE:   0

[HDD (BASE 65) ]
TOTAL THIS MO.     0    CLEAR  (SCALE 0-3)   7
DPTR FM NORMAL     0    PTCLDY (SCALE 4-7)  13
TOTAL FM JUL 1     0    CLOUDY (SCALE 8-10)  0
DPTR FM NORMAL    -1

[CDD (BASE 65) ]
TOTAL THIS MO.   241
DPTR FM NORMAL   118    [PRESSURE DATA]
TOTAL FM JAN 1  1143    HIGHEST SLP M ON M
DPTR FM NORMAL   552    LOWEST  SLP 29.69 ON  3

[REMARKS]




U.S. Dept. of Commerce
NOAA National Weather Service
1325 East West Highway
Silver Spring, MD 20910
E-mail: w-nws.webmaster@noaa.gov
Page last modified: May 16, 2007
NATIONAL WEATHER SERVICE: for Safety, for Work, for Fun - FOR LIFE