344
CXUS56 KSGX 241445
CF6SAN
PRELIMINARY LOCAL CLIMATOLOGICAL DATA (WS FORM: F-6)

                                          STATION:   SAN DIEGO/LINDBERGH FIELD CA
                                          MONTH:     JULY
                                          YEAR:      2014
                                          LATITUDE:   32 43 N
                                          LONGITUDE: 117 10 W

  TEMPERATURE IN F:       :PCPN:    SNOW:  WIND      :SUNSHINE: SKY     :PK WND
================================================================================
1   2   3   4   5  6A  6B    7    8   9   10  11  12  13   14  15   16   17  18
                                     12Z  AVG MX 2MIN
DY MAX MIN AVG DEP HDD CDD  WTR  SNW DPTH SPD SPD DIR MIN PSBL S-S WX    SPD DR
================================================================================

 1  74  67  71   3   0   6 0.00  0.0    0  5.8 12 290   M    M   7        16 290
 2  75  67  71   2   0   6 0.00  0.0    0  6.1 13 280   M    M   6        21 280
 3  76  67  72   3   0   7 0.00  0.0    0  4.9 13 310   M    M   5        17 280
 4  78  68  73   4   0   8 0.00  0.0    0  4.5 10 340   M    M   7 8      14 330
 5  83  70  77   8   0  12 0.00  0.0    0  4.0 12 280   M    M   4        14 300
 6  83  71  77   8   0  12 0.00  0.0    0  6.3 15 280   M    M   3        17 270
 7  81  69  75   6   0  10 0.00  0.0    0  4.2 12 240   M    M   3        15 300
 8  78  68  73   4   0   8 0.00  0.0    0  4.9 10 290   M    M   6        15 220
 9  78  68  73   3   0   8 0.00  0.0    0  4.0 13 270   M    M   6        17 290
10  78  70  74   4   0   9 0.00  0.0    0  6.7 14 300   M    M   5        20 280
11  78  70  74   4   0   9 0.00  0.0    0  8.1 16 290   M    M   7 8      21 290
12  77  69  73   3   0   8 0.00  0.0    0  7.0 14 280   M    M   8 8      22 290
13  74  68  71   1   0   6 0.00  0.0    0  6.6 13 190   M    M   8        16 200
14  75  69  72   2   0   7    T  0.0    0  4.9 15 170   M    M   9        18 170
15  72  69  71   1   0   6 0.00  0.0    0  5.5 10 290   M    M  10        12 290
16  77  69  73   3   0   8 0.00  0.0    0  6.3 13 320   M    M   5        17 310
17  77  69  73   3   0   8 0.00  0.0    0  7.7 15 300   M    M   6        21 270
18  78  68  73   3   0   8 0.00  0.0    0  7.2 15 290   M    M   7        20 270
19  74  69  72   2   0   7 0.00  0.0    0  5.7 14 270   M    M   9        17 300
20  77  70  74   4   0   9 0.00  0.0    0  6.5 16 320   M    M   8        21 280
21  79  70  75   5   0  10 0.00  0.0    0  9.2 20 290   M    M   6        24 290
22  77  69  73   2   0   8 0.00  0.0    0  8.5 18 280   M    M   6        23 280
23  81  67  74   3   0   9 0.00  0.0    0  6.3 15 300   M    M   3        18 290
================================================================================
SM 1780 1581         0 189    T      0.0 140.9          M      144
================================================================================
AV 77.4 68.7                               6.1 FASTST   M    M   6    MAX(MPH)
                                 MISC ---->  # 20 290               # 24  290
================================================================================
NOTES:
# LAST OF SEVERAL OCCURRENCES

COLUMN 17 PEAK WIND IN M.P.H.

PRELIMINARY LOCAL CLIMATOLOGICAL DATA (WS FORM: F-6) , PAGE 2

                                          STATION:  SAN DIEGO/LINDBERGH FIELD CA
                                          MONTH:    JULY
                                          YEAR:     2014
                                          LATITUDE:   32 43 N
                                          LONGITUDE: 117 10 W

[TEMPERATURE DATA]      [PRECIPITATION DATA]       SYMBOLS USED IN COLUMN 16

AVERAGE MONTHLY: 73.1   TOTAL FOR MONTH:      T    1 = FOG OR MIST
DPTR FM NORMAL:   3.4   DPTR FM NORMAL:   -0.02    2 = FOG REDUCING VISIBILITY
HIGHEST:    83 ON  6, 5 GRTST 24HR    T  ON 14-14      TO 1/4 MILE OR LESS
LOWEST:     67 ON 23, 3                            3 = THUNDER
                        SNOW, ICE PELLETS, HAIL    4 = ICE PELLETS
                        TOTAL MONTH:   0.0 INCH    5 = HAIL
                        GRTST 24HR     0.0         6 = FREEZING RAIN OR DRIZZLE
                        GRTST DEPTH:   0           7 = DUSTSTORM OR SANDSTORM:
                                                       VSBY 1/2 MILE OR LESS
                                                   8 = SMOKE OR HAZE
[NO. OF DAYS WITH]      [WEATHER - DAYS WITH]      9 = BLOWING SNOW
                                                   X = TORNADO
MAX 32 OR BELOW:   0    0.01 INCH OR MORE:   0
MAX 90 OR ABOVE:   0    0.10 INCH OR MORE:   0
MIN 32 OR BELOW:   0    0.50 INCH OR MORE:   0
MIN  0 OR BELOW:   0    1.00 INCH OR MORE:   0

[HDD (BASE 65) ]
TOTAL THIS MO.     0    CLEAR  (SCALE 0-3)   3
DPTR FM NORMAL     0    PTCLDY (SCALE 4-7)  17
TOTAL FM JUL 1     0    CLOUDY (SCALE 8-10)  3
DPTR FM NORMAL     0

[CDD (BASE 65) ]
TOTAL THIS MO.   189
DPTR FM NORMAL    79    [PRESSURE DATA]
TOTAL FM JAN 1   540    HIGHEST SLP M ON M
DPTR FM NORMAL   321    LOWEST  SLP 29.79 ON  1

[REMARKS]




U.S. Dept. of Commerce
NOAA National Weather Service
1325 East West Highway
Silver Spring, MD 20910
E-mail: w-nws.webmaster@noaa.gov
Page last modified: May 16, 2007
NATIONAL WEATHER SERVICE: for Safety, for Work, for Fun - FOR LIFE