467
CXUS56 KSGX 201445
CF6SAN
PRELIMINARY LOCAL CLIMATOLOGICAL DATA (WS FORM: F-6)

                                          STATION:   SAN DIEGO/LINDBERGH FIELD CA
                                          MONTH:     APRIL
                                          YEAR:      2014
                                          LATITUDE:   32 43 N
                                          LONGITUDE: 117 10 W

  TEMPERATURE IN F:       :PCPN:    SNOW:  WIND      :SUNSHINE: SKY     :PK WND
================================================================================
1   2   3   4   5  6A  6B    7    8   9   10  11  12  13   14  15   16   17  18
                                     12Z  AVG MX 2MIN
DY MAX MIN AVG DEP HDD CDD  WTR  SNW DPTH SPD SPD DIR MIN PSBL S-S WX    SPD DR
================================================================================

 1  65  58  62   2   3   0 0.05  0.0    0  9.6 18 260   M    M   6        25 250
 2  65  55  60   0   5   0 0.22  0.0    0  9.6 23 300   M    M   5 38     32 300
 3  66  52  59  -2   6   0 0.00  0.0    0  6.2 17 290   M    M   3        22 290
 4  64  53  59  -2   6   0    T  0.0    0  4.9 14 280   M    M   7        18 280
 5  67  55  61   0   4   0 0.09  0.0    0  5.8 15 280   M    M   5        18 280
 6  73  54  64   3   1   0 0.00  0.0    0  4.8 17 290   M    M   0        21 290
 7  80  58  69   8   0   4 0.00  0.0    0  4.4 15 330   M    M   0        18 320
 8  87  61  74  13   0   9 0.00  0.0    0  5.8 18 310   M    M   3        22 310
 9  82  61  72  11   0   7 0.00  0.0    0  4.6 14 310   M    M   8        18 300
10  72  57  65   4   0   0 0.00  0.0    0  5.1 13 320   M    M   8 18     16 320
11  77  60  69   8   0   4 0.00  0.0    0  5.6 13 340   M    M   7        15 270
12  68  61  65   4   0   0 0.00  0.0    0  6.7 16 270   M    M   9        22 250
13  66  61  64   3   1   0 0.00  0.0    0  6.3 14 330   M    M  10        20 280
14  75  59  67   5   0   2 0.00  0.0    0  7.5 18 310   M    M   3 128    22 300
15  69  59  64   2   1   0 0.00  0.0    0  5.8 15 280   M    M   8 128    20 300
16  67  58  63   1   2   0 0.00  0.0    0  6.7 14 190   M    M   7        17 220
17  65  60  63   1   2   0 0.00  0.0    0  7.3 13 230   M    M  10        16 210
18  68  62  65   3   0   0 0.00  0.0    0  5.8 13 240   M    M   9        16 240
19  70  62  66   4   0   1 0.00  0.0    0  6.1 17 280   M    M   7        22 290
================================================================================
SM 1346 1106        31  27  0.36     0.0 118.6          M      115
================================================================================
AV 70.8 58.2                               6.2 FASTST   M    M   6    MAX(MPH)
                                 MISC ---->  # 23 300               # 32  300
================================================================================
NOTES:
# LAST OF SEVERAL OCCURRENCES

COLUMN 17 PEAK WIND IN M.P.H.

PRELIMINARY LOCAL CLIMATOLOGICAL DATA (WS FORM: F-6) , PAGE 2

                                          STATION:  SAN DIEGO/LINDBERGH FIELD CA
                                          MONTH:    APRIL
                                          YEAR:     2014
                                          LATITUDE:   32 43 N
                                          LONGITUDE: 117 10 W

[TEMPERATURE DATA]      [PRECIPITATION DATA]       SYMBOLS USED IN COLUMN 16

AVERAGE MONTHLY: 64.5   TOTAL FOR MONTH:   0.36    1 = FOG OR MIST
DPTR FM NORMAL:   3.3   DPTR FM NORMAL:   -0.22    2 = FOG REDUCING VISIBILITY
HIGHEST:    87 ON  8    GRTST 24HR  0.23 ON  1- 2      TO 1/4 MILE OR LESS
LOWEST:     52 ON  3                               3 = THUNDER
                        SNOW, ICE PELLETS, HAIL    4 = ICE PELLETS
                        TOTAL MONTH:   0.0 INCH    5 = HAIL
                        GRTST 24HR     0.0         6 = FREEZING RAIN OR DRIZZLE
                        GRTST DEPTH:   0           7 = DUSTSTORM OR SANDSTORM:
                                                       VSBY 1/2 MILE OR LESS
                                                   8 = SMOKE OR HAZE
[NO. OF DAYS WITH]      [WEATHER - DAYS WITH]      9 = BLOWING SNOW
                                                   X = TORNADO
MAX 32 OR BELOW:   0    0.01 INCH OR MORE:   3
MAX 90 OR ABOVE:   0    0.10 INCH OR MORE:   1
MIN 32 OR BELOW:   0    0.50 INCH OR MORE:   0
MIN  0 OR BELOW:   0    1.00 INCH OR MORE:   0

[HDD (BASE 65) ]
TOTAL THIS MO.    31    CLEAR  (SCALE 0-3)   3
DPTR FM NORMAL   -49    PTCLDY (SCALE 4-7)  12
TOTAL FM JUL 1   527    CLOUDY (SCALE 8-10)  4
DPTR FM NORMAL  -589

[CDD (BASE 65) ]
TOTAL THIS MO.    27
DPTR FM NORMAL    26    [PRESSURE DATA]
TOTAL FM JAN 1    56    HIGHEST SLP M ON M
DPTR FM NORMAL    45    LOWEST  SLP 29.77 ON 16

[REMARKS]




U.S. Dept. of Commerce
NOAA National Weather Service
1325 East West Highway
Silver Spring, MD 20910
E-mail: w-nws.webmaster@noaa.gov
Page last modified: May 16, 2007
NATIONAL WEATHER SERVICE: for Safety, for Work, for Fun - FOR LIFE