933
CXUS56 KSGX 011445
CF6SAN
PRELIMINARY LOCAL CLIMATOLOGICAL DATA (WS FORM: F-6)

                                          STATION:   SAN DIEGO/LINDBERGH FIELD CA
                                          MONTH:     NOVEMBER
                                          YEAR:      2014
                                          LATITUDE:   32 43 N
                                          LONGITUDE: 117 10 W

  TEMPERATURE IN F:       :PCPN:    SNOW:  WIND      :SUNSHINE: SKY     :PK WND
================================================================================
1   2   3   4   5  6A  6B    7    8   9   10  11  12  13   14  15   16   17  18
                                     12Z  AVG MX 2MIN
DY MAX MIN AVG DEP HDD CDD  WTR  SNW DPTH SPD SPD DIR MIN PSBL S-S WX    SPD DR
================================================================================

 1  70  59  65   1   0   0 0.25  0.0    0 10.2 24 190   M    M   8 1      29 190
 2  69  57  63  -1   2   0 0.08  0.0    0  4.4 12 290   M    M   4 1      16 300
 3  73  55  64   0   1   0 0.00  0.0    0  4.5 16 300   M    M   1        20 300
 4  75  54  65   1   0   0 0.00  0.0    0  3.9 16 280   M    M   0        20 290
 5  91  54  73   9   0   8 0.00  0.0    0  4.7 22 330   M    M   0        26 330
 6  87  58  73  10   0   8 0.00  0.0    0  3.4 16 340   M    M   0        21 330
 7  87  59  73  10   0   8 0.00  0.0    0  2.4 13 310   M    M   0        16 310
 8  82  58  70   7   0   5 0.00  0.0    0  2.6 10 300   M    M   1 18     13 300
 9  71  57  64   1   1   0 0.00  0.0    0  3.9 10 300   M    M   6 128    14 270
10  69  63  66   3   0   1 0.00  0.0    0  5.6 10 230   M    M   6 18     13 230
11  70  65  68   6   0   3 0.00  0.0    0  4.3 13 250   M    M   8        15 250
12  70  64  67   5   0   2 0.00  0.0    0  4.1 12 290   M    M   6        15 280
13  70  63  67   5   0   2 0.00  0.0    0  3.5 14 290   M    M   7        17 280
14  70  62  66   4   0   1    T  0.0    0  3.9 10 220   M    M   7 1      13 230
15  69  62  66   4   0   1 0.00  0.0    0  3.4 12 230   M    M   7        16 220
16  73  59  66   5   0   1 0.00  0.0    0  4.3 16 320   M    M   5        21 320
17  72  53  63   2   2   0 0.00  0.0    0  3.2 13 340   M    M   5        17 310
18  75  53  64   3   1   0 0.00  0.0    0  2.4 12 300   M    M   6        14 290
19  71  52  62   2   3   0 0.00  0.0    0  2.3 12 300   M    M   3        16 310
20  70  54  62   2   3   0 0.03  0.0    0  4.1 13 290   M    M   5        17 300
21  69  60  65   5   0   0 0.01  0.0    0  5.4 14 290   M    M   4 8      20 290
22  71  55  63   3   2   0 0.00  0.0    0  3.0 10 270   M    M   4        14  60
23  71  56  64   4   1   0 0.00  0.0    0  3.2 14 300   M    M   6        20 320
24  77  51  64   5   1   0 0.00  0.0    0  2.9 13 300   M    M   3        17 300
25  77  50  64   5   1   0 0.00  0.0    0  3.0 12 330   M    M   0        15 330
26  81  52  67   8   0   2 0.00  0.0    0  2.3 10 300   M    M   0        13 300
27  85  55  70  11   0   5 0.00  0.0    0  1.4 10 310   M    M   2        13 310
28  76  54  65   7   0   0 0.00  0.0    0  1.9  7 180   M    M   2 128    14 170
29  69  53  61   3   4   0 0.00  0.0    0  7.0 14 190   M    M   6 18     18 220
30  69  62  66   8   0   1 0.00  0.0    0  7.6 16 200   M    M   6        21 190
================================================================================
SM 2229 1709        22  48  0.37     0.0 118.8          M      118
================================================================================
AV 74.3 57.0                               4.0 FASTST   M    M   4    MAX(MPH)
                                 MISC ---->  # 24 190               # 29  190
================================================================================
NOTES:
# LAST OF SEVERAL OCCURRENCES

COLUMN 17 PEAK WIND IN M.P.H.

PRELIMINARY LOCAL CLIMATOLOGICAL DATA (WS FORM: F-6) , PAGE 2

                                          STATION:  SAN DIEGO/LINDBERGH FIELD CA
                                          MONTH:    NOVEMBER
                                          YEAR:     2014
                                          LATITUDE:   32 43 N
                                          LONGITUDE: 117 10 W

[TEMPERATURE DATA]      [PRECIPITATION DATA]       SYMBOLS USED IN COLUMN 16

AVERAGE MONTHLY: 65.6   TOTAL FOR MONTH:   0.37    1 = FOG OR MIST
DPTR FM NORMAL:   4.3   DPTR FM NORMAL:   -0.64    2 = FOG REDUCING VISIBILITY
HIGHEST:    91 ON  5    GRTST 24HR  0.25 ON  1- 1      TO 1/4 MILE OR LESS
LOWEST:     50 ON 25                               3 = THUNDER
                        SNOW, ICE PELLETS, HAIL    4 = ICE PELLETS
                        TOTAL MONTH:   0.0 INCH    5 = HAIL
                        GRTST 24HR     0.0         6 = FREEZING RAIN OR DRIZZLE
                        GRTST DEPTH:   0           7 = DUSTSTORM OR SANDSTORM:
                                                       VSBY 1/2 MILE OR LESS
                                                   8 = SMOKE OR HAZE
[NO. OF DAYS WITH]      [WEATHER - DAYS WITH]      9 = BLOWING SNOW
                                                   X = TORNADO
MAX 32 OR BELOW:   0    0.01 INCH OR MORE:   4
MAX 90 OR ABOVE:   1    0.10 INCH OR MORE:   1
MIN 32 OR BELOW:   0    0.50 INCH OR MORE:   0
MIN  0 OR BELOW:   0    1.00 INCH OR MORE:   0

[HDD (BASE 65) ]
TOTAL THIS MO.    22    CLEAR  (SCALE 0-3)  12
DPTR FM NORMAL  -102    PTCLDY (SCALE 4-7)  17
TOTAL FM JUL 1    22    CLOUDY (SCALE 8-10)  1
DPTR FM NORMAL  -123

[CDD (BASE 65) ]
TOTAL THIS MO.    48
DPTR FM NORMAL    35    [PRESSURE DATA]
TOTAL FM JAN 1  1491    HIGHEST SLP 30.38 ON 25
DPTR FM NORMAL   771    LOWEST  SLP 29.83 ON  9

[REMARKS]
#FINAL-11-14#




U.S. Dept. of Commerce
NOAA National Weather Service
1325 East West Highway
Silver Spring, MD 20910
E-mail: w-nws.webmaster@noaa.gov
Page last modified: May 16, 2007
NATIONAL WEATHER SERVICE: for Safety, for Work, for Fun - FOR LIFE