914
CXUS55 KTWC 240855
CF6SAD
PRELIMINARY LOCAL CLIMATOLOGICAL DATA (WS FORM: F-6)

                                          STATION:   SAFFORD AZ AIRPORT
                                          MONTH:     NOVEMBER
                                          YEAR:      2014
                                          LATITUDE:   32 50 N
                                          LONGITUDE: 109 38 W

  TEMPERATURE IN F:       :PCPN:    SNOW:  WIND      :SUNSHINE: SKY     :PK WND
================================================================================
1   2   3   4   5  6A  6B    7    8   9   10  11  12  13   14  15   16   17  18
                                     12Z  AVG MX 2MIN
DY MAX MIN AVG DEP HDD CDD  WTR  SNW DPTH SPD SPD DIR MIN PSBL S-S WX    SPD DR
================================================================================

 1  86  59  73  12   0   8 0.00  0.0    0 11.2 23 190   M    M   M        28 180
 2  69  50  60   0   5   0 0.25  0.0    0  9.2 22 170   M    M   M 13     28 170
 3  66  39  53  -7  12   0 0.00  0.0    0  6.1 13 320   M    M   M        16 280
 4  68  37  53  -6  12   0 0.00  0.0    0  4.4 12 150   M    M   M        14 150
 5  71  42  57  -2   8   0 0.00  0.0    0  6.8 15 160   M    M   0        18 150
 6  74  47  61   2   4   0 0.00  0.0    0 10.2 21 160   M    M   0        26 170
 7  71  44  58   0   7   0 0.00  0.0    0  5.0 13 120   M    M   0        16 120
 8  77  41  59   1   6   0 0.00  0.0    0  9.0 20 170   M    M   0        24 150
 9  74  49  62   4   3   0 0.00  0.0    0  7.4 18 130   M    M   0        22 140
10  79  42  61   4   4   0 0.00  0.0    0  6.6 29 300   M    M   0        34 300
11  76  45  61   4   4   0 0.00  0.0    0  5.0 10 330   M    M   0 8      14 320
12  76  49  63   7   2   0 0.00  0.0    0  5.8 10 300   M    M   0        13 260
13  65  46  56   0   9   0 0.00  0.0    0 11.5 21 130   M    M   1        26 130
14  69  44  57   1   8   0 0.00  0.0    0  7.5 15 150   M    M   0        19 140
15  71  45  58   3   7   0 0.00  0.0    0  7.6 20 300   M    M   0        24 300
16  63  33  48  -7  17   0 0.03    M    0 11.8 29 300   M    M   2        37 290
17  59  30  45  -9  20   0 0.00  0.0    0  7.3 15  90   M    M   0        20  90
18  62  33  48  -6  17   0 0.00  0.0    0  7.0 16 130   M    M   0        21 120
19  64  31  48  -6  17   0 0.00  0.0    0  6.2 16 120   M    M   0        20 120
20  67  28  48  -5  17   0 0.00  0.0    0  3.7  9 290   M    M   0        12 270
21  61  36  49  -4  16   0 0.00  0.0    0  7.4 16 110   M    M   0        20 110
22  67  31  49  -3  16   0 0.00  0.0    0  5.7 17 330   M    M   0        21 330
23  66  38  52   0  13   0 0.00  0.0    0 15.1 33 320   M    M   0        42 320
================================================================================
SM 1601  939       224   8  0.28     0.0 177.5          M        3
================================================================================
AV 69.6 40.8                               7.7 FASTST   M    M   0    MAX(MPH)
                                 MISC ---->  # 33 320               # 42  320
================================================================================
NOTES:
# LAST OF SEVERAL OCCURRENCES

COLUMN 17 PEAK WIND IN M.P.H.

PRELIMINARY LOCAL CLIMATOLOGICAL DATA (WS FORM: F-6) , PAGE 2

                                          STATION:  SAFFORD AZ AIRPORT
                                          MONTH:    NOVEMBER
                                          YEAR:     2014
                                          LATITUDE:   32 50 N
                                          LONGITUDE: 109 38 W

[TEMPERATURE DATA]      [PRECIPITATION DATA]       SYMBOLS USED IN COLUMN 16

AVERAGE MONTHLY: 55.2   TOTAL FOR MONTH:   0.28    1 = FOG OR MIST
DPTR FM NORMAL:  -1.1   DPTR FM NORMAL:   -0.25    2 = FOG REDUCING VISIBILITY
HIGHEST:    86 ON  1    GRTST 24HR  0.25 ON  2- 2      TO 1/4 MILE OR LESS
LOWEST:     28 ON 20                               3 = THUNDER
                        SNOW, ICE PELLETS, HAIL    4 = ICE PELLETS
                        TOTAL MONTH:   0.0 INCH    5 = HAIL
                        GRTST 24HR     0.0         6 = FREEZING RAIN OR DRIZZLE
                        GRTST DEPTH:   0           7 = DUSTSTORM OR SANDSTORM:
                                                       VSBY 1/2 MILE OR LESS
                                                   8 = SMOKE OR HAZE
[NO. OF DAYS WITH]      [WEATHER - DAYS WITH]      9 = BLOWING SNOW
                                                   X = TORNADO
MAX 32 OR BELOW:   0    0.01 INCH OR MORE:   2
MAX 90 OR ABOVE:   0    0.10 INCH OR MORE:   1
MIN 32 OR BELOW:   4    0.50 INCH OR MORE:   0
MIN  0 OR BELOW:   0    1.00 INCH OR MORE:   0

[HDD (BASE 65) ]
TOTAL THIS MO.   224    CLEAR  (SCALE 0-3)  19
DPTR FM NORMAL    17    PTCLDY (SCALE 4-7)   0
TOTAL FM JUL 1   225    CLOUDY (SCALE 8-10)  0
DPTR FM NORMAL   -40

[CDD (BASE 65) ]
TOTAL THIS MO.     8
DPTR FM NORMAL     2    [PRESSURE DATA]
TOTAL FM JAN 1  2759    HIGHEST SLP M ON M
DPTR FM NORMAL   148    LOWEST  SLP 29.74 ON 10

[REMARKS]




U.S. Dept. of Commerce
NOAA National Weather Service
1325 East West Highway
Silver Spring, MD 20910
E-mail: w-nws.webmaster@noaa.gov
Page last modified: May 16, 2007
NATIONAL WEATHER SERVICE: for Safety, for Work, for Fun - FOR LIFE