670
CXUS55 KTWC 240855
CF6SAD
PRELIMINARY LOCAL CLIMATOLOGICAL DATA (WS FORM: F-6)

                                          STATION:   SAFFORD AZ AIRPORT
                                          MONTH:     APRIL
                                          YEAR:      2014
                                          LATITUDE:   32 50 N
                                          LONGITUDE: 109 38 W

  TEMPERATURE IN F:       :PCPN:    SNOW:  WIND      :SUNSHINE: SKY     :PK WND
================================================================================
1   2   3   4   5  6A  6B    7    8   9   10  11  12  13   14  15   16   17  18
                                     12Z  AVG MX 2MIN
DY MAX MIN AVG DEP HDD CDD  WTR  SNW DPTH SPD SPD DIR MIN PSBL S-S WX    SPD DR
================================================================================

 1  82  44  63   3   2   0 0.00  0.0    0 10.7 31 270   M    M   M        36 270
 2  72  44  58  -2   7   0 0.00  0.0    0 15.4 35 310   M    M   M        43 320
 3  68  42  55  -5  10   0 0.00  0.0    0 11.1 33 310   M    M   2        39 300
 4  77  40  59  -2   6   0 0.00  0.0    0  8.4 20 320   M    M   0        25 320
 5  73  47  60  -1   5   0 0.00  0.0    0 11.5 25 300   M    M   0        40 280
 6  75  39  57  -4   8   0 0.00  0.0    0 11.4 29 300   M    M   0        35 290
 7  82  47  65   3   0   0 0.00  0.0    0  9.8 26 290   M    M   0        34 270
 8  87  43  65   3   0   0 0.00  0.0    0  5.7 15 290   M    M   0        18 180
 9  90  45  68   6   0   3 0.00  0.0    0  6.9 18 310   M    M   0        22 320
10  92  52  72  10   0   7 0.00  0.0    0  7.7 26 320   M    M   0        33 310
11  89  53  71   8   0   6 0.00  0.0    0  5.4 16 320   M    M   0        21 300
12  85  62  74  11   0   9 0.00  0.0    0 11.3 30 280   M    M   1        38 290
13  84  56  70   7   0   5 0.00  0.0    0 14.4 35 290   M    M   0        43 290
14  79  51  65   1   0   0 0.00  0.0    0  7.0 22 300   M    M   0        29 300
15  80  47  64   0   1   0 0.00  0.0    0  9.2 21 100   M    M   0        28 150
16  87  42  65   1   0   0 0.00  0.0    0  8.0 29 300   M    M   0        35 290
17  88  50  69   5   0   4 0.00  0.0    0  4.7 12 100   M    M   0        14 300
18  79  56  68   3   0   3    T  0.0    0  9.8 24 230   M    M   2        32 250
19  77  52  65   0   0   0    T  0.0    0  9.4 30 280   M    M   1 3      37 270
20  85  46  66   1   0   1 0.00  0.0    0  3.6 14 310   M    M   0        18 280
21  90  51  71   5   0   6 0.00  0.0    0  3.1 15 160   M    M   0        19 160
22  94  56  75   9   0  10 0.00  0.0    0 13.0 24 180   M    M   0        32 200
23  86  59  73   7   0   8 0.00  0.0    0 12.9 33 290   M    M   0        45 290
================================================================================
SM 1901 1124        39  62    T      0.0 210.4          M        6
================================================================================
AV 82.7 48.9                               9.1 FASTST   M    M   0    MAX(MPH)
                                 MISC ---->  # 35 310               # 45  290
================================================================================
NOTES:
# LAST OF SEVERAL OCCURRENCES

COLUMN 17 PEAK WIND IN M.P.H.

PRELIMINARY LOCAL CLIMATOLOGICAL DATA (WS FORM: F-6) , PAGE 2

                                          STATION:  SAFFORD AZ AIRPORT
                                          MONTH:    APRIL
                                          YEAR:     2014
                                          LATITUDE:   32 50 N
                                          LONGITUDE: 109 38 W

[TEMPERATURE DATA]      [PRECIPITATION DATA]       SYMBOLS USED IN COLUMN 16

AVERAGE MONTHLY: 65.8   TOTAL FOR MONTH:      T    1 = FOG OR MIST
DPTR FM NORMAL:   2.8   DPTR FM NORMAL:   -0.31    2 = FOG REDUCING VISIBILITY
HIGHEST:    94 ON 22    GRTST 24HR    T  ON 19-19      TO 1/4 MILE OR LESS
LOWEST:     39 ON  6                               3 = THUNDER
                        SNOW, ICE PELLETS, HAIL    4 = ICE PELLETS
                        TOTAL MONTH:   0.0 INCH    5 = HAIL
                        GRTST 24HR     0.0         6 = FREEZING RAIN OR DRIZZLE
                        GRTST DEPTH:   0           7 = DUSTSTORM OR SANDSTORM:
                                                       VSBY 1/2 MILE OR LESS
                                                   8 = SMOKE OR HAZE
[NO. OF DAYS WITH]      [WEATHER - DAYS WITH]      9 = BLOWING SNOW
                                                   X = TORNADO
MAX 32 OR BELOW:   0    0.01 INCH OR MORE:   0
MAX 90 OR ABOVE:   4    0.10 INCH OR MORE:   0
MIN 32 OR BELOW:   0    0.50 INCH OR MORE:   0
MIN  0 OR BELOW:   0    1.00 INCH OR MORE:   0

[HDD (BASE 65) ]
TOTAL THIS MO.    39    CLEAR  (SCALE 0-3)  21
DPTR FM NORMAL   -45    PTCLDY (SCALE 4-7)   0
TOTAL FM JUL 1  1782    CLOUDY (SCALE 8-10)  0
DPTR FM NORMAL  -466

[CDD (BASE 65) ]
TOTAL THIS MO.    62
DPTR FM NORMAL    21    [PRESSURE DATA]
TOTAL FM JAN 1    63    HIGHEST SLP M ON M
DPTR FM NORMAL    15    LOWEST  SLP 29.63 ON 12

[REMARKS]




U.S. Dept. of Commerce
NOAA National Weather Service
1325 East West Highway
Silver Spring, MD 20910
E-mail: w-nws.webmaster@noaa.gov
Page last modified: May 16, 2007
NATIONAL WEATHER SERVICE: for Safety, for Work, for Fun - FOR LIFE