459
CXUS55 KTWC 300855
CF6SAD
PRELIMINARY LOCAL CLIMATOLOGICAL DATA (WS FORM: F-6)

                                          STATION:   SAFFORD AZ AIRPORT
                                          MONTH:     AUGUST
                                          YEAR:      2014
                                          LATITUDE:   32 50 N
                                          LONGITUDE: 109 38 W

  TEMPERATURE IN F:       :PCPN:    SNOW:  WIND      :SUNSHINE: SKY     :PK WND
================================================================================
1   2   3   4   5  6A  6B    7    8   9   10  11  12  13   14  15   16   17  18
                                     12Z  AVG MX 2MIN
DY MAX MIN AVG DEP HDD CDD  WTR  SNW DPTH SPD SPD DIR MIN PSBL S-S WX    SPD DR
================================================================================

 1  95  71  83  -1   0  18 0.02  0.0    0  9.5 33  80   M    M   1 3      42  70
 2  87  67  77  -6   0  12 0.94    M    0  6.5 14 140   M    M   5 13      M  M
 3  91  68  80  -3   0  15 0.13  0.0    0  8.0 15 140   M    M   4 13     21 150
 4  93  70  82  -1   0  17 0.07  0.0    0  7.5 26  60   M    M   2 3      42  50
 5  97  69  83   0   0  18 0.00  0.0    0  6.8 13 280   M    M   0        16 130
 6  99  68  84   1   0  19 0.00  0.0    0  5.0 16 310   M    M   0        20 310
 7  94  75  85   2   0  20 0.00  0.0    0  4.6 13 190   M    M   1        16 170
 8  97  69  83   0   0  18 0.00  0.0    0  7.9 14 320   M    M   0        17 290
 9 100  74  87   4   0  22    T  0.0    0 10.9 28 100   M    M   1 3      34 100
10  96  68  82  -1   0  17 0.01  0.0    0  6.5 22 360   M    M   2 3      28 360
11  97  71  84   2   0  19 0.09  0.0    0  9.0 22 130   M    M   4 3      29 150
12  94  73  84   2   0  19 0.02  0.0    0 13.2 25  80   M    M   6 3      32  80
13  94  72  83   1   0  18    T  0.0    0  7.8 31 310   M    M   3 3      38 300
14  89  71  80  -2   0  15 0.00  0.0    0  6.4 15 300   M    M   0        17 300
15  95  75  85   3   0  20 0.00  0.0    0  5.3 24  30   M    M   1 3      30 290
16 100  69  85   3   0  20 0.00  0.0    0  7.6 20 150   M    M   0 3      26 160
17 100  75  88   6   0  23 0.00  0.0    0  8.5 35  60   M    M   0 38     45  70
18  98  68  83   1   0  18 0.41  0.0    0  8.9 26 270   M    M   1 13     32 280
19  81  65  73  -9   0   8 0.20  0.0    0  6.8 38 320   M    M   M 13     45 320
20  88  65  77  -5   0  12 0.00  0.0    0  5.9 20 280   M    M   M        25 280
21  90  65  78  -4   0  13    T  0.0    0  9.0 23 310   M    M   M        28 310
22  88  68  78  -4   0  13    T  0.0    0  6.7 18 220   M    M   2 3      22 220
23  92  67  80  -2   0  15 0.00  0.0    0  4.7 16 300   M    M   2        21 300
24  95  65  80  -2   0  15 0.00  0.0    0  3.5 13 160   M    M   2        18 290
25  93  68  81  -1   0  16 0.00  0.0    0  5.9 18 320   M    M   0 3      22 330
26  87  69  78  -4   0  13 0.26  0.0    0  6.4 20 190   M    M   3 13     23 190
27  93  66  80  -2   0  15 0.00  0.0    0  7.4 21 300   M    M   0        25 280
28  96  67  82   0   0  17 0.00  0.0    0  8.1 18 280   M    M   0        23 270
29  98  65  82   0   0  17 0.00  0.0    0  4.0 10 140   M    M   0        13 260
================================================================================
SM 2717 2003         0 482  2.15     0.0 208.3          M       40
================================================================================
AV 93.7 69.1                               7.2 FASTST   M    M   2    MAX(MPH)
                                 MISC ---->  # 38 320               # 45   70
================================================================================
NOTES:
# LAST OF SEVERAL OCCURRENCES

COLUMN 17 PEAK WIND IN M.P.H.

PRELIMINARY LOCAL CLIMATOLOGICAL DATA (WS FORM: F-6) , PAGE 2

                                          STATION:  SAFFORD AZ AIRPORT
                                          MONTH:    AUGUST
                                          YEAR:     2014
                                          LATITUDE:   32 50 N
                                          LONGITUDE: 109 38 W

[TEMPERATURE DATA]      [PRECIPITATION DATA]       SYMBOLS USED IN COLUMN 16

AVERAGE MONTHLY: 81.4   TOTAL FOR MONTH:   2.15    1 = FOG OR MIST
DPTR FM NORMAL:  -1.0   DPTR FM NORMAL:    0.21    2 = FOG REDUCING VISIBILITY
HIGHEST:   100 ON 17,16 GRTST 24HR  1.06 ON  2- 3      TO 1/4 MILE OR LESS
LOWEST:     65 ON 29,24                            3 = THUNDER
                        SNOW, ICE PELLETS, HAIL    4 = ICE PELLETS
                        TOTAL MONTH:   0.0 INCH    5 = HAIL
                        GRTST 24HR     0.0         6 = FREEZING RAIN OR DRIZZLE
                        GRTST DEPTH:   0           7 = DUSTSTORM OR SANDSTORM:
                                                       VSBY 1/2 MILE OR LESS
                                                   8 = SMOKE OR HAZE
[NO. OF DAYS WITH]      [WEATHER - DAYS WITH]      9 = BLOWING SNOW
                                                   X = TORNADO
MAX 32 OR BELOW:   0    0.01 INCH OR MORE:  10
MAX 90 OR ABOVE:  23    0.10 INCH OR MORE:   5
MIN 32 OR BELOW:   0    0.50 INCH OR MORE:   1
MIN  0 OR BELOW:   0    1.00 INCH OR MORE:   0

[HDD (BASE 65) ]
TOTAL THIS MO.     0    CLEAR  (SCALE 0-3)  21
DPTR FM NORMAL     0    PTCLDY (SCALE 4-7)   5
TOTAL FM JUL 1     0    CLOUDY (SCALE 8-10)  0
DPTR FM NORMAL     0

[CDD (BASE 65) ]
TOTAL THIS MO.   482
DPTR FM NORMAL   -23    [PRESSURE DATA]
TOTAL FM JAN 1  2148    HIGHEST SLP M ON M
DPTR FM NORMAL   123    LOWEST  SLP 29.69 ON 29

[REMARKS]




U.S. Dept. of Commerce
NOAA National Weather Service
1325 East West Highway
Silver Spring, MD 20910
E-mail: w-nws.webmaster@noaa.gov
Page last modified: May 16, 2007
NATIONAL WEATHER SERVICE: for Safety, for Work, for Fun - FOR LIFE