284
CXUS56 KSTO 011455
CF6SAC
PRELIMINARY LOCAL CLIMATOLOGICAL DATA (WS FORM: F-6)

                                          STATION:   SACRAMENTO EXEC. AIRPORT CA
                                          MONTH:     AUGUST
                                          YEAR:      2014
                                          LATITUDE:   38 31 N
                                          LONGITUDE: 121 30 W

  TEMPERATURE IN F:       :PCPN:    SNOW:  WIND      :SUNSHINE: SKY     :PK WND
================================================================================
1   2   3   4   5  6A  6B    7    8   9   10  11  12  13   14  15   16   17  18
                                     12Z  AVG MX 2MIN
DY MAX MIN AVG DEP HDD CDD  WTR  SNW DPTH SPD SPD DIR MIN PSBL S-S WX    SPD DR
================================================================================

 1 104  65  85   9   0  20 0.00  0.0    0  4.2 13 220   M    M   0        15 260
 2  93  63  78   3   0  13 0.00  0.0    0  7.0 15 220   M    M   0        21 230
 3  83  58  71  -4   0   6 0.00  0.0    0  7.9 14 220   M    M   0        20 220
 4  81  59  70  -5   0   5 0.00  0.0    0  5.7 14 210   M    M   2        21 220
 5  76  66  71  -4   0   6    T  0.0    0  4.2 13 310   M    M   7        17 300
 6  94  69  82   7   0  17    T  0.0    0  3.8 15 220   M    M   1 18     21 230
 7  94  64  79   4   0  14 0.00  0.0    0  6.9 15 210   M    M   0        22 210
 8  92  61  77   2   0  12 0.00  0.0    0  6.3 14 210   M    M   0        17 200
 9  87  59  73  -2   0   8 0.00  0.0    0  8.8 17 220   M    M   0        24 220
10  86  57  72  -3   0   7 0.00  0.0    0  6.9 16 210   M    M   0        23 200
11  95  59  77   2   0  12 0.00  0.0    0  5.9 15 230   M    M   0        20 230
12  84  61  73  -2   0   8 0.00  0.0    0  8.9 14 230   M    M   0        22 210
13  88  58  73  -2   0   8 0.00  0.0    M  8.6 15 240   M    M   3        22 200
14  90  61  76   1   0  11 0.00  0.0    0  5.5 13 230   M    M   0        17 230
15  93  62  78   3   0  13 0.00  0.0    0  5.6 13 230   M    M   0        17 250
16  95  60  78   3   0  13 0.00  0.0    0  5.4 14 220   M    M   0        25 100
17  93  57  75   0   0  10 0.00  0.0    0  5.3 14 220   M    M   0        20 230
18  88  58  73  -1   0   8 0.00  0.0    0  7.7 16 210   M    M   0        22 220
19  83  59  71  -3   0   6 0.00  0.0    0  9.7 16 210   M    M   2        23 210
20  78  61  70  -4   0   5 0.00  0.0    0 10.6 20 230   M    M   0        28 230
21  89  59  74   0   0   9 0.00  0.0    0  4.8 13 220   M    M   0        16 210
22  86  60  73  -1   0   8 0.00  0.0    0  8.7 17 220   M    M   0        23 210
23  91  56  74   0   0   9 0.00  0.0    0  5.4 14 220   M    M   0        18 230
24  90  60  75   1   0  10 0.00  0.0    0  8.4 16 220   M    M   0        22 210
25  83  60  72  -2   0   7 0.00  0.0    0 10.0 22 230   M    M   1        26 220
26  90  59  75   1   0  10 0.00  0.0    0  6.4 13 220   M    M   0        17 220
27  95  63  79   5   0  14 0.00  0.0    0  5.0  9 220   M    M   0        16 180
28  97  63  80   6   0  15 0.00  0.0    0  5.2 10 210   M    M   0        16 230
29  91  61  76   2   0  11 0.00  0.0    0  4.6 13 220   M    M   0        17 220
30  96  63  80   6   0  15 0.00  0.0    0  5.1 15 220   M    M   0        23 200
31  95  63  79   5   0  14 0.00  0.0    0  3.8 14 230   M    M   0        16 230
================================================================================
SM 2780 1884         0 324    T      0.0 202.3          M       16
================================================================================
AV 89.7 60.8                               6.5 FASTST   M    M   1    MAX(MPH)
                                 MISC ---->  # 22 230               # 28  230
================================================================================
NOTES:
# LAST OF SEVERAL OCCURRENCES

COLUMN 17 PEAK WIND IN M.P.H.

PRELIMINARY LOCAL CLIMATOLOGICAL DATA (WS FORM: F-6) , PAGE 2

                                          STATION:  SACRAMENTO EXEC. AIRPORT CA
                                          MONTH:    AUGUST
                                          YEAR:     2014
                                          LATITUDE:   38 31 N
                                          LONGITUDE: 121 30 W

[TEMPERATURE DATA]      [PRECIPITATION DATA]       SYMBOLS USED IN COLUMN 16

AVERAGE MONTHLY: 75.2   TOTAL FOR MONTH:      T    1 = FOG OR MIST
DPTR FM NORMAL:   0.6   DPTR FM NORMAL:   -0.05    2 = FOG REDUCING VISIBILITY
HIGHEST:   104 ON  1    GRTST 24HR    T  ON  6- 6      TO 1/4 MILE OR LESS
LOWEST:     56 ON 23                               3 = THUNDER
                        SNOW, ICE PELLETS, HAIL    4 = ICE PELLETS
                        TOTAL MONTH:   0.0 INCH    5 = HAIL
                        GRTST 24HR     0.0         6 = FREEZING RAIN OR DRIZZLE
                        GRTST DEPTH:   0           7 = DUSTSTORM OR SANDSTORM:
                                                       VSBY 1/2 MILE OR LESS
                                                   8 = SMOKE OR HAZE
[NO. OF DAYS WITH]      [WEATHER - DAYS WITH]      9 = BLOWING SNOW
                                                   X = TORNADO
MAX 32 OR BELOW:   0    0.01 INCH OR MORE:   0
MAX 90 OR ABOVE:  18    0.10 INCH OR MORE:   0
MIN 32 OR BELOW:   0    0.50 INCH OR MORE:   0
MIN  0 OR BELOW:   0    1.00 INCH OR MORE:   0

[HDD (BASE 65) ]
TOTAL THIS MO.     0    CLEAR  (SCALE 0-3)  30
DPTR FM NORMAL    -1    PTCLDY (SCALE 4-7)   1
TOTAL FM JUL 1     0    CLOUDY (SCALE 8-10)  0
DPTR FM NORMAL    -2

[CDD (BASE 65) ]
TOTAL THIS MO.   324
DPTR FM NORMAL    26    [PRESSURE DATA]
TOTAL FM JAN 1  1154    HIGHEST SLP M ON M
DPTR FM NORMAL   232    LOWEST  SLP 29.71 ON 18

[REMARKS]
#FINAL-08-14#




U.S. Dept. of Commerce
NOAA National Weather Service
1325 East West Highway
Silver Spring, MD 20910
E-mail: w-nws.webmaster@noaa.gov
Page last modified: May 16, 2007
NATIONAL WEATHER SERVICE: for Safety, for Work, for Fun - FOR LIFE