359
CXUS56 KSTO 301355
CF6SAC
PRELIMINARY LOCAL CLIMATOLOGICAL DATA (WS FORM: F-6)

                                          STATION:   SACRAMENTO EXEC. AIRPORT CA
                                          MONTH:     SEPTEMBER
                                          YEAR:      2014
                                          LATITUDE:   38 31 N
                                          LONGITUDE: 121 30 W

  TEMPERATURE IN F:       :PCPN:    SNOW:  WIND      :SUNSHINE: SKY     :PK WND
================================================================================
1   2   3   4   5  6A  6B    7    8   9   10  11  12  13   14  15   16   17  18
                                     12Z  AVG MX 2MIN
DY MAX MIN AVG DEP HDD CDD  WTR  SNW DPTH SPD SPD DIR MIN PSBL S-S WX    SPD DR
================================================================================

 1 101  61  81   7   0  16 0.00  0.0    0  3.2 10 220   M    M   0        24 330
 2  89  62  76   3   0  11 0.00  0.0    0  8.0 16 220   M    M   0        23 200
 3  96  57  77   4   0  12 0.00  0.0    0  4.6 13 230   M    M   0        17 200
 4  96  57  77   4   0  12 0.00  0.0    0  3.9 13 220   M    M   0        16 230
 5  90  59  75   2   0  10 0.00  0.0    0  6.2 13 210   M    M   0        16 200
 6  91  59  75   2   0  10 0.00  0.0    0  5.7 12 210   M    M   0        20 200
 7  91  58  75   2   0  10 0.00  0.0    0  6.8 14 230   M    M   0        17 210
 8  83  56  70  -3   0   5 0.00  0.0    0  8.8 17 230   M    M   0        23 200
 9  89  54  72  -1   0   7 0.00  0.0    0  3.2 12 190   M    M   0 1      17 210
10  97  56  77   5   0  12 0.00  0.0    0  2.3  8 280   M    M   0 1      10 200
11  99  60  80   8   0  15 0.00  0.0    0  1.8  7 290   M    M   0        10 340
12 103  61  82  10   0  17 0.00  0.0    0  2.2  9 330   M    M   0        12 240
13 103  63  83  11   0  18 0.00  0.0    0  2.7 10 230   M    M   0        15 220
14  97  62  80   8   0  15 0.00  0.0    0  4.8 14 230   M    M   0        17 240
15  92  64  78   6   0  13 0.00  0.0    0  7.5 20 230   M    M   1        25 220
16  92  59  76   4   0  11 0.00  0.0    0  4.6 14 230   M    M   0        17 220
17  89  62  76   5   0  11 0.00  0.0    0  7.1 21 230   M    M   0        25 220
18  84  64  74   3   0   9 0.00  0.0    0  5.8 15 240   M    M   5        20 230
19  87  61  74   3   0   9 0.00  0.0    0  4.6 14 220   M    M   0        20 220
20  87  62  75   4   0  10 0.00  0.0    0  5.5 17 220   M    M   0        24 240
21  82  61  72   1   0   7    T  0.0    0  6.7 15 230   M    M   0        18 200
22  89  60  75   5   0  10 0.00  0.0    0  4.0 13 230   M    M   0        17 230
23  89  61  75   5   0  10 0.00  0.0    0  6.9 13 220   M    M   0        18 210
24  85  63  74   4   0   9 0.00  0.0    0  6.7 17 220   M    M   0        23 220
25  73  58  66  -4   0   1 0.35  0.0    0  5.8 14 240   M    M   5 1      38 210
26  78  56  67  -3   0   2 0.00  0.0    0  5.2 17 230   M    M   0        21 230
27  80  56  68  -1   0   3 0.11  0.0    0  3.9 16 300   M    M   3 1      20 320
28  75  58  67  -2   0   2    T  0.0    0  4.1  9 130   M    M   3        13 200
29   M   M   M   M   M   M    M    M    M   M   M   M   M    M   M         M  M
================================================================================
SM 2507 1670         0 277  0.46     0.0 142.6          M       17
================================================================================
AV 89.5 59.6                               5.1 FASTST   M    M   1    MAX(MPH)
                                 MISC ---->  # 21 230               # 38  210
================================================================================
NOTES:
# LAST OF SEVERAL OCCURRENCES

COLUMN 17 PEAK WIND IN M.P.H.

PRELIMINARY LOCAL CLIMATOLOGICAL DATA (WS FORM: F-6) , PAGE 2

                                          STATION:  SACRAMENTO EXEC. AIRPORT CA
                                          MONTH:    SEPTEMBER
                                          YEAR:     2014
                                          LATITUDE:   38 31 N
                                          LONGITUDE: 121 30 W

[TEMPERATURE DATA]      [PRECIPITATION DATA]       SYMBOLS USED IN COLUMN 16

AVERAGE MONTHLY: 74.6   TOTAL FOR MONTH:   0.46    1 = FOG OR MIST
DPTR FM NORMAL:   3.1   DPTR FM NORMAL:    0.19    2 = FOG REDUCING VISIBILITY
HIGHEST:   103 ON 13,12 GRTST 24HR  0.35 ON 24-25      TO 1/4 MILE OR LESS
LOWEST:     54 ON  9                               3 = THUNDER
                        SNOW, ICE PELLETS, HAIL    4 = ICE PELLETS
                        TOTAL MONTH:   0.0 INCH    5 = HAIL
                        GRTST 24HR     0.0         6 = FREEZING RAIN OR DRIZZLE
                        GRTST DEPTH:   0           7 = DUSTSTORM OR SANDSTORM:
                                                       VSBY 1/2 MILE OR LESS
                                                   8 = SMOKE OR HAZE
[NO. OF DAYS WITH]      [WEATHER - DAYS WITH]      9 = BLOWING SNOW
                                                   X = TORNADO
MAX 32 OR BELOW:   0    0.01 INCH OR MORE:   2
MAX 90 OR ABOVE:  13    0.10 INCH OR MORE:   2
MIN 32 OR BELOW:   0    0.50 INCH OR MORE:   0
MIN  0 OR BELOW:   0    1.00 INCH OR MORE:   0

[HDD (BASE 65) ]
TOTAL THIS MO.     0    CLEAR  (SCALE 0-3)  26
DPTR FM NORMAL    -6    PTCLDY (SCALE 4-7)   2
TOTAL FM JUL 1     0    CLOUDY (SCALE 8-10)  0
DPTR FM NORMAL    -8

[CDD (BASE 65) ]
TOTAL THIS MO.   277
DPTR FM NORMAL    80    [PRESSURE DATA]
TOTAL FM JAN 1  1431    HIGHEST SLP M ON M
DPTR FM NORMAL   312    LOWEST  SLP 29.61 ON  3

[REMARKS]




U.S. Dept. of Commerce
NOAA National Weather Service
1325 East West Highway
Silver Spring, MD 20910
E-mail: w-nws.webmaster@noaa.gov
Page last modified: May 16, 2007
NATIONAL WEATHER SERVICE: for Safety, for Work, for Fun - FOR LIFE