356
CXUS56 KSTO 011455
CF6SAC
PRELIMINARY LOCAL CLIMATOLOGICAL DATA (WS FORM: F-6)

                                          STATION:   SACRAMENTO EXEC. AIRPORT CA
                                          MONTH:     NOVEMBER
                                          YEAR:      2014
                                          LATITUDE:   38 31 N
                                          LONGITUDE: 121 30 W

  TEMPERATURE IN F:       :PCPN:    SNOW:  WIND      :SUNSHINE: SKY     :PK WND
================================================================================
1   2   3   4   5  6A  6B    7    8   9   10  11  12  13   14  15   16   17  18
                                     12Z  AVG MX 2MIN
DY MAX MIN AVG DEP HDD CDD  WTR  SNW DPTH SPD SPD DIR MIN PSBL S-S WX    SPD DR
================================================================================

 1  67  50  59   1   6   0 0.00  0.0    0  4.8 13 160   M    M   2        16 150
 2  69  45  57  -1   8   0 0.00  0.0    0  5.7 17 350   M    M   0        23 330
 3  69  40  55  -3  10   0 0.00  0.0    0  0.7  7 170   M    M   0        10 150
 4  71  42  57   0   8   0 0.00  0.0    0  1.7  9 350   M    M   0        12 310
 5  74  45  60   3   5   0 0.00  0.0    0  1.0  7 150   M    M   0        10 170
 6  77  47  62   5   3   0 0.00  0.0    0  1.1  7 120   M    M   0 8      10 120
 7  78  48  63   7   2   0 0.00  0.0    0  2.2 10 340   M    M   0 18     13 340
 8  77  48  63   7   2   0 0.00  0.0    0  1.3  7 320   M    M   0 1      12 330
 9  79  48  64   8   1   0 0.00  0.0    0  0.5  7 300   M    M   0        10 290
10  77  47  62   7   3   0 0.00  0.0    0  1.1  8 230   M    M   0 18     13 260
11  66  54  60   5   5   0 0.00  0.0    0  7.0 15 220   M    M   5        21 220
12  65  45  55   1  10   0 0.01    M    0  1.9  9 250   M    M   4        13 210
13  63  55  59   5   6   0 0.26  0.0    0  4.3 12 150   M    M   8 18     18 160
14  66  51  59   5   6   0 0.00  0.0    0  1.2  5 180   M    M   5 12      8 190
15  65  47  56   3   9   0 0.00  0.0    0  1.9  9 330   M    M   4 128    13 340
16  62  45  54   1  11   0 0.00  0.0    0  5.7 17 330   M    M   0 1      23 330
17  66  40  53   0  12   0 0.00  0.0    0  3.3  9 350   M    M   0 1      13 320
18  64  37  51  -1  14   0 0.00  0.0    0  2.3  8  20   M    M   1        10 350
19  59  46  53   1  12   0 0.13    M    0  2.9 12 310   M    M   8 18     15 310
20  56  52  54   2  11   0 0.20  0.0    0  2.9 20 130   M    M  10 1      24 130
21  56  51  54   3  11   0 0.00  0.0    0  4.6 10 130   M    M   9 1      14 130
22  61  49  55   4  10   0 0.13    M    0  8.5 17 150   M    M   8 128    26 140
23  60  43  52   1  13   0 0.00  0.0    0  5.3 14 350   M    M   2 12     18 320
24  65  39  52   2  13   0 0.00  0.0    0  1.2  8 340   M    M   1 12     12 290
25  66  40  53   3  12   0 0.00  0.0    0  1.3  8 340   M    M   0 1       9  10
26  68  39  54   4  11   0 0.00  0.0    0  0.0  6 310   M    M   0 1       8 280
27  70  43  57   7   8   0 0.00  0.0    0  0.1  5 260   M    M   0 128     8 250
28  66  37  52   3  13   0 0.17    M    0  2.4  9 140   M    M   6 128    12 130
29  61  52  57   8   8   0 0.20  0.0    0  4.5 15 150   M    M  10 18     22 150
30  58  52  55   6  10   0 0.15  0.0    0  3.2 12  80   M    M   9 18     16  70
================================================================================
SM 2001 1377       253   0  1.25     0.0  84.6          M       92
================================================================================
AV 66.7 45.9                               2.8 FASTST   M    M   3    MAX(MPH)
                                 MISC ---->  # 20 130               # 26  140
================================================================================
NOTES:
# LAST OF SEVERAL OCCURRENCES

COLUMN 17 PEAK WIND IN M.P.H.

PRELIMINARY LOCAL CLIMATOLOGICAL DATA (WS FORM: F-6) , PAGE 2

                                          STATION:  SACRAMENTO EXEC. AIRPORT CA
                                          MONTH:    NOVEMBER
                                          YEAR:     2014
                                          LATITUDE:   38 31 N
                                          LONGITUDE: 121 30 W

[TEMPERATURE DATA]      [PRECIPITATION DATA]       SYMBOLS USED IN COLUMN 16

AVERAGE MONTHLY: 56.3   TOTAL FOR MONTH:   1.25    1 = FOG OR MIST
DPTR FM NORMAL:   3.0   DPTR FM NORMAL:   -0.83    2 = FOG REDUCING VISIBILITY
HIGHEST:    79 ON  9    GRTST 24HR  0.34 ON 28-29      TO 1/4 MILE OR LESS
LOWEST:     37 ON 28,18                            3 = THUNDER
                        SNOW, ICE PELLETS, HAIL    4 = ICE PELLETS
                        TOTAL MONTH:   0.0 INCH    5 = HAIL
                        GRTST 24HR     0.0         6 = FREEZING RAIN OR DRIZZLE
                        GRTST DEPTH:   0           7 = DUSTSTORM OR SANDSTORM:
                                                       VSBY 1/2 MILE OR LESS
                                                   8 = SMOKE OR HAZE
[NO. OF DAYS WITH]      [WEATHER - DAYS WITH]      9 = BLOWING SNOW
                                                   X = TORNADO
MAX 32 OR BELOW:   0    0.01 INCH OR MORE:   8
MAX 90 OR ABOVE:   0    0.10 INCH OR MORE:   7
MIN 32 OR BELOW:   0    0.50 INCH OR MORE:   0
MIN  0 OR BELOW:   0    1.00 INCH OR MORE:   0

[HDD (BASE 65) ]
TOTAL THIS MO.   253    CLEAR  (SCALE 0-3)  18
DPTR FM NORMAL   -99    PTCLDY (SCALE 4-7)   6
TOTAL FM JUL 1   283    CLOUDY (SCALE 8-10)  6
DPTR FM NORMAL  -167

[CDD (BASE 65) ]
TOTAL THIS MO.     0
DPTR FM NORMAL    -1    [PRESSURE DATA]
TOTAL FM JAN 1  1567    HIGHEST SLP 30.50 ON 25
DPTR FM NORMAL   389    LOWEST  SLP 29.70 ON  1

[REMARKS]
#FINAL-11-14#




U.S. Dept. of Commerce
NOAA National Weather Service
1325 East West Highway
Silver Spring, MD 20910
E-mail: w-nws.webmaster@noaa.gov
Page last modified: May 16, 2007
NATIONAL WEATHER SERVICE: for Safety, for Work, for Fun - FOR LIFE