619
CXUS56 KSTO 261455
CF6SAC
PRELIMINARY LOCAL CLIMATOLOGICAL DATA (WS FORM: F-6)

                                          STATION:   SACRAMENTO EXEC. AIRPORT CA
                                          MONTH:     JANUARY
                                          YEAR:      2015
                                          LATITUDE:   38 31 N
                                          LONGITUDE: 121 30 W

  TEMPERATURE IN F:       :PCPN:    SNOW:  WIND      :SUNSHINE: SKY     :PK WND
================================================================================
1   2   3   4   5  6A  6B    7    8   9   10  11  12  13   14  15   16   17  18
                                     12Z  AVG MX 2MIN
DY MAX MIN AVG DEP HDD CDD  WTR  SNW DPTH SPD SPD DIR MIN PSBL S-S WX    SPD DR
================================================================================

 1  51  28  40  -5  25   0 0.00  0.0    0  1.5  8 140   M    M   0 18     10 130
 2  53  28  41  -4  24   0 0.00  0.0    0  1.6  8 330   M    M   0 18     12 310
 3  55  30  43  -2  22   0 0.00  0.0    0  0.1  5 230   M    M   0 18      7 300
 4  57  34  46   1  19   0 0.00  0.0    0  2.6 10  40   M    M   0 18     15  30
 5  58  33  46   1  19   0 0.00  0.0    0  0.2  5 300   M    M   0 18      6 300
 6  63  36  50   5  15   0 0.00  0.0    0  1.9 10 350   M    M   0 18     14 350
 7  67  34  51   6  14   0 0.00  0.0    0  0.6  6 270   M    M   0 128     8 310
 8  65  38  52   7  13   0 0.00  0.0    0  1.6 12 300   M    M   0 128    13 300
 9  58  42  50   4  15   0 0.00  0.0    0  0.1  8 290   M    M   2 128     9 290
10  65  46  56  10   9   0 0.00  0.0    0  0.5  9 280   M    M   1 128    13 240
11  63  42  53   7  12   0 0.00  0.0    0  0.3  6 270   M    M   4 128    12 240
12  63  43  53   7  12   0 0.00  0.0    0  1.8 10 340   M    M   4 128    13 330
13  61  39  50   4  15   0 0.00  0.0    0  2.1 10 230   M    M   5 128    12 220
14  57  37  47   1  18   0 0.00  0.0    0  2.7  9  20   M    M   5 128    14  10
15  55  40  48   2  17   0 0.00  0.0    0  1.7  9 270   M    M   5 128    12 270
16  54  45  50   4  15   0    T    M    0  5.7 13 320   M    M   9 128    16 130
17  53  47  50   4  15   0 0.00  0.0    0  1.6  7 150   M    M   8 1       9 130
18  52  48  50   4  15   0 0.00  0.0    0  3.1 10 120   M    M  10 12     12 130
19  60  46  53   7  12   0 0.00  0.0    0  1.2  9  20   M    M   8 12     10  10
20  59  41  50   3  15   0 0.00  0.0    0  2.0  6 300   M    M   6 128     M  M
21  57  40  49   2  16   0 0.00  0.0    0  2.6  9 150   M    M   5 12     12 150
22  56  39  48   1  17   0 0.00  0.0    0  2.3  8 290   M    M   5 128    14 360
23  59  38  49   2  16   0 0.00  0.0    0  2.7  8 120   M    M   7 128    10 130
24  51  44  48   1  17   0 0.00  0.0    0  3.8  9 150   M    M   8 128    12 160
25  59  43  51   4  14   0 0.00  0.0    0  2.3  8  30   M    M   5 128    10 360
================================================================================
SM 1451  981       401   0    T      0.0  46.6          M       97
================================================================================
AV 58.0 39.2                               1.9 FASTST   M    M   4    MAX(MPH)
                                 MISC ---->  # 13 320               # 16  130
================================================================================
NOTES:
# LAST OF SEVERAL OCCURRENCES

COLUMN 17 PEAK WIND IN M.P.H.

PRELIMINARY LOCAL CLIMATOLOGICAL DATA (WS FORM: F-6) , PAGE 2

                                          STATION:  SACRAMENTO EXEC. AIRPORT CA
                                          MONTH:    JANUARY
                                          YEAR:     2015
                                          LATITUDE:   38 31 N
                                          LONGITUDE: 121 30 W

[TEMPERATURE DATA]      [PRECIPITATION DATA]       SYMBOLS USED IN COLUMN 16

AVERAGE MONTHLY: 48.6   TOTAL FOR MONTH:      T    1 = FOG OR MIST
DPTR FM NORMAL:   2.7   DPTR FM NORMAL:   -2.92    2 = FOG REDUCING VISIBILITY
HIGHEST:    67 ON  7    GRTST 24HR    T  ON 16-16      TO 1/4 MILE OR LESS
LOWEST:     28 ON  2, 1                            3 = THUNDER
                        SNOW, ICE PELLETS, HAIL    4 = ICE PELLETS
                        TOTAL MONTH:   0.0 INCH    5 = HAIL
                        GRTST 24HR     0.0         6 = FREEZING RAIN OR DRIZZLE
                        GRTST DEPTH:   0           7 = DUSTSTORM OR SANDSTORM:
                                                       VSBY 1/2 MILE OR LESS
                                                   8 = SMOKE OR HAZE
[NO. OF DAYS WITH]      [WEATHER - DAYS WITH]      9 = BLOWING SNOW
                                                   X = TORNADO
MAX 32 OR BELOW:   0    0.01 INCH OR MORE:   0
MAX 90 OR ABOVE:   0    0.10 INCH OR MORE:   0
MIN 32 OR BELOW:   3    0.50 INCH OR MORE:   0
MIN  0 OR BELOW:   0    1.00 INCH OR MORE:   0

[HDD (BASE 65) ]
TOTAL THIS MO.   401    CLEAR  (SCALE 0-3)  10
DPTR FM NORMAL   -77    PTCLDY (SCALE 4-7)  12
TOTAL FM JUL 1  1031    CLOUDY (SCALE 8-10)  3
DPTR FM NORMAL  -481

[CDD (BASE 65) ]
TOTAL THIS MO.     0
DPTR FM NORMAL     0    [PRESSURE DATA]
TOTAL FM JAN 1     0    HIGHEST SLP M ON M
DPTR FM NORMAL     0    LOWEST  SLP 30.11 ON 25

[REMARKS]




U.S. Dept. of Commerce
NOAA National Weather Service
1325 East West Highway
Silver Spring, MD 20910
E-mail: w-nws.webmaster@noaa.gov
Page last modified: May 16, 2007
NATIONAL WEATHER SERVICE: for Safety, for Work, for Fun - FOR LIFE