350
CXUS54 KEWX 250910
CF6RYW
PRELIMINARY LOCAL CLIMATOLOGICAL DATA (WS FORM: F-6)

                                          STATION:   LAGO VISTA
                                          MONTH:     JULY
                                          YEAR:      2014
                                          LATITUDE:   30 30 N
                                          LONGITUDE:  97 58 W

  TEMPERATURE IN F:       :PCPN:    SNOW:  WIND      :SUNSHINE: SKY     :PK WND
================================================================================
1   2   3   4   5  6A  6B    7    8   9   10  11  12  13   14  15   16   17  18
                                     12Z  AVG MX 2MIN
DY MAX MIN AVG DEP HDD CDD  WTR  SNW DPTH SPD SPD DIR MIN PSBL S-S WX    SPD DR
================================================================================

 1  95  74  85   M   0  20    M    M    M  7.7 15 170   M    M   3        23 170
 2  96  73  85   M   0  20    M    M    M  5.2  8 160   M    M   2         M  M
 3  94  72  83   M   0  18    M    M    M  6.4 20  10   M    M   1        32  10
 4  93  72  83   M   0  18    M    M    M  4.2 10 110   M    M   1 3      20 110
 5  93  70  82   M   0  17    M    M    M  5.3 10 150   M    M   2        17 150
 6  94  73  84   M   0  19    M    M    M  6.2 10 170   M    M   4 1      20 170
 7  96  74  85   M   0  20    M    M    M  8.4 13 180   M    M   0        20 180
 8  96  74  85   M   0  20    M    M    M  7.9 12 160   M    M   0        24 170
 9  96  74  85   M   0  20    M    M    M  7.8 13 130   M    M   1        22 180
10  93  73  83   M   0  18    M    M    M  7.5 14 170   M    M   2        27 170
11  92  71  82   M   0  17    M    M    M  6.3 13 170   M    M   3        21 170
12  96  73  85   M   0  20    M    M    M  5.8 12 130   M    M   1 1      18 130
13  98  75  87   M   0  22    M    M    M  6.2 10 200   M    M   0        17 170
14  99  77  88   M   0  23    M    M    M  5.6  9 140   M    M   0         M  M
15  89  71  80   M   0  15    M    M    M  4.5 14 300   M    M   5 3      22 300
16  92  71  82   M   0  17    M    M    M  5.2 10 150   M    M   3        18 150
17  88  76  82   M   0  17    M    M    M  5.9 10 180   M    M   8 13     16 180
18  76  70  73   M   0   8    M    M    M  4.7 10  50   M    M  10 13     20  30
19  85  68  77   M   0  12    M    M    M  4.5  8 100   M    M   7 1       M  M
20  94  72  83   M   0  18    M    M    M  5.4 10 110   M    M   5 18      M  M
21  95  76  86   M   0  21    M    M    M  5.6  9 130   M    M   3         M  M
22  95  75  85   M   0  20    M    M    M  3.8  7  90   M    M   1 8       M  M
23  97  75  86   M   0  21    M    M    M  4.6 12  80   M    M   2        20  80
24  93  75  84   M   0  19    M    M    M  3.8  8  80   M    M   3 3       M  M
================================================================================
SM 2235 1754         0 440    M     M    138.5          M       67
================================================================================
AV 93.1 73.1                               5.8 FASTST   M    M   3    MAX(MPH)
                                 MISC ---->    20   M                 32    M
================================================================================
NOTES:
# LAST OF SEVERAL OCCURRENCES

COLUMN 17 PEAK WIND IN M.P.H.

PRELIMINARY LOCAL CLIMATOLOGICAL DATA (WS FORM: F-6) , PAGE 2

                                          STATION:  LAGO VISTA
                                          MONTH:    JULY
                                          YEAR:     2014
                                          LATITUDE:   30 30 N
                                          LONGITUDE:  97 58 W

[TEMPERATURE DATA]      [PRECIPITATION DATA]       SYMBOLS USED IN COLUMN 16

AVERAGE MONTHLY: 83.1   TOTAL FOR MONTH:      M    1 = FOG OR MIST
DPTR FM NORMAL:     M   DPTR FM NORMAL:       M    2 = FOG REDUCING VISIBILITY
HIGHEST:    99 ON 14    GRTST 24HR    M  ON   M        TO 1/4 MILE OR LESS
LOWEST:     68 ON 19                               3 = THUNDER
                        SNOW, ICE PELLETS, HAIL    4 = ICE PELLETS
                        TOTAL MONTH:    M          5 = HAIL
                        GRTST 24HR    M  ON   M    6 = FREEZING RAIN OR DRIZZLE
                        GRTST DEPTH:  M  ON   M    7 = DUSTSTORM OR SANDSTORM:
                                                       VSBY 1/2 MILE OR LESS
                                                   8 = SMOKE OR HAZE
[NO. OF DAYS WITH]      [WEATHER - DAYS WITH]      9 = BLOWING SNOW
                                                   X = TORNADO
MAX 32 OR BELOW:   0    0.01 INCH OR MORE:   0
MAX 90 OR ABOVE:  20    0.10 INCH OR MORE:   0
MIN 32 OR BELOW:   0    0.50 INCH OR MORE:   0
MIN  0 OR BELOW:   0    1.00 INCH OR MORE:   0

[HDD (BASE 65) ]
TOTAL THIS MO.     0    CLEAR  (SCALE 0-3)  15
DPTR FM NORMAL     M    PTCLDY (SCALE 4-7)   8
TOTAL FM JUL 1     0    CLOUDY (SCALE 8-10)  1
DPTR FM NORMAL     M

[CDD (BASE 65) ]
TOTAL THIS MO.   440
DPTR FM NORMAL     M    [PRESSURE DATA]
TOTAL FM JAN 1  1484    HIGHEST SLP M ON M
DPTR FM NORMAL     M    LOWEST  SLP M ON M

[REMARKS]




U.S. Dept. of Commerce
NOAA National Weather Service
1325 East West Highway
Silver Spring, MD 20910
E-mail: w-nws.webmaster@noaa.gov
Page last modified: May 16, 2007
NATIONAL WEATHER SERVICE: for Safety, for Work, for Fun - FOR LIFE