572
CXUS54 KEWX 230910
CF6RYW
PRELIMINARY LOCAL CLIMATOLOGICAL DATA (WS FORM: F-6)

                                          STATION:   LAGO VISTA
                                          MONTH:     APRIL
                                          YEAR:      2014
                                          LATITUDE:   30 30 N
                                          LONGITUDE:  97 58 W

  TEMPERATURE IN F:       :PCPN:    SNOW:  WIND      :SUNSHINE: SKY     :PK WND
================================================================================
1   2   3   4   5  6A  6B    7    8   9   10  11  12  13   14  15   16   17  18
                                     12Z  AVG MX 2MIN
DY MAX MIN AVG DEP HDD CDD  WTR  SNW DPTH SPD SPD DIR MIN PSBL S-S WX    SPD DR
================================================================================

 1  85  65  75   M   0  10    M    M    M  9.4 14 180   M    M   8 1      25 160
 2  81  69  75   M   0  10    M    M    M 11.1 16 190   M    M   9        25 170
 3  82  71  77   M   0  12    M    M    M  9.4 14 190   M    M   7 1      21 180
 4  73  51  62   M   3   0    M    M    M 10.6 16  10   M    M   3        29  20
 5  64  51  58   M   7   0    M    M    M  8.4 13  70   M    M   5        18  70
 6  60  50  55   M  10   0    M    M    M  7.5 13  50   M    M  10 3      16 330
 7  71  50  61   M   4   0    M    M    M  4.1 13 360   M    M   7 3      22 360
 8  75  48  62   M   3   0    M    M    M 11.4 18 360   M    M   0        35 360
 9  84  56  70   M   0   5    M    M    M  7.6 12 160   M    M   0        23 200
10  86  60  73   M   0   8    M    M    M 12.9 20 190   M    M   0        29 200
11  85  62  74   M   0   9    M    M    M 12.0 15 140   M    M   3        25 140
12  84  66  75   M   0  10    M    M    M 13.2 17 170   M    M   7        27 160
13  77  67  72   M   0   7    M    M    M  8.7 20 190   M    M   9        25 190
14  73  44  59   M   6   0    M    M    M 12.7 22 340   M    M   5 13     33 340
15  64  39  52   M  13   0    M    M    M  5.8 12  30   M    M   0        16  30
16  72  44  58   M   7   0    M    M    M  9.5 15 180   M    M   0        25 150
17  67  56  62   M   3   0    M    M    M  6.0 12 150   M    M   9 1      18 150
18  76  60  68   M   0   3    M    M    M  3.6  8  80   M    M   6 1       M  M
19  77  59  68   M   0   3    M    M    M  5.7 10 130   M    M   1        17 130
20  74  62  68   M   0   3    M    M    M  6.0 10 170   M    M   9 1      17 180
21  84  64  74   M   0   9    M    M    M  7.0 14 250   M    M   6 3      21 240
22  85  64  75   M   0  10    M    M    M  6.1 12  40   M    M   1        20  40
================================================================================
SM 1679 1258        56  99    M     M    188.7          M      105
================================================================================
AV 76.3 57.2                               8.6 FASTST   M    M   5    MAX(MPH)
                                 MISC ---->    22   M               # 35  360
================================================================================
NOTES:
# LAST OF SEVERAL OCCURRENCES

COLUMN 17 PEAK WIND IN M.P.H.

PRELIMINARY LOCAL CLIMATOLOGICAL DATA (WS FORM: F-6) , PAGE 2

                                          STATION:  LAGO VISTA
                                          MONTH:    APRIL
                                          YEAR:     2014
                                          LATITUDE:   30 30 N
                                          LONGITUDE:  97 58 W

[TEMPERATURE DATA]      [PRECIPITATION DATA]       SYMBOLS USED IN COLUMN 16

AVERAGE MONTHLY: 66.8   TOTAL FOR MONTH:      M    1 = FOG OR MIST
DPTR FM NORMAL:     M   DPTR FM NORMAL:       M    2 = FOG REDUCING VISIBILITY
HIGHEST:    86 ON 10    GRTST 24HR    M  ON   M        TO 1/4 MILE OR LESS
LOWEST:     39 ON 15                               3 = THUNDER
                        SNOW, ICE PELLETS, HAIL    4 = ICE PELLETS
                        TOTAL MONTH:    M          5 = HAIL
                        GRTST 24HR    M  ON   M    6 = FREEZING RAIN OR DRIZZLE
                        GRTST DEPTH:  M  ON   M    7 = DUSTSTORM OR SANDSTORM:
                                                       VSBY 1/2 MILE OR LESS
                                                   8 = SMOKE OR HAZE
[NO. OF DAYS WITH]      [WEATHER - DAYS WITH]      9 = BLOWING SNOW
                                                   X = TORNADO
MAX 32 OR BELOW:   0    0.01 INCH OR MORE:   0
MAX 90 OR ABOVE:   0    0.10 INCH OR MORE:   0
MIN 32 OR BELOW:   0    0.50 INCH OR MORE:   0
MIN  0 OR BELOW:   0    1.00 INCH OR MORE:   0

[HDD (BASE 65) ]
TOTAL THIS MO.    56    CLEAR  (SCALE 0-3)   8
DPTR FM NORMAL     M    PTCLDY (SCALE 4-7)   8
TOTAL FM JUL 1  1904    CLOUDY (SCALE 8-10)  6
DPTR FM NORMAL     M

[CDD (BASE 65) ]
TOTAL THIS MO.    99
DPTR FM NORMAL     M    [PRESSURE DATA]
TOTAL FM JAN 1   156    HIGHEST SLP M ON M
DPTR FM NORMAL     M    LOWEST  SLP M ON M

[REMARKS]




U.S. Dept. of Commerce
NOAA National Weather Service
1325 East West Highway
Silver Spring, MD 20910
E-mail: w-nws.webmaster@noaa.gov
Page last modified: May 16, 2007
NATIONAL WEATHER SERVICE: for Safety, for Work, for Fun - FOR LIFE