597
CXUS55 KPIH 191200
CF6RXE

PRELIMINARY LOCAL CLIMATOLOGICAL DATA (WS FORM: F-6)

                                          STATION:   REXBURG ID
                                          MONTH:     APRIL
                                          YEAR:      2014
                                          LATITUDE:   43 49 N
                                          LONGITUDE: 111 48 W

  TEMPERATURE IN F:       :PCPN:    SNOW:  WIND      :SUNSHINE: SKY     :PK WND
================================================================================
1   2   3   4   5  6A  6B    7    8   9   10  11  12  13   14  15   16   17  18
                                     12Z  AVG MX 2MIN
DY MAX MIN AVG DEP HDD CDD  WTR  SNW DPTH SPD SPD DIR MIN PSBL S-S WX    SPD DR
================================================================================

 1  46  19  33  -7  32   0 0.08    M    M  9.2 23 210   M    M   5 1      31 210
 2  39  30  35  -5  30   0 0.08    M    M  5.8 15 230   M    M   9 1      21 210
 3  45  24  35  -6  30   0 0.00    M    M  4.3 10 240   M    M   5 12     13 220
 4  48  26  37  -4  28   0 0.01    M    M  8.3 24 270   M    M   5        30 270
 5  51  28  40  -1  25   0 0.03    M    M  6.9 22 220   M    M   4 8      27 220
 6  55  34  45   3  20   0    T    M    M 10.1 20 280   M    M   5        26 290
 7  59  32  46   4  19   0 0.00    M    M  8.3 17 210   M    M   5        23 210
 8  68  31  50   8  15   0 0.00    M    M  9.1 22 220   M    M   0        29 200
 9  69  36  53  11  12   0    T    M    M 13.4 35 220   M    M   3        46 220
10  62  33  48   6  17   0 0.00    M    M 10.2 22 210   M    M   0        29 210
11  66  39  53  10  12   0 0.00    M    M 13.7 25 220   M    M   0        33 230
12  62  37  50   7  15   0    T    M    M 11.3 23  10   M    M   3        32 210
13  45  26  36  -7  29   0 0.00    M    M 15.9 25  30   M    M   5        35  10
14  53  17  35  -8  30   0 0.00    M    M  8.0 16 180   M    M   0        32 200
15  60  33  47   3  18   0 0.00    M    M 11.4 36 250   M    M   4        48 250
16  53  24  39  -5  26   0 0.00    M    M  6.2 16 230   M    M   1        22 230
17  64  33  49   5  16   0 0.00    M    M 11.2 21 220   M    M   0        29 240
18  57  42  50   6  15   0 0.15    M    M 18.3 33 210   M    M   5 1      46 200
================================================================================
SM 1002  544       389   0  0.35    M    181.6          M       59
================================================================================
AV 55.7 30.2                              10.1 FASTST   M    M   3    MAX(MPH)
                                 MISC ---->  # 36 250               # 48  250
================================================================================
NOTES:
# LAST OF SEVERAL OCCURRENCES

COLUMN 17 PEAK WIND IN M.P.H.

PRELIMINARY LOCAL CLIMATOLOGICAL DATA (WS FORM: F-6) , PAGE 2

                                          STATION:  REXBURG ID
                                          MONTH:    APRIL
                                          YEAR:     2014
                                          LATITUDE:   43 49 N
                                          LONGITUDE: 111 48 W

[TEMPERATURE DATA]      [PRECIPITATION DATA]       SYMBOLS USED IN COLUMN 16

AVERAGE MONTHLY: 42.9   TOTAL FOR MONTH:   0.35    1 = FOG OR MIST
DPTR FM NORMAL:   0.7   DPTR FM NORMAL:   -0.50    2 = FOG REDUCING VISIBILITY
HIGHEST:    69 ON  9    GRTST 24HR  0.15 ON 18-18      TO 1/4 MILE OR LESS
LOWEST:     17 ON 14                               3 = THUNDER
                        SNOW, ICE PELLETS, HAIL    4 = ICE PELLETS
                        TOTAL MONTH:    M          5 = HAIL
                        GRTST 24HR    M  ON   M    6 = FREEZING RAIN OR DRIZZLE
                        GRTST DEPTH:  M  ON   M    7 = DUSTSTORM OR SANDSTORM:
                                                       VSBY 1/2 MILE OR LESS
                                                   8 = SMOKE OR HAZE
[NO. OF DAYS WITH]      [WEATHER - DAYS WITH]      9 = BLOWING SNOW
                                                   X = TORNADO
MAX 32 OR BELOW:   0    0.01 INCH OR MORE:   5
MAX 90 OR ABOVE:   0    0.10 INCH OR MORE:   1
MIN 32 OR BELOW:  10    0.50 INCH OR MORE:   0
MIN  0 OR BELOW:   0    1.00 INCH OR MORE:   0

[HDD (BASE 65) ]
TOTAL THIS MO.   389    CLEAR  (SCALE 0-3)   7
DPTR FM NORMAL   -21    PTCLDY (SCALE 4-7)  10
TOTAL FM JUL 1  7065    CLOUDY (SCALE 8-10)  1
DPTR FM NORMAL  -274

[CDD (BASE 65) ]
TOTAL THIS MO.     0
DPTR FM NORMAL     0    [PRESSURE DATA]
TOTAL FM JAN 1     0    HIGHEST SLP M ON M
DPTR FM NORMAL     0    LOWEST  SLP 29.62 ON M

[REMARKS]




U.S. Dept. of Commerce
NOAA National Weather Service
1325 East West Highway
Silver Spring, MD 20910
E-mail: w-nws.webmaster@noaa.gov
Page last modified: May 16, 2007
NATIONAL WEATHER SERVICE: for Safety, for Work, for Fun - FOR LIFE