233
CXUS55 KPIH 032249
CF6RXE

PRELIMINARY LOCAL CLIMATOLOGICAL DATA (WS FORM: F-6)

                                          STATION:   REXBURG ID
                                          MONTH:     NOVEMBER
                                          YEAR:      2014
                                          LATITUDE:   43 49 N
                                          LONGITUDE: 111 48 W

  TEMPERATURE IN F:       :PCPN:    SNOW:  WIND      :SUNSHINE: SKY     :PK WND
================================================================================
1   2   3   4   5  6A  6B    7    8   9   10  11  12  13   14  15   16   17  18
                                     12Z  AVG MX 2MIN
DY MAX MIN AVG DEP HDD CDD  WTR  SNW DPTH SPD SPD DIR MIN PSBL S-S WX    SPD DR
================================================================================

 1  70  39  55  17  10   0 0.21    M    M 11.3 39 220   M    M   6 38     51 220
 2  38  32  35  -3  30   0 0.04    M    M  8.0 16 230   M    M  10 1      22 230
 3  42  26  34  -3  31   0 0.00    M    M  6.9 14 200   M    M   2        18 210
 4  45  24  35  -2  30   0 0.00    M    M  5.7 15 210   M    M   8        22 220
 5  50  30  40   4  25   0 0.00    M    M  3.5 13 210   M    M   5        17 210
 6  54  27  41   5  24   0 0.00    M    M  3.3  9  30   M    M   0 18     11 270
 7  55  31  43   8  22   0 0.00    M    M  5.8 15 190   M    M   1        20 200
 8  53  24  39   4  26   0 0.00    M    M  3.5 15 220   M    M   0 8      20 220
 9  58  28  43   9  22   0 0.01    M    M  8.3 29 220   M    M   2        39 220
10  42  20  31  -3  34   0 0.06    M    M  8.2 18  60   M    M   8 1      25  30
11  20   4  12 -21  53   0 0.02    M    M 13.0 23  30   M    M   4 19     31  30
12  21  -1  10 -23  55   0 0.00    M    M  6.2 15  50   M    M   0        18  50
13  22   0  11 -21  54   0 0.05    M    M  4.8 12  40   M    M   5 1      14  40
14  26  15  21 -11  44   0 0.16    M    M  1.9 15  30   M    M  10 1      19  20
15  17  -6   6 -25  59   0 0.00    M    M  3.8 12 360   M    M   3        15 360
16  16 -12   2 -28  63   0    T    M    M  4.0  8  30   M    M   8 18     10  50
17  18  -1   9 -21  56   0    T    M    M  4.9 10  70   M    M   4 1      12  70
18  25  -4  11 -18  54   0 0.00    M    M  4.0  7  60   M    M   0 1       8  60
19  35  18  27  -2  38   0 0.00    M    M  2.5  7  60   M    M   8         8  60
20  36  15  26  -2  39   0    T    M    M  2.1  7  30   M    M   6 1       8  30
21  40  20  30   2  35   0    T    M    M  3.8 13 190   M    M   5 12     17 190
22  39  31  35   8  30   0 0.31    M    M 11.7 25 220   M    M   8 13     34 230
23  37  22  30   3  35   0 0.01    M    M 11.5 21 210   M    M   5 1      29 200
24  39  23  31   5  34   0    T    M    M  9.2 20 200   M    M   4 1      25 200
25  43  32  38  12  27   0 0.00    M    M 15.3 28 230   M    M  10        37 220
26  48  37  43  17  22   0 0.00    M    M 13.0 25 230   M    M   5        31 230
27  56  32  44  19  21   0 0.00    M    M  7.4 20 210   M    M   3        29 220
28  55  38  47  22  18   0 0.00    M    M 13.2 28 220   M    M   1        38 210
29  48  35  42  18  23   0    T    M    M 25.0 43 230   M    M   5        55 230
30  35  17  26   2  39   0 0.00    M    M  6.3 23 220   M    M   4        30 210
================================================================================
SM 1183  596      1053   0  0.87    M    228.1          M      140
================================================================================
AV 39.4 19.9                               7.6 FASTST   M    M   5    MAX(MPH)
                                 MISC ---->  # 43 230               # 55  230
================================================================================
NOTES:
# LAST OF SEVERAL OCCURRENCES

COLUMN 17 PEAK WIND IN M.P.H.

PRELIMINARY LOCAL CLIMATOLOGICAL DATA (WS FORM: F-6) , PAGE 2

                                          STATION:  REXBURG ID
                                          MONTH:    NOVEMBER
                                          YEAR:     2014
                                          LATITUDE:   43 49 N
                                          LONGITUDE: 111 48 W

[TEMPERATURE DATA]      [PRECIPITATION DATA]       SYMBOLS USED IN COLUMN 16

AVERAGE MONTHLY: 29.7   TOTAL FOR MONTH:   0.87    1 = FOG OR MIST
DPTR FM NORMAL:  -1.1   DPTR FM NORMAL:   -0.17    2 = FOG REDUCING VISIBILITY
HIGHEST:    70 ON  1    GRTST 24HR  0.32 ON 22-23      TO 1/4 MILE OR LESS
LOWEST:    -12 ON 16                               3 = THUNDER
                        SNOW, ICE PELLETS, HAIL    4 = ICE PELLETS
                        TOTAL MONTH:    M          5 = HAIL
                        GRTST 24HR    M  ON   M    6 = FREEZING RAIN OR DRIZZLE
                        GRTST DEPTH:  M  ON   M    7 = DUSTSTORM OR SANDSTORM:
                                                       VSBY 1/2 MILE OR LESS
                                                   8 = SMOKE OR HAZE
[NO. OF DAYS WITH]      [WEATHER - DAYS WITH]      9 = BLOWING SNOW
                                                   X = TORNADO
MAX 32 OR BELOW:   8    0.01 INCH OR MORE:   9
MAX 90 OR ABOVE:   0    0.10 INCH OR MORE:   3
MIN 32 OR BELOW:  26    0.50 INCH OR MORE:   0
MIN  0 OR BELOW:   6    1.00 INCH OR MORE:   0

[HDD (BASE 65) ]
TOTAL THIS MO.  1053    CLEAR  (SCALE 0-3)   9
DPTR FM NORMAL    28    PTCLDY (SCALE 4-7)  16
TOTAL FM JUL 1  1810    CLOUDY (SCALE 8-10)  5
DPTR FM NORMAL  -202

[CDD (BASE 65) ]
TOTAL THIS MO.     0
DPTR FM NORMAL     0    [PRESSURE DATA]
TOTAL FM JAN 1   234    HIGHEST SLP 30.83 ON 16
DPTR FM NORMAL    26    LOWEST  SLP 29.43 ON 29

[REMARKS]

 PRECIPITATION AMOUNTS ARE SUSPECT DURING FREEZING/FROZEN EVENTS

#FINAL-11-14#






U.S. Dept. of Commerce
NOAA National Weather Service
1325 East West Highway
Silver Spring, MD 20910
E-mail: w-nws.webmaster@noaa.gov
Page last modified: May 16, 2007
NATIONAL WEATHER SERVICE: for Safety, for Work, for Fun - FOR LIFE