881
CXUS55 KCYS 062342
CF6RWL
PRELIMINARY LOCAL CLIMATOLOGICAL DATA (WS FORM: F-6)     ...CORRECTED...

                                          STATION:   RAWLINS WYOMING AIRPORT
                                          MONTH:     NOVEMBER
                                          YEAR:      2014
                                          LATITUDE:   41 47 N
                                          LONGITUDE: 107 12 W

  TEMPERATURE IN F:       :PCPN:    SNOW:  WIND      :SUNSHINE: SKY     :PK WND
================================================================================
1   2   3   4   5  6A  6B    7    8   9   10  11  12  13   14  15   16   17  18
                                     12Z  AVG MX 2MIN
DY MAX MIN AVG DEP HDD CDD  WTR  SNW DPTH SPD SPD DIR MIN PSBL S-S WX    SPD DR
================================================================================

 1  66  39  53  16  12   0 0.02    M    M 14.7 36 210   M    M   3        45 210
 2  45  32  39   2  26   0 0.16    M    M 10.4 22 250   M    M   5 1      26 240
 3  35  28  32  -4  33   0 0.16    M    M 12.2 21 240   M    M   8 1      26 240
 4  40  24  32  -4  33   0 0.00    M    M 16.6 29 250   M    M   0        36 240
 5  47  33  40   5  25   0 0.00    M    M 13.4 32 250   M    M   0        43 260
 6  59  29  44   9  21   0 0.00    M    M  9.6 22 230   M    M   0        28 240
 7  58  26  42   8  23   0    T    M    M 15.0 29 260   M    M   3        35 260
 8  53  24  39   5  26   0 0.00    M    M 15.9 35 240   M    M   0        41 240
 9  58  39  49  16  16   0 0.00    M    M 23.7 38 240   M    M   0        49 240
10  50  11  31  -2  34   0 0.08    M    M 13.1 38 290   M    M   9 18     50 280
11  12  -7   3 -29  62   0 0.05    M    M 12.6 22  50   M    M  10 1      28  50
12   3 -16  -6 -38  71   0 0.00    M    M  8.8 16  40   M    M   2        19  40
13  24 -24   0 -31  65   0 0.02    M    M  2.7 22 240   M    M   M 18     26 240
14  39  22  31   0  34   0 0.00    M    M 21.1 37 230   M    M   6        46 230
15  35 -11  12 -18  53   0 0.02    M    M  8.9 32 240   M    M   6 18     39 240
16  17 -11   3 -27  62   0 0.00    M    M 15.8 33 240   M    M   2        41 240
17  25   8  17 -12  48   0 0.00    M    M 18.6 26 250   M    M   0        35 250
18  32  16  24  -5  41   0 0.00    M    M 20.2 36 250   M    M   1        46 240
19  39  26  33   5  32   0 0.00    M    M 14.4 30 250   M    M   4        36 250
20  42  25  34   6  31   0 0.00    M    M  9.5 22 240   M    M   4        29 250
21  44  27  36   9  29   0 0.00    M    M 13.4 28 240   M    M   1        35 250
22  45  27  36   9  29   0 0.08    M    M 23.3 40 230   M    M   6 128    55 230
23  31  18  25  -1  40   0 0.02    M    M 16.1 35 270   M    M   3 1      40 270
24  30  12  21  -5  44   0    T    M    M 19.2 35 260   M    M   3        44 250
25  36  18  27   1  38   0    T    M    M 28.5 45 250   M    M   3 1      60 240
26  47  27  37  12  28   0 0.00    M    M 26.5 40 250   M    M   3 1      51 260
27  50  38  44  19  21   0 0.00    M    M 17.8 37 250   M    M   0        44 250
28  54  40  47  23  18   0 0.00    M    M 20.7 32 250   M    M   0        42 240
29  53  35  44  20  21   0 0.00    M    M 23.8 35 230   M    M   2        46 210
30  37  19  28   4  37   0 0.09    M    M 14.0 30 260   M    M   9 1      39 250
================================================================================
SM 1206  574      1053   0  0.70    M    480.5          M       93
================================================================================
AV 40.2 19.1                              16.0 FASTST   M    M   3    MAX(MPH)
                                 MISC ---->    45 250                 60  240
================================================================================
NOTES:
# LAST OF SEVERAL OCCURRENCES

COLUMN 17 PEAK WIND IN M.P.H.

PRELIMINARY LOCAL CLIMATOLOGICAL DATA (WS FORM: F-6) , PAGE 2

                                          STATION:  RAWLINS WYOMING AIRPORT
                                          MONTH:    NOVEMBER
                                          YEAR:     2014
                                          LATITUDE:   41 47 N
                                          LONGITUDE: 107 12 W

[TEMPERATURE DATA]      [PRECIPITATION DATA]       SYMBOLS USED IN COLUMN 16

AVERAGE MONTHLY: 29.7   TOTAL FOR MONTH:   0.70    1 = FOG OR MIST
DPTR FM NORMAL:  -0.4   DPTR FM NORMAL:    0.15    2 = FOG REDUCING VISIBILITY
HIGHEST:    66 ON  1    GRTST 24HR  0.29 ON  2- 3      TO 1/4 MILE OR LESS
LOWEST:    -24 ON 13                               3 = THUNDER
                        SNOW, ICE PELLETS, HAIL    4 = ICE PELLETS
                        TOTAL MONTH:    M          5 = HAIL
                        GRTST 24HR    M  ON   M    6 = FREEZING RAIN OR DRIZZLE
                        GRTST DEPTH:  M  ON   M    7 = DUSTSTORM OR SANDSTORM:
                                                       VSBY 1/2 MILE OR LESS
                                                   8 = SMOKE OR HAZE
[NO. OF DAYS WITH]      [WEATHER - DAYS WITH]      9 = BLOWING SNOW
                                                   X = TORNADO
MAX 32 OR BELOW:   8    0.01 INCH OR MORE:  10
MAX 90 OR ABOVE:   0    0.10 INCH OR MORE:   2
MIN 32 OR BELOW:  24    0.50 INCH OR MORE:   0
MIN  0 OR BELOW:   5    1.00 INCH OR MORE:   0

[HDD (BASE 65) ]
TOTAL THIS MO.  1053    CLEAR  (SCALE 0-3)  15
DPTR FM NORMAL     6    PTCLDY (SCALE 4-7)  11
TOTAL FM JUL 1  1891    CLOUDY (SCALE 8-10)  3
DPTR FM NORMAL  -215

[CDD (BASE 65) ]
TOTAL THIS MO.     0
DPTR FM NORMAL     0    [PRESSURE DATA]
TOTAL FM JAN 1   211    HIGHEST SLP 30.74 ON 12
DPTR FM NORMAL    25    LOWEST  SLP 29.32 ON 10

[REMARKS]
NEW RECORD HIGH TEMPERATURE OF 66 DEGREES SET ON THE 1ST. THE OLD RECORD WAS 64
 DEGREES SET IN 2008.
NEW RECORD WARMEST LOW TEMPERATURE OF 39 DEGREES SET ON THE 1ST. THE OLD RECORD
 WAS 38 DEGREES LAST SET IN 1994 AND PREVIOUSLY.
TIED RECORD WARMEST LOW TEMPERATURE OF 39 DEGREES ON THE 9TH...LAST SET IN 2005
 AND PREVIOUSLY.
NEW RECORD LOW TEMPERATURE OF 16 DEGREES BELOW ZERO SET ON THE 12TH. THE OLD
 RECORD WAS 4 DEGREES BELOW ZERO SET IN 2000.
NEW RECORD COLDEST HIGH TEMPERATURE OF 3 DEGREES SET ON THE 12TH. THE OLD RECORD
 WAS 14 DEGREES SET IN 2000.
NEW RECORD LOW TEMPERATURE OF 24 DEGREES BELOW ZERO SET ON THE 13TH. THE OLD
 RECORD WAS 3 DEGREES BELOW ZERO LAST SET IN 2000 AND PREVIOUSLY.
NEW RECORD WARMEST LOW TEMPERATURE OF 40 DEGREES SET ON THE 28TH. THE OLD RECORD
 WAS 37 DEGREES SET IN 1998.

PRECIPITATION AMOUNTS FOR THE 11TH, 12TH, 22ND AND 23RD DETERMINED USING ASOS
5 MINUTE OBSERVATIONS, RAWLINS 1N (48-7529) COOPERATIVE OBSERVING SITE AND
NEARBY CoCoRaHS SITES. SNOWFALL WAS ACCOMPANIED BY STRONG WINDS CAUSING
UNDERCATCH!
#FINAL-11-14#




U.S. Dept. of Commerce
NOAA National Weather Service
1325 East West Highway
Silver Spring, MD 20910
E-mail: w-nws.webmaster@noaa.gov
Page last modified: May 16, 2007
NATIONAL WEATHER SERVICE: for Safety, for Work, for Fun - FOR LIFE