513
CXUS55 KCYS 301000
CF6RWL
PRELIMINARY LOCAL CLIMATOLOGICAL DATA (WS FORM: F-6)

                                          STATION:   RAWLINS WYOMING AIRPORT
                                          MONTH:     SEPTEMBER
                                          YEAR:      2014
                                          LATITUDE:   41 47 N
                                          LONGITUDE: 107 12 W

  TEMPERATURE IN F:       :PCPN:    SNOW:  WIND      :SUNSHINE: SKY     :PK WND
================================================================================
1   2   3   4   5  6A  6B    7    8   9   10  11  12  13   14  15   16   17  18
                                     12Z  AVG MX 2MIN
DY MAX MIN AVG DEP HDD CDD  WTR  SNW DPTH SPD SPD DIR MIN PSBL S-S WX    SPD DR
================================================================================

 1  71  43  57  -4   8   0 0.00    M    M 15.0 33 280   M    M   1        43 240
 2  79  45  62   1   3   0 0.00    M    M 12.9 28 230   M    M   0        36 230
 3  85  48  67   7   0   2    T    M    M 12.3 38 240   M    M   2 3      48 250
 4  74  41  58  -2   7   0 0.00    M    M  9.5 22  60   M    M   2        26  60
 5  71  43  57  -3   8   0 0.06    M    M  9.3 24 240   M    M   2 3      30 240
 6  77  38  58  -1   7   0 0.13    M    M  6.1 23 260   M    M   1 3      32 270
 7  77  45  61   2   4   0 0.09    M    M 11.1 26 240   M    M   2 3      35 240
 8  77  46  62   3   3   0 0.14    M    M 12.4 28 230   M    M   1 3      38 210
 9  62  47  55  -3  10   0 0.15    M    M  7.4 22 290   M    M   9 13     27 290
10  69  39  54  -4  11   0 0.00    M    M 13.5 32 260   M    M   1        42 250
11  54  28  41 -16  24   0 0.00    M    M 11.2 24 350   M    M   7 1      28 360
12  58  21  40 -17  25   0 0.00    M    M  6.9 17 250   M    M   1        22 220
13  74  40  57   1   8   0 0.00    M    M 10.4 29 260   M    M   1        36 260
14  80  38  59   3   6   0 0.00    M    M 10.4 35 280   M    M   1        45 270
15  79  38  59   3   6   0    T    M    M  7.7 23 250   M    M   1 3      27 230
16  82  44  63   8   2   0 0.00    M    M  8.2 22 260   M    M   2        34 270
17  79  45  62   7   3   0 0.00    M    M  5.7 25 350   M    M   1        31 360
18  84  40  62   8   3   0 0.00    M    M  6.6 21 220   M    M   0        28 230
19  79  50  65  11   0   0 0.02    M    M 12.8 26 250   M    M   1        37 270
20  78  39  59   5   6   0 0.00    M    M  8.1 24  70   M    M   0        31  70
21  74  47  61   8   4   0 0.00    M    M 10.4 23 240   M    M   2        28 240
22  67  44  56   3   9   0 0.05    M    M 11.3 26 250   M    M   3 13     34 240
23  73  48  61   9   4   0 0.00    M    M 11.2 24 290   M    M   1        31 270
24  79  41  60   8   5   0 0.00    M    M  4.5 17 250   M    M   0        25 270
25  82  40  61  10   4   0 0.00    M    M  6.8 24 240   M    M   0        31 220
26  83  43  63  12   2   0 0.00    M    M  7.0 23 230   M    M   0 8      30 220
27  81  43  62  11   3   0 0.05    M    M  9.2 32 100   M    M   4 38     42 100
28  63  44  54   4  11   0 0.51    M    M 13.6 30 250   M    M   5 13     35 250
29  58  38  48  -2  17   0    T    M    M  9.6 25 250   M    M   2 1      32 240
================================================================================
SM 2149 1206       203   2  1.20    M    281.1          M       53
================================================================================
AV 74.1 41.6                               9.7 FASTST   M    M   2    MAX(MPH)
                                 MISC ---->  # 38 240               # 48  250
================================================================================
NOTES:
# LAST OF SEVERAL OCCURRENCES

COLUMN 17 PEAK WIND IN M.P.H.

PRELIMINARY LOCAL CLIMATOLOGICAL DATA (WS FORM: F-6) , PAGE 2

                                          STATION:  RAWLINS WYOMING AIRPORT
                                          MONTH:    SEPTEMBER
                                          YEAR:     2014
                                          LATITUDE:   41 47 N
                                          LONGITUDE: 107 12 W

[TEMPERATURE DATA]      [PRECIPITATION DATA]       SYMBOLS USED IN COLUMN 16

AVERAGE MONTHLY: 57.8   TOTAL FOR MONTH:   1.20    1 = FOG OR MIST
DPTR FM NORMAL:   2.3   DPTR FM NORMAL:    0.26    2 = FOG REDUCING VISIBILITY
HIGHEST:    85 ON  3    GRTST 24HR  0.51 ON 28-28      TO 1/4 MILE OR LESS
LOWEST:     21 ON 12                               3 = THUNDER
                        SNOW, ICE PELLETS, HAIL    4 = ICE PELLETS
                        TOTAL MONTH:    M          5 = HAIL
                        GRTST 24HR    M  ON   M    6 = FREEZING RAIN OR DRIZZLE
                        GRTST DEPTH:  M  ON   M    7 = DUSTSTORM OR SANDSTORM:
                                                       VSBY 1/2 MILE OR LESS
                                                   8 = SMOKE OR HAZE
[NO. OF DAYS WITH]      [WEATHER - DAYS WITH]      9 = BLOWING SNOW
                                                   X = TORNADO
MAX 32 OR BELOW:   0    0.01 INCH OR MORE:   9
MAX 90 OR ABOVE:   0    0.10 INCH OR MORE:   4
MIN 32 OR BELOW:   2    0.50 INCH OR MORE:   1
MIN  0 OR BELOW:   0    1.00 INCH OR MORE:   0

[HDD (BASE 65) ]
TOTAL THIS MO.   203    CLEAR  (SCALE 0-3)  25
DPTR FM NORMAL   -73    PTCLDY (SCALE 4-7)   3
TOTAL FM JUL 1   303    CLOUDY (SCALE 8-10)  1
DPTR FM NORMAL   -66

[CDD (BASE 65) ]
TOTAL THIS MO.     2
DPTR FM NORMAL     0    [PRESSURE DATA]
TOTAL FM JAN 1   211    HIGHEST SLP M ON M
DPTR FM NORMAL    28    LOWEST  SLP 29.60 ON  3

[REMARKS]




U.S. Dept. of Commerce
NOAA National Weather Service
1325 East West Highway
Silver Spring, MD 20910
E-mail: w-nws.webmaster@noaa.gov
Page last modified: May 16, 2007
NATIONAL WEATHER SERVICE: for Safety, for Work, for Fun - FOR LIFE