799
CXUS55 KCYS 311000
CF6RWL
PRELIMINARY LOCAL CLIMATOLOGICAL DATA (WS FORM: F-6)

                                          STATION:   RAWLINS WYOMING AIRPORT
                                          MONTH:     JANUARY
                                          YEAR:      2015
                                          LATITUDE:   41 47 N
                                          LONGITUDE: 107 12 W

  TEMPERATURE IN F:       :PCPN:    SNOW:  WIND      :SUNSHINE: SKY     :PK WND
================================================================================
1   2   3   4   5  6A  6B    7    8   9   10  11  12  13   14  15   16   17  18
                                     12Z  AVG MX 2MIN
DY MAX MIN AVG DEP HDD CDD  WTR  SNW DPTH SPD SPD DIR MIN PSBL S-S WX    SPD DR
================================================================================

 1  12 -20  -4 -26  69   0    T    M    M  1.3 14 350   M    M   4 1      24 340
 2  24   7  16  -6  49   0    T    M    M  9.0 25 250   M    M   6        32 250
 3  25  -1  12 -10  53   0    T    M    M 11.6 28 260   M    M   7 18     39 260
 4  29  14  22   0  43   0 0.00    M    M 20.3 39 240   M    M   6 89     48 240
 5  38  28  33  11  32   0 0.06    M    M 35.3 53 240   M    M   3 8      72 240
 6  40  32  36  14  29   0 0.00    M    M 21.6 35 250   M    M   0        44 250
 7  40  19  30   8  35   0 0.00  0.0    0  6.8 32 240   M    M   6 12     39 250
 8  40  14  27   5  38   0 0.00    M    M 15.2 31 240   M    M   3        39 240
 9  32   8  20  -2  45   0 0.00    M    M  5.5 18 260   M    M   4 12     24 340
10  40  27  34  12  31   0 0.00    M    M 12.1 22 220   M    M   1 8      28 210
11  37  32  35  13  30   0    T    M    M 11.6 20 250   M    M   9 1      26 240
12  36  30  33  11  32   0 0.05    M    M  3.0 10 250   M    M  10 12     12 230
13  30  18  24   2  41   0 0.00    M    M  6.2 13  60   M    M   8 12     15  70
14  25  15  20  -2  45   0 0.00    M    M  9.2 22 240   M    M   6 1      28 240
15  39  14  27   5  38   0    T    M    M  8.3 20 240   M    M   0        24 220
16  41  25  33  11  32   0 0.00    M    M 20.7 38 240   M    M   4        52 230
17  36  24  30   8  35   0 0.00    M    M 20.2 38 260   M    M   0        51 260
18  44  29  37  15  28   0 0.00    M    M 26.6 39 240   M    M   1        49 220
19  41  25  33  11  32   0 0.00    M    M 19.4 35 250   M    M   1        42 260
20  30  10  20  -2  45   0 0.00    M    M  9.0 20 270   M    M   1        24 270
21  26   5  16  -6  49   0    T    M    M  2.6 13 360   M    M   5 1      14 360
22  28   4  16  -6  49   0 0.00    M    M  7.4 22 240   M    M   0        28 240
23  31  18  25   3  40   0 0.00    M    M  9.3 21 250   M    M   5        26 250
24  34  20  27   6  38   0 0.00    M    M 18.3 36 250   M    M   4        45 250
25  42  27  35  14  30   0 0.00    M    M 20.1 32 250   M    M   2        39 250
26  53  26  40  19  25   0 0.00    M    M  7.7 28 240   M    M   0        35 250
27  55  24  40  19  25   0 0.00    M    M 12.4 30 220   M    M   2        40 220
28  45  33  39  18  26   0 0.02    M    M 15.1 29 250   M    M   8        36 250
29  43  27  35  14  30   0    T    M    M  4.3 12  60   M    M   4 1      14  60
30  41  26  34  13  31   0    T    M    M  5.5 16  60   M    M   7 18     21  60
================================================================================
SM 1077  560      1125   0  0.13     0.0 375.6          M      117
================================================================================
AV 35.9 18.7                              12.5 FASTST   M    M   4    MAX(MPH)
                                 MISC ---->  # 53 240               # 72  240
================================================================================
NOTES:
# LAST OF SEVERAL OCCURRENCES

COLUMN 17 PEAK WIND IN M.P.H.

PRELIMINARY LOCAL CLIMATOLOGICAL DATA (WS FORM: F-6) , PAGE 2

                                          STATION:  RAWLINS WYOMING AIRPORT
                                          MONTH:    JANUARY
                                          YEAR:     2015
                                          LATITUDE:   41 47 N
                                          LONGITUDE: 107 12 W

[TEMPERATURE DATA]      [PRECIPITATION DATA]       SYMBOLS USED IN COLUMN 16

AVERAGE MONTHLY: 27.3   TOTAL FOR MONTH:   0.13    1 = FOG OR MIST
DPTR FM NORMAL:   5.5   DPTR FM NORMAL:   -0.22    2 = FOG REDUCING VISIBILITY
HIGHEST:    55 ON 27    GRTST 24HR  0.06 ON  5- 5      TO 1/4 MILE OR LESS
LOWEST:    -20 ON  1                               3 = THUNDER
                        SNOW, ICE PELLETS, HAIL    4 = ICE PELLETS
                        TOTAL MONTH:   0.0 INCH    5 = HAIL
                        GRTST 24HR     0.0         6 = FREEZING RAIN OR DRIZZLE
                        GRTST DEPTH:   0           7 = DUSTSTORM OR SANDSTORM:
                                                       VSBY 1/2 MILE OR LESS
                                                   8 = SMOKE OR HAZE
[NO. OF DAYS WITH]      [WEATHER - DAYS WITH]      9 = BLOWING SNOW
                                                   X = TORNADO
MAX 32 OR BELOW:  11    0.01 INCH OR MORE:   3
MAX 90 OR ABOVE:   0    0.10 INCH OR MORE:   0
MIN 32 OR BELOW:  29    0.50 INCH OR MORE:   0
MIN  0 OR BELOW:   2    1.00 INCH OR MORE:   0

[HDD (BASE 65) ]
TOTAL THIS MO.  1125    CLEAR  (SCALE 0-3)  13
DPTR FM NORMAL  -173    PTCLDY (SCALE 4-7)  13
TOTAL FM JUL 1  4258    CLOUDY (SCALE 8-10)  4
DPTR FM NORMAL  -494

[CDD (BASE 65) ]
TOTAL THIS MO.     0
DPTR FM NORMAL     0    [PRESSURE DATA]
TOTAL FM JAN 1     0    HIGHEST SLP M ON M
DPTR FM NORMAL     0    LOWEST  SLP 29.72 ON 16

[REMARKS]




U.S. Dept. of Commerce
NOAA National Weather Service
1325 East West Highway
Silver Spring, MD 20910
E-mail: w-nws.webmaster@noaa.gov
Page last modified: May 16, 2007
NATIONAL WEATHER SERVICE: for Safety, for Work, for Fun - FOR LIFE