217
CXUS53 KMPX 311000
CF6RWF
PRELIMINARY LOCAL CLIMATOLOGICAL DATA (WS FORM: F-6)

                                          STATION:   REDWOOD FALLS MN
                                          MONTH:     JANUARY
                                          YEAR:      2015
                                          LATITUDE:   44 32 N
                                          LONGITUDE:  95  5 W

  TEMPERATURE IN F:       :PCPN:    SNOW:  WIND      :SUNSHINE: SKY     :PK WND
================================================================================
1   2   3   4   5  6A  6B    7    8   9   10  11  12  13   14  15   16   17  18
                                     12Z  AVG MX 2MIN
DY MAX MIN AVG DEP HDD CDD  WTR  SNW DPTH SPD SPD DIR MIN PSBL S-S WX    SPD DR
================================================================================

 1  34  13  24   9  41   0    M    M    M 11.9 21 280   M    M   7        28 290
 2  29  16  23   8  42   0    M    M    M 11.6 21 210   M    M   9        26 210
 3  28  -2  13  -1  52   0    M    M    M 14.4 25 330   M    M   6        37 330
 4   2  -8  -3 -17  68   0    M    M    M 14.8 25 340   M    M   3 8      37 330
 5   2 -10  -4 -18  69   0    M    M    M  8.3 15 130   M    M   4 1      18 280
 6   7  -9  -1 -15  66   0    M    M    M 14.3 26 340   M    M   2 8      38 340
 7   0  -7  -3 -17  68   0    M    M    M 13.5 23 330   M    M   2        34 320
 8  20  -2   9  -5  56   0    M    M    M 19.5 36 320   M    M   7 18     48 320
 9   8  -2   3 -11  62   0    M    M    M 15.6 24 290   M    M   3 18     34 320
10  21  -7   7  -7  58   0    M    M    M  7.3 14 290   M    M   0        17 290
11  17   3  10  -4  55   0    M    M    M  6.6 12 330   M    M   4        16 340
12   7  -8   0 -14  65   0    M    M    M  6.6 14 360   M    M   0        20 350
13  18 -14   2 -12  63   0    M    M    M 10.6 20 200   M    M   4 18     23 170
14  27  11  19   5  46   0    M    M    M  7.9 14 220   M    M   6 1      17 180
15  37  19  28  14  37   0    M    M    M  9.6 17 290   M    M   1        23 300
16  31  16  24  10  41   0    M    M    M  5.7 16 110   M    M   4 12     23  90
17  39  26  33  19  32   0    M    M    M 14.1 29 310   M    M   4 1      39 320
18  40  27  34  20  31   0    M    M    M  7.7 20 290   M    M   0        23 280
19  47  27  37  23  28   0    M    M    M  9.0 16 160   M    M   3        19 250
20  35  29  32  18  33   0    M    M    M  5.3  9  40   M    M   9 12     14  30
21  29  18  24  10  41   0    M    M    M  7.9 16 310   M    M  10 1      20 310
22  32  10  21   7  44   0    M    M    M 11.0 21 210   M    M   4        26 210
23  41  30  36  22  29   0    M    M    M 13.8 26 220   M    M   2        32 210
24  40  31  36  22  29   0    M    M    M  8.1 15 270   M    M   3        18 280
25  35  29  32  17  33   0    M    M    M  6.3 12  30   M    M  10 1      17  10
26  46  31  39  24  26   0    M    M    M 14.6 26 210   M    M   4        33 230
27  35  31  33  18  32   0    M    M    M  9.1 21 140   M    M  10        25 150
28  34  32  33  18  32   0    M    M    M 13.8 25 160   M    M  10 12     31 160
29  34  15  25  10  40   0    M    M    M 18.0 29 330   M    M   7 1      45 320
30  33  10  22   7  43   0    M    M    M  7.4 20 170   M    M   2        25 170
================================================================================
SM  808  355      1362   0    M     M    324.3          M      140
================================================================================
AV 26.9 11.8                              10.8 FASTST   M    M   5    MAX(MPH)
                                 MISC ---->  # 36 320               # 48  320
================================================================================
NOTES:
# LAST OF SEVERAL OCCURRENCES

COLUMN 17 PEAK WIND IN M.P.H.

PRELIMINARY LOCAL CLIMATOLOGICAL DATA (WS FORM: F-6) , PAGE 2

                                          STATION:  REDWOOD FALLS MN
                                          MONTH:    JANUARY
                                          YEAR:     2015
                                          LATITUDE:   44 32 N
                                          LONGITUDE:  95  5 W

[TEMPERATURE DATA]      [PRECIPITATION DATA]       SYMBOLS USED IN COLUMN 16

AVERAGE MONTHLY: 19.4   TOTAL FOR MONTH:      M    1 = FOG OR MIST
DPTR FM NORMAL:   5.1   DPTR FM NORMAL:       M    2 = FOG REDUCING VISIBILITY
HIGHEST:    47 ON 19    GRTST 24HR  0.14 ON 20-21      TO 1/4 MILE OR LESS
LOWEST:    -14 ON 13                               3 = THUNDER
                        SNOW, ICE PELLETS, HAIL    4 = ICE PELLETS
                        TOTAL MONTH:    M          5 = HAIL
                        GRTST 24HR    M  ON   M    6 = FREEZING RAIN OR DRIZZLE
                        GRTST DEPTH:  M  ON   M    7 = DUSTSTORM OR SANDSTORM:
                                                       VSBY 1/2 MILE OR LESS
                                                   8 = SMOKE OR HAZE
[NO. OF DAYS WITH]      [WEATHER - DAYS WITH]      9 = BLOWING SNOW
                                                   X = TORNADO
MAX 32 OR BELOW:  16    0.01 INCH OR MORE:   0
MAX 90 OR ABOVE:   0    0.10 INCH OR MORE:   0
MIN 32 OR BELOW:  30    0.50 INCH OR MORE:   0
MIN  0 OR BELOW:  10    1.00 INCH OR MORE:   0

[HDD (BASE 65) ]
TOTAL THIS MO.  1362    CLEAR  (SCALE 0-3)  10
DPTR FM NORMAL  -158    PTCLDY (SCALE 4-7)  14
TOTAL FM JUL 1  4462    CLOUDY (SCALE 8-10)  6
DPTR FM NORMAL  -234

[CDD (BASE 65) ]
TOTAL THIS MO.     0
DPTR FM NORMAL     0    [PRESSURE DATA]
TOTAL FM JAN 1     0    HIGHEST SLP M ON M
DPTR FM NORMAL     0    LOWEST  SLP 29.55 ON 17

[REMARKS]




U.S. Dept. of Commerce
NOAA National Weather Service
1325 East West Highway
Silver Spring, MD 20910
E-mail: w-nws.webmaster@noaa.gov
Page last modified: May 16, 2007
NATIONAL WEATHER SERVICE: for Safety, for Work, for Fun - FOR LIFE