590
CXUS53 KMPX 291000
CF6RWF
PRELIMINARY LOCAL CLIMATOLOGICAL DATA (WS FORM: F-6)

                                          STATION:   REDWOOD FALLS MN
                                          MONTH:     JULY
                                          YEAR:      2014
                                          LATITUDE:   44 32 N
                                          LONGITUDE:  95  5 W

  TEMPERATURE IN F:       :PCPN:    SNOW:  WIND      :SUNSHINE: SKY     :PK WND
================================================================================
1   2   3   4   5  6A  6B    7    8   9   10  11  12  13   14  15   16   17  18
                                     12Z  AVG MX 2MIN
DY MAX MIN AVG DEP HDD CDD  WTR  SNW DPTH SPD SPD DIR MIN PSBL S-S WX    SPD DR
================================================================================

 1  72  54  63  -9   2   0 0.06    M    M 15.4 29 300   M    M   8 18     38 280
 2  75  55  65  -7   0   0 0.00    M    M  9.7 18 340   M    M   4        27 350
 3  78  52  65  -7   0   0 0.00    M    M  4.0 10 360   M    M   1        12 360
 4  85  59  72   0   0   7 0.04    M    M 15.7 26 170   M    M   5        34 180
 5  88  66  77   5   0  12 0.00    M    M 13.8 22 190   M    M   2        28 170
 6  92  69  81   8   0  16    T    M    M 11.7 23 320   M    M   4 18     31 300
 7  89  64  77   4   0  12    T    M    M 11.1 28 320   M    M   2        36 330
 8  78  58  68  -5   0   3 0.00    M    M 13.3 24 320   M    M   1        35 310
 9  81  56  69  -4   0   4 0.00    M    M  5.1 14 300   M    M   0        19 300
10  87  58  73   0   0   8    T    M    M 11.5 23 180   M    M   2        32 180
11  85  69  77   4   0  12 0.33    M    M 12.2 29 180   M    M   6 13     39 190
12  77  67  72  -1   0   7 0.28    M    M  6.0 17 300   M    M   3 13     22 300
13  80  60  70  -3   0   5 0.00    M    M  9.8 25 300   M    M   1        32 290
14  66  55  61 -12   4   0 0.00    M    M 13.2 24 330   M    M   7        36 320
15  72  50  61 -12   4   0 0.00    M    M  7.7 18 320   M    M   5 128    25 310
16  77  51  64  -9   1   0 0.00    M    M  4.0  9 300   M    M   3 8      14 260
17  82  53  68  -5   0   3 0.00    M    M  6.5 15 230   M    M   4        22 230
18  81  58  70  -3   0   5 0.00    M    M 13.4 24 190   M    M   3        31 180
19  80  66  73   0   0   8 0.00    M    M 12.1 21 190   M    M   7        25 190
20  88  66  77   4   0  12 0.00    M    M 12.7 22 180   M    M   5        27 180
21  92  69  81   8   0  16    T    M    M 12.5 23 160   M    M   1 1      27 170
22  84  65  75   2   0  10    T    M    M 11.5 21 300   M    M   1 13     26 340
23  83  59  71  -1   0   6 0.00    M    M  5.1 10 350   M    M   1        15  40
24  83  56  70  -2   0   5 0.25    M    M  9.2 30 140   M    M   4 138    38 140
25  85  65  75   3   0  10 0.14    M    M  9.4 22 190   M    M   8 13     28 190
26  86  68  77   5   0  12    T    M    M  9.8 25 280   M    M   1 12     30 290
27  75  62  69  -3   0   4    T    M    M 15.1 25 320   M    M   6        35 310
28  76  57  67  -5   0   2 0.01    M    M  6.9 14 320   M    M   7        19 310
================================================================================
SM 2277 1687        11 179  1.11    M    288.4          M      102
================================================================================
AV 81.3 60.2                              10.3 FASTST   M    M   4    MAX(MPH)
                                 MISC ---->  # 30 140               # 39  190
================================================================================
NOTES:
# LAST OF SEVERAL OCCURRENCES

COLUMN 17 PEAK WIND IN M.P.H.

PRELIMINARY LOCAL CLIMATOLOGICAL DATA (WS FORM: F-6) , PAGE 2

                                          STATION:  REDWOOD FALLS MN
                                          MONTH:    JULY
                                          YEAR:     2014
                                          LATITUDE:   44 32 N
                                          LONGITUDE:  95  5 W

[TEMPERATURE DATA]      [PRECIPITATION DATA]       SYMBOLS USED IN COLUMN 16

AVERAGE MONTHLY: 70.8   TOTAL FOR MONTH:   1.11    1 = FOG OR MIST
DPTR FM NORMAL:  -1.8   DPTR FM NORMAL:   -2.15    2 = FOG REDUCING VISIBILITY
HIGHEST:    92 ON 21, 6 GRTST 24HR  0.39 ON 24-25      TO 1/4 MILE OR LESS
LOWEST:     50 ON 15                               3 = THUNDER
                        SNOW, ICE PELLETS, HAIL    4 = ICE PELLETS
                        TOTAL MONTH:    M          5 = HAIL
                        GRTST 24HR    M  ON   M    6 = FREEZING RAIN OR DRIZZLE
                        GRTST DEPTH:  M  ON   M    7 = DUSTSTORM OR SANDSTORM:
                                                       VSBY 1/2 MILE OR LESS
                                                   8 = SMOKE OR HAZE
[NO. OF DAYS WITH]      [WEATHER - DAYS WITH]      9 = BLOWING SNOW
                                                   X = TORNADO
MAX 32 OR BELOW:   0    0.01 INCH OR MORE:   7
MAX 90 OR ABOVE:   2    0.10 INCH OR MORE:   4
MIN 32 OR BELOW:   0    0.50 INCH OR MORE:   0
MIN  0 OR BELOW:   0    1.00 INCH OR MORE:   0

[HDD (BASE 65) ]
TOTAL THIS MO.    11    CLEAR  (SCALE 0-3)  13
DPTR FM NORMAL    11    PTCLDY (SCALE 4-7)  15
TOTAL FM JUL 1    11    CLOUDY (SCALE 8-10)  0
DPTR FM NORMAL    11

[CDD (BASE 65) ]
TOTAL THIS MO.   179
DPTR FM NORMAL   -42    [PRESSURE DATA]
TOTAL FM JAN 1   388    HIGHEST SLP M ON M
DPTR FM NORMAL   -21    LOWEST  SLP 29.56 ON  1

[REMARKS]




U.S. Dept. of Commerce
NOAA National Weather Service
1325 East West Highway
Silver Spring, MD 20910
E-mail: w-nws.webmaster@noaa.gov
Page last modified: May 16, 2007
NATIONAL WEATHER SERVICE: for Safety, for Work, for Fun - FOR LIFE