074
CXUS53 KMPX 281000
CF6RWF
PRELIMINARY LOCAL CLIMATOLOGICAL DATA (WS FORM: F-6)

                                          STATION:   REDWOOD FALLS MN
                                          MONTH:     NOVEMBER
                                          YEAR:      2014
                                          LATITUDE:   44 32 N
                                          LONGITUDE:  95  5 W

  TEMPERATURE IN F:       :PCPN:    SNOW:  WIND      :SUNSHINE: SKY     :PK WND
================================================================================
1   2   3   4   5  6A  6B    7    8   9   10  11  12  13   14  15   16   17  18
                                     12Z  AVG MX 2MIN
DY MAX MIN AVG DEP HDD CDD  WTR  SNW DPTH SPD SPD DIR MIN PSBL S-S WX    SPD DR
================================================================================

 1  48  20  34  -7  31   0    M    M    M 17.1 28 160   M    M   0        34 150
 2  59  36  48   8  17   0    M    M    M 16.7 28 200   M    M   0        34 200
 3  51  41  46   6  19   0    M    M    M  8.9 22 310   M    M   6        30 320
 4  54  30  42   3  23   0    M    M    M 12.1 28 300   M    M   3        35 280
 5  50  31  41   3  24   0    M    M    M  8.4 26 300   M    M   9 1      36 300
 6  43  27  35  -3  30   0    M    M    M  9.0 20 320   M    M   6        28 320
 7  52  29  41   4  24   0    M    M    M 16.0 31 340   M    M   6 18     46 320
 8  42  34  38   1  27   0    M    M    M 12.0 29 330   M    M   8        43 340
 9  43  29  36   0  29   0    M    M    M  6.8 17 340   M    M   7 1      22 330
10  30  21  26 -10  39   0    M    M    M 15.6 25 340   M    M   9 16     36 340
11  23  16  20 -15  45   0    M    M    M 14.4 23 310   M    M   8 1      31 320
12  24  14  19 -15  46   0    M    M    M 13.7 22 310   M    M  10        31 330
13  22   7  15 -19  50   0    M    M    M 13.3 22 320   M    M   6 18     30 330
14  20   1  11 -22  54   0    M    M    M  6.0 12 290   M    M   0 8      15 280
15  23   5  14 -18  51   0    M    M    M  6.2 14 300   M    M   9 18     18 310
16  19  -3   8 -24  57   0    M    M    M 14.3 23 320   M    M   2 18     31 330
17  14   5  10 -21  55   0    M    M    M 18.3 31 320   M    M   5        43 310
18  24  11  18 -13  47   0    M    M    M 11.8 17 290   M    M  10 18     21 290
19  26  14  20 -10  45   0    M    M    M 18.6 26 290   M    M   7 8      38 330
20  18   1  10 -19  55   0    M    M    M  9.2 16 280   M    M   0        19 280
21  35   0  18 -11  47   0    M    M    M 14.2 26 180   M    M   0        34 190
22  45  26  36   8  29   0    M    M    M 12.0 21 210   M    M   5 1      26 210
23  46  26  36   8  29   0    M    M    M 11.6 25 320   M    M  10 1      34 310
24  26  14  20  -7  45   0    M    M    M 20.9 31 310   M    M   8        41 310
25  32  10  21  -5  44   0    M    M    M  9.2 16 310   M    M   5 1      22 310
26  26   0  13 -13  52   0    M    M    M 12.2 20 320   M    M   9 18     26 320
27   7 -11  -2 -27  67   0    M    M    M  9.4 17 120   M    M   3 1      22 120
================================================================================
SM  902  434      1081   0    M     M    337.9          M      151
================================================================================
AV 33.4 16.1                              12.5 FASTST   M    M   6    MAX(MPH)
                                 MISC ---->  # 31 340               # 46  320
================================================================================
NOTES:
# LAST OF SEVERAL OCCURRENCES

COLUMN 17 PEAK WIND IN M.P.H.

PRELIMINARY LOCAL CLIMATOLOGICAL DATA (WS FORM: F-6) , PAGE 2

                                          STATION:  REDWOOD FALLS MN
                                          MONTH:    NOVEMBER
                                          YEAR:     2014
                                          LATITUDE:   44 32 N
                                          LONGITUDE:  95  5 W

[TEMPERATURE DATA]      [PRECIPITATION DATA]       SYMBOLS USED IN COLUMN 16

AVERAGE MONTHLY: 24.7   TOTAL FOR MONTH:      M    1 = FOG OR MIST
DPTR FM NORMAL:  -8.3   DPTR FM NORMAL:       M    2 = FOG REDUCING VISIBILITY
HIGHEST:    59 ON  2    GRTST 24HR  0.13 ON 22-23      TO 1/4 MILE OR LESS
LOWEST:    -11 ON 27                               3 = THUNDER
                        SNOW, ICE PELLETS, HAIL    4 = ICE PELLETS
                        TOTAL MONTH:    M          5 = HAIL
                        GRTST 24HR    M  ON   M    6 = FREEZING RAIN OR DRIZZLE
                        GRTST DEPTH:  M  ON   M    7 = DUSTSTORM OR SANDSTORM:
                                                       VSBY 1/2 MILE OR LESS
                                                   8 = SMOKE OR HAZE
[NO. OF DAYS WITH]      [WEATHER - DAYS WITH]      9 = BLOWING SNOW
                                                   X = TORNADO
MAX 32 OR BELOW:  15    0.01 INCH OR MORE:   0
MAX 90 OR ABOVE:   0    0.10 INCH OR MORE:   0
MIN 32 OR BELOW:  24    0.50 INCH OR MORE:   0
MIN  0 OR BELOW:   4    1.00 INCH OR MORE:   0

[HDD (BASE 65) ]
TOTAL THIS MO.  1081    CLEAR  (SCALE 0-3)   8
DPTR FM NORMAL   218    PTCLDY (SCALE 4-7)  11
TOTAL FM JUL 1  1704    CLOUDY (SCALE 8-10)  8
DPTR FM NORMAL   109

[CDD (BASE 65) ]
TOTAL THIS MO.     0
DPTR FM NORMAL     0    [PRESSURE DATA]
TOTAL FM JAN 1   675    HIGHEST SLP M ON M
DPTR FM NORMAL     6    LOWEST  SLP 29.42 ON 23

[REMARKS]




U.S. Dept. of Commerce
NOAA National Weather Service
1325 East West Highway
Silver Spring, MD 20910
E-mail: w-nws.webmaster@noaa.gov
Page last modified: May 16, 2007
NATIONAL WEATHER SERVICE: for Safety, for Work, for Fun - FOR LIFE